{"id":9960,"date":"2020-09-01T11:16:34","date_gmt":"2020-09-01T11:16:34","guid":{"rendered":"https:\/\/food-shop.org\/?product=herbaria-petit-chef-fuer-ratatouille-bio-feinschmecker-mediterran-75-g"},"modified":"2023-04-08T17:09:19","modified_gmt":"2023-04-08T17:09:19","slug":"herbaria-petit-chef-fuer-ratatouille-bio-feinschmecker-mediterran-75-g","status":"publish","type":"product","link":"https:\/\/food-shop.org\/?product=herbaria-petit-chef-fuer-ratatouille-bio-feinschmecker-mediterran-75-g","title":{"rendered":"Herbaria Petit Chef f\u00fcr Ratatouille, Bio Feinschmecker Mediterran, 75 g"},"content":{"rendered":"<div class=\"disclaim\"> Gr\u00f6\u00dfe:<strong>M-Dose<\/strong> <\/div>\n<p> <!-- show up to 2 reviews by default --> <\/p>\n<h3>Produktbeschreibung<\/h3>\n<\/p>\n<p>Bio-Feinschmecker Mediterran &#8211; Passt wunderbar zu Ratatouille, Gem\u00fcsesuppen, Eint\u00f6pfen und Nudelso\u00dfen, aber auch zu Fischfilet oder Fleisch. Kreiert von Spitzenkoch Konrad Geiger.<\/p>\n<p>Rezept f\u00fcr \u201ePaprika\u201c mit &#8222;Petit Chef&#8220; &#8211; Semmelkn\u00f6del mit Paprikarahmgulasch<br \/> von Hans Gerlach<br \/> Zutaten f\u00fcr 4 Personen:<br \/> F\u00fcr die Kn\u00f6del: 200 g trockene Semmeln oder Kn\u00f6delbrot vom B\u00e4cker,<br \/> 1 geh\u00e4ufter TL Der Hofb\u00e4ck, Sizilianisches Steinsalz aus der M\u00fchle,<br \/> 200 ml Milch, 1 Bund Petersilie, 1 Zwiebel, 2 EL Butter, 2 Eier (M), 1 TL Mehl<br \/> F\u00fcr das Paprikarahmgulasch: 4-5 Rote Paprika, 500 g Zwiebeln, 3 EL Raps\u00f6l,<br \/> 1 EL Paprika, edels\u00fc\u00df aus Ungarn, 2 EL Petit Chef, 200 g Cr\u00e8me fra\u00eeche<\/p>\n<p>Semmeln sehr klein w\u00fcrfeln. Mit Der Hofb\u00e4ck und einer Prise Steinsalz in eine Sch\u00fcssel geben. Zimmerwarme Milch dar\u00fcber giessen, zudecken, 30 Min. ziehen lassen. Petersilie hacken, Zwiebel klein w\u00fcrfeln, mit der Butter 3 Min. zugedeckt d\u00fcnsten. Mit Eiern, Mehl und Salz unter die Semmeln kneten. Die Kn\u00f6del formen und in einem gro\u00dfen Topf mit Wasser und Salz schwach siedend 15 Min. ziehen lassen.<br \/> Paprika in Streifen schneiden, Zwiebeln in Scheiben schneiden. Im \u00d6l 10 Min. anbraten. Paprika, edels\u00fc\u00df und Petit Chef zugeben und mit 200 ml Wasser abl\u00f6schen. Zugedeckt bei kleinster Hitze 40 Min. weich schmoren. Cr\u00e8me fra\u00eeche zugeben und mit den Kn\u00f6deln servieren.<br \/> (Zeit: 30 Min. \/ Ruhezeit: 30 Min. \/ Garzeit: ca. 1 Std.)<\/p>\n<p>Und ewig lockt der S\u00fcden<br \/> Die sinnlichen Gen\u00fcsse und die Lebensart in den Mittelmeerl\u00e4ndern haben uns im Norden schon immer magisch angezogen. Lassen Sie den S\u00fcden auch in Ihrer K\u00fcche aufleben: die lichtdurchfl utete Landschaft S\u00fcdfrankreichs mit der \u201eProven\u00e7alischen Wildbl\u00fctenmischung\u201c, den wilden Charme der Gebirgsinsel Korsika mit \u201eDuft der Macchia\u201c, den S\u00fcden Italiens mit \u201eNeptuns Traum\u201c und die aromatisch duftenden W\u00e4lder des Piemont mit \u201eTr\u00fcff elgl\u00fcck\u201c. Mit Lavendel- und Thymianbl\u00fcten, Myrten- und Olivenbl\u00e4ttern, schwarzen Oliven und Tomaten, Steinpilzen und Tr\u00fcffel schmecken Sie Urlaub auf der Zunge.<\/p>\n<\/p>\n<h3>Inhaltsstoffe \/ Zutaten<\/h3>\n<p>Steinsalz, Tomaten*, Paprika*, Thymian*, ger\u00f6stete Zwiebeln*, Petersilie*, schwarzer Pfeffer*, Rohrohrzucker*, Oregano*, Auberginen*, Knoblauch*. *Aus kontrolliert biologischem Anbau. Kann Spuren von Gluten, Erdn\u00fcssen, Mandeln, Sellerie, Senf und Sesam enthalten. <\/p>\n<div data-a-expander-name=\"toggle_description\" class=\"a-row a-expander-container a-expander-extend-container\">\n<div class=\"a-expander-content a-expander-extend-content\">\n<h3>Gebrauchsanweisung<\/h3>\n<p>\u201ePetit Chef\u201c w\u00e4hrend des Garens in das Gericht streuen. Beim Kurzbraten erst kurz vor Ende der Garzeit w\u00fcrzen. <\/p>\n<h3>Warnhinweise<\/h3>\n<p>Kann Spuren von Gluten, Erdn\u00fcssen, Mandeln, Sellerie, Senf und Sesam enthalten. <\/p>\n<h3>Anschrift Hersteller\/Importeur<\/h3>\n<p>Herbaria Kr\u00e4uterparadies GmbH Hagnbergstr. 12, 83730 Fischbachau <\/p>\n<\/p><\/div>\n<p> <a href=\"void(0)\" data-action=\"a-expander-toggle\" class=\"a-expander-header a-declarative a-expander-extend-header\" data-a-expander-toggle=\"{\"><i class=\"a-icon a-icon-extender-expand\"><\/i><span class=\"a-expander-prompt\">Weitere Informationen<\/span><\/a> <\/div>\n<p>Gew\u00fcrzzubereitung f\u00fcr Ratatouille, Gem\u00fcsesuppen, Eint\u00f6pfe &amp; Nudelso\u00dfe<br \/>\nHervorragend f\u00fcr die mediterrane K\u00fcche<br \/>\nPasst auch zu Fischfilet oder Fleisch<br \/>\n<div class=\"main-cross-sell\" data-asin=\"B0057CW01S\">\n\n\t<div class=\"WooZone-cross-sell-loader\">\n\t\t<div>\n\t\t\t<div id=\"floatingBarsG\">\n\t\t\t\t<div class=\"blockG\" id=\"rotateG_01\"><\/div>\n\t\t\t\t<div class=\"blockG\" id=\"rotateG_02\"><\/div>\n\t\t\t\t<div class=\"blockG\" id=\"rotateG_03\"><\/div>\n\t\t\t\t<div class=\"blockG\" id=\"rotateG_04\"><\/div>\n\t\t\t\t<div class=\"blockG\" id=\"rotateG_05\"><\/div>\n\t\t\t\t<div class=\"blockG\" id=\"rotateG_06\"><\/div>\n\t\t\t\t<div class=\"blockG\" id=\"rotateG_07\"><\/div>\n\t\t\t\t<div class=\"blockG\" id=\"rotateG_08\"><\/div>\n\t\t\t<\/div>\n\t\t\t<div class=\"WooZone-cross-sell-loader-text\"><\/div>\n\t\t<\/div>\n\t<\/div>\n\n\t\t\n<\/div>\n<div style=\"clear:both;\"><\/div>\n","protected":false},"excerpt":{"rendered":"Gew\u00fcrzzubereitung f\u00fcr Ratatouille, Gem\u00fcsesuppen, Eint\u00f6pfe &amp; Nudelso\u00dfe\nHervorragend f\u00fcr die mediterrane K\u00fcche\nPasst auch zu Fischfilet oder Fleisch","protected":false},"featured_media":9961,"comment_status":"open","ping_status":"closed","template":"","meta":[],"product_cat":[57,66],"product_tag":[],"_links":{"self":[{"href":"https:\/\/food-shop.org\/index.php?rest_route=\/wp\/v2\/product\/9960"}],"collection":[{"href":"https:\/\/food-shop.org\/index.php?rest_route=\/wp\/v2\/product"}],"about":[{"href":"https:\/\/food-shop.org\/index.php?rest_route=\/wp\/v2\/types\/product"}],"replies":[{"embeddable":true,"href":"https:\/\/food-shop.org\/index.php?rest_route=%2Fwp%2Fv2%2Fcomments&post=9960"}],"wp:featuredmedia":[{"embeddable":true,"href":"https:\/\/food-shop.org\/index.php?rest_route=\/wp\/v2\/media\/9961"}],"wp:attachment":[{"href":"https:\/\/food-shop.org\/index.php?rest_route=%2Fwp%2Fv2%2Fmedia&parent=9960"}],"wp:term":[{"taxonomy":"product_cat","embeddable":true,"href":"https:\/\/food-shop.org\/index.php?rest_route=%2Fwp%2Fv2%2Fproduct_cat&post=9960"},{"taxonomy":"product_tag","embeddable":true,"href":"https:\/\/food-shop.org\/index.php?rest_route=%2Fwp%2Fv2%2Fproduct_tag&post=9960"}],"curies":[{"name":"wp","href":"https:\/\/api.w.org\/{rel}","templated":true}]}}