{"id":9916,"date":"2020-09-01T11:16:14","date_gmt":"2020-09-01T11:16:14","guid":{"rendered":"https:\/\/food-shop.org\/?product=fuchs-curry-englisch-goldelefant-1-x-1-kg"},"modified":"2023-04-08T17:09:19","modified_gmt":"2023-04-08T17:09:19","slug":"fuchs-curry-englisch-goldelefant-1-x-1-kg","status":"publish","type":"product","link":"https:\/\/food-shop.org\/?product=fuchs-curry-englisch-goldelefant-1-x-1-kg","title":{"rendered":"Fuchs Curry englisch &#8222;Goldelefant&#8220; (1 x 1 kg)"},"content":{"rendered":"<p><!-- show up to 2 reviews by default --> <\/p>\n<h3>Produktbeschreibungen<\/h3>\n<\/p>\n<p>milde Currymischung<\/p>\n<p>Zutaten: Curcuma, Cumin, Coriander, Bockshornklee, Petersilie, Chillies, Knoblauch, Fenchel, Gew\u00fcrze<\/p>\n<hr>\n<p>Verwendung:<\/p>\n<p>Kr\u00e4ftig, pikante Gew\u00fcrzkomposition f\u00fcr alle exotischen Gerichte, z.B: mit Reis und H\u00fchnchen. Als Zutaten zu Currygerichten eignen sich Zwiebeln, Knoblauch, Lorbeer, Paprika und Pfeffer. <\/p>\n<p>Wissenswertes:<\/p>\n<p>Das dunkel-ockerfarbene Pulver gibt Reisgerichten, Fleisch oder Fisch eine milde Note. Jede indische Hausfrau mischt ihren Curry selbst nach eigenem Rezept. Die Mischung kann bis zu 36 Zutaten enthalten. <\/p>\n<\/p>\n<h3>Inhaltsstoffe \/ Zutaten<\/h3>\n<p>Zutaten: Curcuma, Cumin, Coriander, Bockshornklee, Petersilie, Chili, Knoblauch, Fenchel, Gew\u00fcrze. [Spuren: Sellerie, Senf] <\/p>\n<p>Curry &#8222;Goldelefant&#8220; von FUCHS eignet sich zum W\u00fcrzen von Reisgerichten, Fisch, Kalb oder Gefl\u00fcgel sowie hellen Saucen<br \/>\n<div class=\"main-cross-sell\" data-asin=\"B00JWQHHO0\">\n\n\t<div class=\"WooZone-cross-sell-loader\">\n\t\t<div>\n\t\t\t<div id=\"floatingBarsG\">\n\t\t\t\t<div class=\"blockG\" id=\"rotateG_01\"><\/div>\n\t\t\t\t<div class=\"blockG\" id=\"rotateG_02\"><\/div>\n\t\t\t\t<div class=\"blockG\" id=\"rotateG_03\"><\/div>\n\t\t\t\t<div class=\"blockG\" id=\"rotateG_04\"><\/div>\n\t\t\t\t<div class=\"blockG\" id=\"rotateG_05\"><\/div>\n\t\t\t\t<div class=\"blockG\" id=\"rotateG_06\"><\/div>\n\t\t\t\t<div class=\"blockG\" id=\"rotateG_07\"><\/div>\n\t\t\t\t<div class=\"blockG\" id=\"rotateG_08\"><\/div>\n\t\t\t<\/div>\n\t\t\t<div class=\"WooZone-cross-sell-loader-text\"><\/div>\n\t\t<\/div>\n\t<\/div>\n\n\t\t\n<\/div>\n<div style=\"clear:both;\"><\/div>\n","protected":false},"excerpt":{"rendered":"Curry \"Goldelefant\" von FUCHS eignet sich zum W\u00fcrzen von Reisgerichten, Fisch, Kalb oder Gefl\u00fcgel sowie hellen Saucen","protected":false},"featured_media":9917,"comment_status":"open","ping_status":"closed","template":"","meta":[],"product_cat":[57,66],"product_tag":[],"_links":{"self":[{"href":"https:\/\/food-shop.org\/index.php?rest_route=\/wp\/v2\/product\/9916"}],"collection":[{"href":"https:\/\/food-shop.org\/index.php?rest_route=\/wp\/v2\/product"}],"about":[{"href":"https:\/\/food-shop.org\/index.php?rest_route=\/wp\/v2\/types\/product"}],"replies":[{"embeddable":true,"href":"https:\/\/food-shop.org\/index.php?rest_route=%2Fwp%2Fv2%2Fcomments&post=9916"}],"wp:featuredmedia":[{"embeddable":true,"href":"https:\/\/food-shop.org\/index.php?rest_route=\/wp\/v2\/media\/9917"}],"wp:attachment":[{"href":"https:\/\/food-shop.org\/index.php?rest_route=%2Fwp%2Fv2%2Fmedia&parent=9916"}],"wp:term":[{"taxonomy":"product_cat","embeddable":true,"href":"https:\/\/food-shop.org\/index.php?rest_route=%2Fwp%2Fv2%2Fproduct_cat&post=9916"},{"taxonomy":"product_tag","embeddable":true,"href":"https:\/\/food-shop.org\/index.php?rest_route=%2Fwp%2Fv2%2Fproduct_tag&post=9916"}],"curies":[{"name":"wp","href":"https:\/\/api.w.org\/{rel}","templated":true}]}}