{"id":9857,"date":"2020-09-01T11:06:33","date_gmt":"2020-09-01T11:06:33","guid":{"rendered":"https:\/\/food-shop.org\/?product=ankerkraut-grill-set-6-gewuerze-gewuerze-fuer-maenner"},"modified":"2023-04-09T17:37:16","modified_gmt":"2023-04-09T17:37:16","slug":"ankerkraut-grill-set-6-gewuerze-gewuerze-fuer-maenner","status":"publish","type":"product","link":"https:\/\/food-shop.org\/?product=ankerkraut-grill-set-6-gewuerze-gewuerze-fuer-maenner","title":{"rendered":"Ankerkraut Grill Set 6 Gew\u00fcrze, das BBQ Starter-Set f\u00fcr leidenschaftliche Griller und Grillerinnen, Geschenke f\u00fcr M\u00e4nner\u2026"},"content":{"rendered":"<p><!-- show up to 2 reviews by default --> <\/p>\n<p>Das Ankerkraut Grillset kommt mit 6 unterschiedlichen Grillgew\u00fcrzen im Korkenglas. Hier ein kleiner Exkurs zum Inhalt: Magic Dust ist unser Geheimtipp bei den Rubs, sch\u00f6n w\u00fcrzig und etwas rauchig. Die Ankerkraut Gew\u00fcrzzubereitung &#8222;Patatas Bravas&#8220; r\u00fchrst du einfach nach Geschmack mit Quark und Mayonnaise an. Das Kr\u00e4uterbutter Gew\u00fcrz mixt Du unter die zimmerwarme Butter! Die Pfeffer Symphonie: Es gibt f\u00fcr uns alle aus dem Team einfach keine Alternative zu diesem exotischen Pfeffermix. Der Steakpfeffer Hamburg ist der perfekte Pfeffer f\u00fcr frisch gegrilltes oder gebratenes Fleisch. Unser &#8222;Allstar&#8220;, das Gew\u00fcrzsalz, passt zu fast allem, nicht nur zu Grillfleisch. <\/p>\n<p>Das perfekte Geschenk f\u00fcr den Profi-Griller: Papa, Mann, Opa und Onkel<br \/>\nEnthalten sind 6 Korkengl\u00e4ser: &#8222;Magic Dust&#8220;, &#8222;Patatas Bravas&#8220;, &#8222;Pfeffer Symphonie&#8220;, &#8222;Steakpfeffer Hamburg&#8220;, &#8222;Kr\u00e4uterbutter Gew\u00fcrz&#8220;, &#8222;Gew\u00fcrzsalz&#8220;<br \/>\nPreiswerter als die Gew\u00fcrze einzeln zu kaufen!<br \/>\nOhne Konservierungsstoffe, Geschmacksverst\u00e4rker und Rieselhilfen<br \/>\n<div class=\"main-cross-sell\" data-asin=\"B07VS48JXW\">\n\n\t<div class=\"WooZone-cross-sell-loader\">\n\t\t<div>\n\t\t\t<div id=\"floatingBarsG\">\n\t\t\t\t<div class=\"blockG\" id=\"rotateG_01\"><\/div>\n\t\t\t\t<div class=\"blockG\" id=\"rotateG_02\"><\/div>\n\t\t\t\t<div class=\"blockG\" id=\"rotateG_03\"><\/div>\n\t\t\t\t<div class=\"blockG\" id=\"rotateG_04\"><\/div>\n\t\t\t\t<div class=\"blockG\" id=\"rotateG_05\"><\/div>\n\t\t\t\t<div class=\"blockG\" id=\"rotateG_06\"><\/div>\n\t\t\t\t<div class=\"blockG\" id=\"rotateG_07\"><\/div>\n\t\t\t\t<div class=\"blockG\" id=\"rotateG_08\"><\/div>\n\t\t\t<\/div>\n\t\t\t<div class=\"WooZone-cross-sell-loader-text\"><\/div>\n\t\t<\/div>\n\t<\/div>\n\n\t\t\n<\/div>\n<div style=\"clear:both;\"><\/div>\n","protected":false},"excerpt":{"rendered":"Das perfekte Geschenk f\u00fcr den Profi-Griller: Papa, Mann, Opa und Onkel\nEnthalten sind 6 Korkengl\u00e4ser: \"Magic Dust\", \"Patatas Bravas\", \"Pfeffer Symphonie\", \"Steakpfeffer Hamburg\", \"Kr\u00e4uterbutter Gew\u00fcrz\", \"Gew\u00fcrzsalz\"\nPreiswerter als die Gew\u00fcrze einzeln zu kaufen!","protected":false},"featured_media":9858,"comment_status":"open","ping_status":"closed","template":"","meta":[],"product_cat":[57,66],"product_tag":[],"_links":{"self":[{"href":"https:\/\/food-shop.org\/index.php?rest_route=\/wp\/v2\/product\/9857"}],"collection":[{"href":"https:\/\/food-shop.org\/index.php?rest_route=\/wp\/v2\/product"}],"about":[{"href":"https:\/\/food-shop.org\/index.php?rest_route=\/wp\/v2\/types\/product"}],"replies":[{"embeddable":true,"href":"https:\/\/food-shop.org\/index.php?rest_route=%2Fwp%2Fv2%2Fcomments&post=9857"}],"wp:featuredmedia":[{"embeddable":true,"href":"https:\/\/food-shop.org\/index.php?rest_route=\/wp\/v2\/media\/9858"}],"wp:attachment":[{"href":"https:\/\/food-shop.org\/index.php?rest_route=%2Fwp%2Fv2%2Fmedia&parent=9857"}],"wp:term":[{"taxonomy":"product_cat","embeddable":true,"href":"https:\/\/food-shop.org\/index.php?rest_route=%2Fwp%2Fv2%2Fproduct_cat&post=9857"},{"taxonomy":"product_tag","embeddable":true,"href":"https:\/\/food-shop.org\/index.php?rest_route=%2Fwp%2Fv2%2Fproduct_tag&post=9857"}],"curies":[{"name":"wp","href":"https:\/\/api.w.org\/{rel}","templated":true}]}}