{"id":9833,"date":"2020-09-01T11:06:24","date_gmt":"2020-09-01T11:06:24","guid":{"rendered":"https:\/\/food-shop.org\/?product=azafran-chakalaka-gewuerz-gewuerzmischung-fuer-einen-afrikanischen-dip-sauce-250g"},"modified":"2023-04-09T17:37:16","modified_gmt":"2023-04-09T17:37:16","slug":"azafran-chakalaka-gewuerz-gewuerzmischung-fuer-einen-afrikanischen-dip-sauce-250g","status":"publish","type":"product","link":"https:\/\/food-shop.org\/?product=azafran-chakalaka-gewuerz-gewuerzmischung-fuer-einen-afrikanischen-dip-sauce-250g","title":{"rendered":"Azafran Chakalaka Gew\u00fcrz \/ Gew\u00fcrzzubereitung \/ Gew\u00fcrzmischung f\u00fcr einen afrikanischen Dip \/ Sauce 250g"},"content":{"rendered":"<div class=\"disclaim\"> Gr\u00f6\u00dfe:<strong>250 g<\/strong> <\/div>\n<p> <!-- show up to 2 reviews by default --> <\/p>\n<h3>Produktbeschreibungen<\/h3>\n<\/p>\n<p><b>Chakalaka Gew\u00fcrz Gew\u00fcrzmischung<\/b> &#8211; Diese Gew\u00fcrzmischung eignet sich besonders zum Grillen, Dippen und W\u00fcrzen von Steaks, Gem\u00fcse oder Fisch. Die Mischung hat ein authentisch scharfes Aroma.<\/p>\n<p>Verwendung: 1-2 EL Gew\u00fcrzmischung in 150-200g Ketchup, Creme Fraiche, Sauerrahm oder Frischk\u00e4se einr\u00fchren.<\/p>\n<\/p>\n<h3>Inhaltsstoffe \/ Zutaten<\/h3>\n<p>Zutaten: Gew\u00fcrze (Zwiebel, Paprika, Chili, Tomaten, Koriander, Kurkuma, Knoblauch, ger\u00e4ucherter Paprika (Paprika, Rauch), Karotten, Ingwer, Bockshornkleesaat, Petersilie, Porree, Kreuzk\u00fcmmel, Pfeffer, Pastinaken, SELLERIE, Zimt, Piment, Kardamom, Chilis, Nelken, K\u00fcmmel), Meersalz (14%), Rohrohrzucker (5%) <\/p>\n<div data-a-expander-name=\"toggle_description\" class=\"a-row a-expander-container a-expander-extend-container\">\n<div class=\"a-expander-content a-expander-extend-content\">\n<h3>Gebrauchsanweisung<\/h3>\n<p>Verwendung: 1-2 EL Gew\u00fcrzmischung in 150-200g Ketchup, Creme Fraiche, Sauerrahm oder Frischk\u00e4se einr\u00fchren.Kann Spuren von SENF, SELLERIE, SESAM und N\u00dcSSEN enthalten. <\/p>\n<\/p><\/div>\n<p> <a href=\"void(0)\" data-action=\"a-expander-toggle\" class=\"a-expander-header a-declarative a-expander-extend-header\" data-a-expander-toggle=\"{\"><i class=\"a-icon a-icon-extender-expand\"><\/i><span class=\"a-expander-prompt\">Weitere Informationen<\/span><\/a> <\/div>\n<p>Chakalaka Gew\u00fcrz \/ Gew\u00fcrzmischung 250g zur Herstellung einer Orginal Dip \/ So\u00dfe aus Afrika<br \/>\nPremium Qualit\u00e4t &#8211; Diese Gew\u00fcrzmischung eignet sich besonders zum Grillen, Dippen und W\u00fcrzen von Steaks, Gem\u00fcse oder Fisch. Die Mischung hat ein authentisch scharfes Aroma.<br \/>\nIm wiederverschlie\u00dfbaren Aromabeutel verpackt! Ohne Zusatz von Geschmacksverst\u00e4rkern und k\u00fcnstlichen Aromen. Vegan<br \/>\nZutaten: Gew\u00fcrze (Zwiebel, Paprika, Chili, Tomaten, Koriander, Kurkuma, Knoblauch, ger\u00e4ucherter Paprika (Paprika, Rauch), Karotten, Ingwer, Bockshornkleesaat, Petersilie, Porree, Kreuzk\u00fcmmel, Pfeffer, Pastinaken, SELLERIE, Zimt, Piment, Kardamom, Chilis, Nelken, K\u00fcmmel), Meersalz (14%), Rohrohrzucker (5%)<br \/>\n<div class=\"main-cross-sell\" data-asin=\"B088BDBX8Y\">\n\n\t<div class=\"WooZone-cross-sell-loader\">\n\t\t<div>\n\t\t\t<div id=\"floatingBarsG\">\n\t\t\t\t<div class=\"blockG\" id=\"rotateG_01\"><\/div>\n\t\t\t\t<div class=\"blockG\" id=\"rotateG_02\"><\/div>\n\t\t\t\t<div class=\"blockG\" id=\"rotateG_03\"><\/div>\n\t\t\t\t<div class=\"blockG\" id=\"rotateG_04\"><\/div>\n\t\t\t\t<div class=\"blockG\" id=\"rotateG_05\"><\/div>\n\t\t\t\t<div class=\"blockG\" id=\"rotateG_06\"><\/div>\n\t\t\t\t<div class=\"blockG\" id=\"rotateG_07\"><\/div>\n\t\t\t\t<div class=\"blockG\" id=\"rotateG_08\"><\/div>\n\t\t\t<\/div>\n\t\t\t<div class=\"WooZone-cross-sell-loader-text\"><\/div>\n\t\t<\/div>\n\t<\/div>\n\n\t\t\n<\/div>\n<div style=\"clear:both;\"><\/div>\n","protected":false},"excerpt":{"rendered":"Chakalaka Gew\u00fcrz \/ Gew\u00fcrzmischung 250g zur Herstellung einer Orginal Dip \/ So\u00dfe aus Afrika\nPremium Qualit\u00e4t - Diese Gew\u00fcrzmischung eignet sich besonders zum Grillen, Dippen und W\u00fcrzen von Steaks, Gem\u00fcse oder Fisch. Die Mischung hat ein authentisch scharfes Aroma.\nIm wiederverschlie\u00dfbaren Aromabeutel verpackt! Ohne Zusatz von Geschmacksverst\u00e4rkern und k\u00fcnstlichen Aromen. Vegan","protected":false},"featured_media":9834,"comment_status":"open","ping_status":"closed","template":"","meta":[],"product_cat":[57,66],"product_tag":[],"_links":{"self":[{"href":"https:\/\/food-shop.org\/index.php?rest_route=\/wp\/v2\/product\/9833"}],"collection":[{"href":"https:\/\/food-shop.org\/index.php?rest_route=\/wp\/v2\/product"}],"about":[{"href":"https:\/\/food-shop.org\/index.php?rest_route=\/wp\/v2\/types\/product"}],"replies":[{"embeddable":true,"href":"https:\/\/food-shop.org\/index.php?rest_route=%2Fwp%2Fv2%2Fcomments&post=9833"}],"wp:featuredmedia":[{"embeddable":true,"href":"https:\/\/food-shop.org\/index.php?rest_route=\/wp\/v2\/media\/9834"}],"wp:attachment":[{"href":"https:\/\/food-shop.org\/index.php?rest_route=%2Fwp%2Fv2%2Fmedia&parent=9833"}],"wp:term":[{"taxonomy":"product_cat","embeddable":true,"href":"https:\/\/food-shop.org\/index.php?rest_route=%2Fwp%2Fv2%2Fproduct_cat&post=9833"},{"taxonomy":"product_tag","embeddable":true,"href":"https:\/\/food-shop.org\/index.php?rest_route=%2Fwp%2Fv2%2Fproduct_tag&post=9833"}],"curies":[{"name":"wp","href":"https:\/\/api.w.org\/{rel}","templated":true}]}}