{"id":9817,"date":"2020-09-01T11:06:15","date_gmt":"2020-09-01T11:06:15","guid":{"rendered":"https:\/\/food-shop.org\/?product=ostmann-gewuerze-chrom-gewuerzregal-gefuellt-mit-21-gewuerzdosen-1500-g"},"modified":"2023-04-09T17:37:16","modified_gmt":"2023-04-09T17:37:16","slug":"ostmann-gewuerze-chrom-gewuerzregal-gefuellt-mit-21-gewuerzdosen-1500-g","status":"publish","type":"product","link":"https:\/\/food-shop.org\/?product=ostmann-gewuerze-chrom-gewuerzregal-gefuellt-mit-21-gewuerzdosen-1500-g","title":{"rendered":"Ostmann Gew\u00fcrze Chrom-Gew\u00fcrzregal gef\u00fcllt mit 21 Gew\u00fcrzdosen, 1500 g"},"content":{"rendered":"<div class=\"disclaim\"> Stil:<strong>Regal (Ras El Hanout und R\u00fchrei)<\/strong> <\/div>\n<p> <!-- show up to 2 reviews by default --> <\/p>\n<h3>Produktbeschreibung<\/h3>\n<p>Chrom-gew\u00fcrzregal (Ma\u00dfe: L\u00e4nge: 38, 5 cm, Breite: 33 cm, Tiefe: 5 cm) gef\u00fcllt mit 21 schmuckdosen; \u00bb Gewicht: 1, 5 kg; \u00bb Inhalt: Basilikum gerebelt, Cayenne-Pfeffer gemahlen, Chili mild, Dillspitzen, Ingwer gemahlen, Knoblauch granuliert, Koriander gemahlen, Kurkuma gemahlen, Majoran gerebelt, Meersalz fein, Muskatnuss gemahlen, Paprika edel s\u00fc\u00df, Paprika rosenscharf, Pfeffer schwarz gemahlen, Pfeffer wei\u00df gemahlen, Pommes Gew\u00fcrz Salz, Ras EL Hanout (Koriander, Kurkuma, Knoblauch, Ingwer, Bockshornklee, Kreuzk\u00fcmmel, Fenchel, Pfefferminze, Chili), R\u00fchrei Gew\u00fcrz Salz klassisch (Speisesalz, Zwiebeln, Petersilie, Schnittlauch, Muskatnuss, Pfeffer, Gew\u00fcrze, Zitronen Frucht Pulver (Zitronensaft, Maltodextrine), Raps\u00f6l), Rosmarin geschnitten, Thymian gerebelt, Zimt gemahlen.\u00bb Aufbewahrung: trocken lagern und bei Umgebungstemperatur aufbewahren; \u00bb HINWEIS: Schrauben sind nicht in der Lieferung enthalten <\/p>\n<h3>Inhaltsstoffe \/ Zutaten<\/h3>\n<p>Basilikum gerebelt, Cayenne-Pfeffer gemahlen, Chili mild, Dillspitzen, Ingwer gemahlen, Knoblauch granuliert, Koriander gemahlen, Kurkuma gemahlen, Majoran gerebelt, Meersalz fein, Muskatnuss gemahlen, Paprika edel s\u00fc\u00df, Paprika rosenscharf, Pfeffer schwarz gemahlen, Pfeffer wei\u00df gemahlen, Pommes Gew\u00fcrz Salz, Ras EL Hanout (Koriander, Kurkuma, Knoblauch, Ingwer, Bockshornklee, Kreuzk\u00fcmmel, Fenchel, Pfefferminze, Chili), R\u00fchrei Gew\u00fcrz Salz klassisch (Speisesalz, Zwiebeln, Petersilie, Schnittlauch, Muskatnuss, Pfeffer, Gew\u00fcrze, Zitronen Frucht Pulver (Zitronensaft, Maltodextrine), Raps\u00f6l), Rosmarin geschnitten, Thymian gerebelt, Zimt gemahlen <\/p>\n<div data-a-expander-name=\"toggle_description\" class=\"a-row a-expander-container a-expander-extend-container\">\n<div class=\"a-expander-content a-expander-extend-content\">\n<h3>Gebrauchsanweisung<\/h3>\n<p>Produkt bitte trocken und dunkel lagern <\/p>\n<h3>Warnhinweise<\/h3>\n<p>Lichtgesch\u00fctzte Aufbewahrung <\/p>\n<\/p><\/div>\n<p> <a href=\"void(0)\" data-action=\"a-expander-toggle\" class=\"a-expander-header a-declarative a-expander-extend-header\" data-a-expander-toggle=\"{\"><i class=\"a-icon a-icon-extender-expand\"><\/i><span class=\"a-expander-prompt\">Weitere Informationen<\/span><\/a> <\/div>\n<p>Neu! Mit unseren beliebten Bestsellern Ras EL Hanout und R\u00fchrei Gew\u00fcrzsalz klassisch<br \/>\nGrundausstattung: das robuste Gew\u00fcrzregal ist gef\u00fcllt mit den wichtigsten Essensverfeinerern, die in keiner K\u00fcche fehlen d\u00fcrfen<br \/>\nFacettenreich: unter den 21 Gew\u00fcrz Dosen ist von Basilikum und Kurkuma bis hin zu gemahlenem Pfeffer alles mit dabei<br \/>\nHandlich: verteilt auf 3 Etagen finden bis zu 21 Gew\u00fcrz Dosen Ihren Platz und werden einfach platzsparend im K\u00dcCHENSCHRANK montiert<br \/>\nOstmann ist der praktische Helfer im bewegten Alltag. Wir unterst\u00fctzen bei der schnellen und unkomplizierten Zubereitung von Gerichten \u2013 damit das Essen stets gelingt<br \/>\n<div class=\"main-cross-sell\" data-asin=\"B08BZCMCVS\">\n\n\t<div class=\"WooZone-cross-sell-loader\">\n\t\t<div>\n\t\t\t<div id=\"floatingBarsG\">\n\t\t\t\t<div class=\"blockG\" id=\"rotateG_01\"><\/div>\n\t\t\t\t<div class=\"blockG\" id=\"rotateG_02\"><\/div>\n\t\t\t\t<div class=\"blockG\" id=\"rotateG_03\"><\/div>\n\t\t\t\t<div class=\"blockG\" id=\"rotateG_04\"><\/div>\n\t\t\t\t<div class=\"blockG\" id=\"rotateG_05\"><\/div>\n\t\t\t\t<div class=\"blockG\" id=\"rotateG_06\"><\/div>\n\t\t\t\t<div class=\"blockG\" id=\"rotateG_07\"><\/div>\n\t\t\t\t<div class=\"blockG\" id=\"rotateG_08\"><\/div>\n\t\t\t<\/div>\n\t\t\t<div class=\"WooZone-cross-sell-loader-text\"><\/div>\n\t\t<\/div>\n\t<\/div>\n\n\t\t\n<\/div>\n<div style=\"clear:both;\"><\/div>\n","protected":false},"excerpt":{"rendered":"Neu! Mit unseren beliebten Bestsellern Ras EL Hanout und R\u00fchrei Gew\u00fcrzsalz klassisch\nGrundausstattung: das robuste Gew\u00fcrzregal ist gef\u00fcllt mit den wichtigsten Essensverfeinerern, die in keiner K\u00fcche fehlen d\u00fcrfen\nFacettenreich: unter den 21 Gew\u00fcrz Dosen ist von Basilikum und Kurkuma bis hin zu gemahlenem Pfeffer alles mit dabei","protected":false},"featured_media":9818,"comment_status":"open","ping_status":"closed","template":"","meta":[],"product_cat":[57,66],"product_tag":[],"_links":{"self":[{"href":"https:\/\/food-shop.org\/index.php?rest_route=\/wp\/v2\/product\/9817"}],"collection":[{"href":"https:\/\/food-shop.org\/index.php?rest_route=\/wp\/v2\/product"}],"about":[{"href":"https:\/\/food-shop.org\/index.php?rest_route=\/wp\/v2\/types\/product"}],"replies":[{"embeddable":true,"href":"https:\/\/food-shop.org\/index.php?rest_route=%2Fwp%2Fv2%2Fcomments&post=9817"}],"wp:featuredmedia":[{"embeddable":true,"href":"https:\/\/food-shop.org\/index.php?rest_route=\/wp\/v2\/media\/9818"}],"wp:attachment":[{"href":"https:\/\/food-shop.org\/index.php?rest_route=%2Fwp%2Fv2%2Fmedia&parent=9817"}],"wp:term":[{"taxonomy":"product_cat","embeddable":true,"href":"https:\/\/food-shop.org\/index.php?rest_route=%2Fwp%2Fv2%2Fproduct_cat&post=9817"},{"taxonomy":"product_tag","embeddable":true,"href":"https:\/\/food-shop.org\/index.php?rest_route=%2Fwp%2Fv2%2Fproduct_tag&post=9817"}],"curies":[{"name":"wp","href":"https:\/\/api.w.org\/{rel}","templated":true}]}}