{"id":9673,"date":"2020-09-01T10:58:15","date_gmt":"2020-09-01T10:58:15","guid":{"rendered":"https:\/\/food-shop.org\/?product=geschenkkorb-bio-deluxe"},"modified":"2023-04-09T17:37:14","modified_gmt":"2023-04-09T17:37:14","slug":"geschenkkorb-bio-deluxe","status":"publish","type":"product","link":"https:\/\/food-shop.org\/?product=geschenkkorb-bio-deluxe","title":{"rendered":"Geschenkkorb BIO DELUXE von Bio Rinatura"},"content":{"rendered":"<p><!-- show up to 2 reviews by default --> <\/p>\n<h3>Produktbeschreibungen<\/h3>\n<p>Unser Bio-Geschenkkorb der Luxusklasse l\u00e4sst keine W\u00fcnsche offen! Genie\u00dfen Sie: 100g Dinkelwaffeln 125g Gem\u00fcse Sandwich-Creme 125g Kr\u00e4uter Sandwich-Creme 125g getrocknete Tomaten Sandwich-Creme 200g Gel\u00e9e Royale in Bl\u00fctenhonig 100g getrocknete Cranberries 175g Honigwaffeln 125g Zwiebelschmalz 130ml Kokos\u00f6l 400ml Kokosnussmilch, fettreduziert 500g Basis-M\u00fcsli ohne Rosinen 500g Dinkel 0,5l Walnuss-\u00d6l 150g Vollkorn-Haselnuss-Kekse 250g Weizenkleie 150g Dinkel-Bratlinge (Mischung f\u00fcr 6-8 Bratlinge) 500g Vollkorn-Spaghetti 1 Spaghettima\u00df 150g Spinat-Bratlinge (Mischung f\u00fcr 6-8 Bratlinge) und 125g Grissini Tomate und Oregano Bitte beachten Sie, dass unser Team alle Geschenkk\u00f6rbe immer frisch und auftragsbezogen f\u00fcr Sie in Handarbeit liebevoll zusammenstellt. Selbstverst\u00e4ndlich sch\u00fctzen wir empfindliche Teile und sorgen daf\u00fcr, dass alle Waren unverletzt ankommen. Abweichend zu der Abbildung k\u00f6nnen daher Artikel zus\u00e4tzlich mit Polstermaterialen ummantelt und verpackt sein und bruchsicher im Korb eingelegt werden. In Ausnahmef\u00e4llen k\u00f6nnen nicht verf\u00fcgbare Einzelartikel durch garantiert gleich- oder hochwertigere Produkte ersetzt werden. <\/p>\n<h3>Inhaltsstoffe \/ Zutaten<\/h3>\n<p>Dinkel-Waffeln: Zutaten: gepuffter DINKEL* (*= aus kontrolliert \u00f6kologischem Anbau) Durchschnittliche N\u00e4hrwerte 100g: Energie (kJ)1566, Energie (kcal)374, Fett (g)2,1, ges\u00e4ttigte Fetts\u00e4uren (g)1,3, Kohlenhydrate (g)69, Zucker (g)0,5, Eiwei\u00df (g)15, Salz (g)0,01 Gem\u00fcse Sandwich-Creme: Zutaten: Wasser, Palmkernfett*, Paprika* (8%), Reismehl*, N\u00e4hrhefe*, Zwiebeln* (3%), Kartoffelst\u00e4rke*, Sonnenblumen\u00f6l*, Tomatenmark*, Rohrzucker*, Gew\u00fcrze*, Zitronensaft*, Meersalz, Verdickungsmittel: Johannisbrotkernmehl* (* =aus kontrolliert \u00f6kologischem Anbau) Durchschnittliche N\u00e4hrwerte 100g: Energie (kJ)924, Energie (kcal)223, Fett (g)19, ges\u00e4ttigte Fetts\u00e4uren (g)13, Kohlenhydrate (g)10, Zucker (g)2,6, Eiwei\u00df (g)3, Salz (g)1,1 Kr\u00e4uter Sandwich-Creme: Zutaten: Wasser, Palmkernfett*, Reismehl*, Paprika*, N\u00e4hrhefe*, Zwiebeln*, Sonnenblumen\u00f6l*, Kartoffelst\u00e4rke*, Palm\u00f6l*, Tomatenmark*, Zwiebelpulver*, Pastinaken*, Karotten*, Hefeextrakt*, Meersalz, Kr\u00e4uter* (1%), Gew\u00fcrze*, Rohrzucker*, Zitronensaft*, Verdickungsmittel Durchschnittliche N\u00e4hrwerte 100g: Energie (kJ)987, Energie (kcal) 238, Fett (g) 20, ges\u00e4ttigte Fetts\u00e4uren (g) 13, Kohlenhydrate (g) 12, Zucker (g) 2,9, Eiwei\u00df (g) 3,1, Salz (g) 1,6 Getrocknete Tomaten Sandwich Creme: Zutaten: Wasser, Palmkernfett*, Tomaten* (8%), Reismehl*, Zwiebeln*, N\u00e4hrhefe*, Tomatenmark* (3%), getrocknete Tomaten* (2%), Sonnenblumen\u00f6l*, Palm\u00f6l*, Kartoffelst\u00e4rke*, Kr\u00e4uter*, Gew\u00fcrze*, Hefeextrakt*, Rohrzucker*, Meersalz, Verdickungsmittel: Johannisbrotkernmehl D <\/p>\n<p>Exklusiv von Gourvita<br \/>\nGrandioses Geschenk<br \/>\nLiebevoll gepackt<br \/>\nF\u00fcr Liebhaber der ausgewogenen Ern\u00e4hrung<br \/>\nalles aus kontrolliert \u00f6kologischem Anbau<br \/>\n<div class=\"main-cross-sell\" data-asin=\"B015G0HG8M\">\n\n\t<div class=\"WooZone-cross-sell-loader\">\n\t\t<div>\n\t\t\t<div id=\"floatingBarsG\">\n\t\t\t\t<div class=\"blockG\" id=\"rotateG_01\"><\/div>\n\t\t\t\t<div class=\"blockG\" id=\"rotateG_02\"><\/div>\n\t\t\t\t<div class=\"blockG\" id=\"rotateG_03\"><\/div>\n\t\t\t\t<div class=\"blockG\" id=\"rotateG_04\"><\/div>\n\t\t\t\t<div class=\"blockG\" id=\"rotateG_05\"><\/div>\n\t\t\t\t<div class=\"blockG\" id=\"rotateG_06\"><\/div>\n\t\t\t\t<div class=\"blockG\" id=\"rotateG_07\"><\/div>\n\t\t\t\t<div class=\"blockG\" id=\"rotateG_08\"><\/div>\n\t\t\t<\/div>\n\t\t\t<div class=\"WooZone-cross-sell-loader-text\"><\/div>\n\t\t<\/div>\n\t<\/div>\n\n\t\t\n<\/div>\n<div style=\"clear:both;\"><\/div>\n","protected":false},"excerpt":{"rendered":"Exklusiv von Gourvita\nGrandioses Geschenk\nLiebevoll gepackt","protected":false},"featured_media":9674,"comment_status":"open","ping_status":"closed","template":"","meta":[],"product_cat":[62],"product_tag":[],"_links":{"self":[{"href":"https:\/\/food-shop.org\/index.php?rest_route=\/wp\/v2\/product\/9673"}],"collection":[{"href":"https:\/\/food-shop.org\/index.php?rest_route=\/wp\/v2\/product"}],"about":[{"href":"https:\/\/food-shop.org\/index.php?rest_route=\/wp\/v2\/types\/product"}],"replies":[{"embeddable":true,"href":"https:\/\/food-shop.org\/index.php?rest_route=%2Fwp%2Fv2%2Fcomments&post=9673"}],"wp:featuredmedia":[{"embeddable":true,"href":"https:\/\/food-shop.org\/index.php?rest_route=\/wp\/v2\/media\/9674"}],"wp:attachment":[{"href":"https:\/\/food-shop.org\/index.php?rest_route=%2Fwp%2Fv2%2Fmedia&parent=9673"}],"wp:term":[{"taxonomy":"product_cat","embeddable":true,"href":"https:\/\/food-shop.org\/index.php?rest_route=%2Fwp%2Fv2%2Fproduct_cat&post=9673"},{"taxonomy":"product_tag","embeddable":true,"href":"https:\/\/food-shop.org\/index.php?rest_route=%2Fwp%2Fv2%2Fproduct_tag&post=9673"}],"curies":[{"name":"wp","href":"https:\/\/api.w.org\/{rel}","templated":true}]}}