{"id":9595,"date":"2020-09-01T10:42:58","date_gmt":"2020-09-01T10:42:58","guid":{"rendered":"https:\/\/food-shop.org\/?product=schwarzwald-art-adler-praesentkorb-geschenkkorb-alles-fuer-den-mann"},"modified":"2023-04-09T17:37:13","modified_gmt":"2023-04-09T17:37:13","slug":"schwarzwald-art-adler-praesentkorb-geschenkkorb-alles-fuer-den-mann","status":"publish","type":"product","link":"https:\/\/food-shop.org\/?product=schwarzwald-art-adler-praesentkorb-geschenkkorb-alles-fuer-den-mann","title":{"rendered":"Schwarzwald Art Adler Pr\u00e4sentkorb Geschenkkorb &#8211; Alles f\u00fcr den Mann"},"content":{"rendered":"<p><!-- show up to 2 reviews by default --> <\/p>\n<h3>Produktbeschreibungen<\/h3>\n<p>Reichlich Auswahl an Essen &amp; Trinken nach Schwarzw\u00e4lder Art, inkl. Brettchen und Einhand-Messer \/ Taschenmesser! Weidenkorb mit roter Textileinlage, gef\u00fcllt mit: Schwarzw\u00e4lder Schinken, 500g Schwarzw\u00e4lder Schmalseite, 400g Bergkr\u00e4uterschinken, 400g Karreeschinken, 400 g Gourmet-Landj\u00e4ger, 2 Paar, 160g Gourmet-Landj\u00e4ger, 1 Paar, 80g Ringsalami, 400g Pumpernickel Party-Rounds, 250g Preiselbeer Leberwurst140g Sp\u00e4tburgunder Rotwein, &#8222;Alde Gott&#8220;, 0,75l, Schwarzw\u00e4lder Kirschwasser 0,1l, Obstbrand 0,1l, Apfelgriebenschmalz 140g 4 Flaschen Zannenz\u00e4pfle Pils, 0,33l Erlenbrett 23 x 13cm Qualit\u00e4ts-Klappmesser von Herbertz, Korb: H\u00f6he ca. 380mm, Durchmesser ca. 380mm <\/p>\n<h3>Inhaltsstoffe \/ Zutaten<\/h3>\n<p>siehe Produktblatt bei den Bildern! <\/p>\n<div data-a-expander-name=\"toggle_description\" class=\"a-row a-expander-container a-expander-extend-container\">\n<div class=\"a-expander-content a-expander-extend-content\">\n<h3>Rechtliche Hinweise<\/h3>\n<p>Die Europ\u00e4ische Kommission stellt eine Plattform zur Online-Streitbeilegung (OS) bereit, die Sie hier finden http:\/\/ec.europa.eu\/consumers\/odr\/. Verbraucher haben die M\u00f6glichkeit, diese Plattform f\u00fcr die Beilegung ihrer Streitigkeiten zu nutzen <\/p>\n<\/p><\/div>\n<p> <a href=\"void(0)\" data-action=\"a-expander-toggle\" class=\"a-expander-header a-declarative a-expander-extend-header\" data-a-expander-toggle=\"{\"><i class=\"a-icon a-icon-extender-expand\"><\/i><span class=\"a-expander-prompt\">Weitere Informationen<\/span><\/a> <\/div>\n<p>Reichlich Auswahl an Essen &amp; Trinken nach Schwarzw\u00e4lder Art, inkl. Brettchen und Einhand-Messer \/ Taschenmesser! Weidenkorb mit roter Textileinlage, gef\u00fcllt mit:<br \/>\n&#8222;Adler&#8220; Schwarzw\u00e4lder Schinken 500g, Schmalseite (Speck) 400g, Bergkr\u00e4uterschinken 400g, Karreeschinken 400g, Gourmet-Landj\u00e4ger 1Paar und 2Paar<br \/>\nfranz\u00f6sische Ringsalami 400g, Pumpernickel Party-Rounds 250g, Apfelgriebenschmalz 140g<br \/>\nSp\u00e4tburgunder Rotwein, &#8222;Alde Gott&#8220;, 0,75l, Obstbrand 0,1l, Schwarzw\u00e4lder Kirschwasser, 0,1l, 4 Flaschen Rothaus Zannenz\u00e4pfle Pils, 0,33l<br \/>\nErlenbrett 23 x 13cm, Qualit\u00e4ts-Klappmesser von Herbertz, Korb: H\u00f6he ca. 380mm, Durchmesser ca. 380mm<br \/>\n<div class=\"main-cross-sell\" data-asin=\"B01M7PU102\">\n\n\t<div class=\"WooZone-cross-sell-loader\">\n\t\t<div>\n\t\t\t<div id=\"floatingBarsG\">\n\t\t\t\t<div class=\"blockG\" id=\"rotateG_01\"><\/div>\n\t\t\t\t<div class=\"blockG\" id=\"rotateG_02\"><\/div>\n\t\t\t\t<div class=\"blockG\" id=\"rotateG_03\"><\/div>\n\t\t\t\t<div class=\"blockG\" id=\"rotateG_04\"><\/div>\n\t\t\t\t<div class=\"blockG\" id=\"rotateG_05\"><\/div>\n\t\t\t\t<div class=\"blockG\" id=\"rotateG_06\"><\/div>\n\t\t\t\t<div class=\"blockG\" id=\"rotateG_07\"><\/div>\n\t\t\t\t<div class=\"blockG\" id=\"rotateG_08\"><\/div>\n\t\t\t<\/div>\n\t\t\t<div class=\"WooZone-cross-sell-loader-text\"><\/div>\n\t\t<\/div>\n\t<\/div>\n\n\t\t\n<\/div>\n<div style=\"clear:both;\"><\/div>\n","protected":false},"excerpt":{"rendered":"Reichlich Auswahl an Essen &amp; Trinken nach Schwarzw\u00e4lder Art, inkl. Brettchen und Einhand-Messer \/ Taschenmesser! Weidenkorb mit roter Textileinlage, gef\u00fcllt mit:\n\"Adler\" Schwarzw\u00e4lder Schinken 500g, Schmalseite (Speck) 400g, Bergkr\u00e4uterschinken 400g, Karreeschinken 400g, Gourmet-Landj\u00e4ger 1Paar und 2Paar\nfranz\u00f6sische Ringsalami 400g, Pumpernickel Party-Rounds 250g, Apfelgriebenschmalz 140g","protected":false},"featured_media":9596,"comment_status":"open","ping_status":"closed","template":"","meta":[],"product_cat":[62],"product_tag":[],"_links":{"self":[{"href":"https:\/\/food-shop.org\/index.php?rest_route=\/wp\/v2\/product\/9595"}],"collection":[{"href":"https:\/\/food-shop.org\/index.php?rest_route=\/wp\/v2\/product"}],"about":[{"href":"https:\/\/food-shop.org\/index.php?rest_route=\/wp\/v2\/types\/product"}],"replies":[{"embeddable":true,"href":"https:\/\/food-shop.org\/index.php?rest_route=%2Fwp%2Fv2%2Fcomments&post=9595"}],"wp:featuredmedia":[{"embeddable":true,"href":"https:\/\/food-shop.org\/index.php?rest_route=\/wp\/v2\/media\/9596"}],"wp:attachment":[{"href":"https:\/\/food-shop.org\/index.php?rest_route=%2Fwp%2Fv2%2Fmedia&parent=9595"}],"wp:term":[{"taxonomy":"product_cat","embeddable":true,"href":"https:\/\/food-shop.org\/index.php?rest_route=%2Fwp%2Fv2%2Fproduct_cat&post=9595"},{"taxonomy":"product_tag","embeddable":true,"href":"https:\/\/food-shop.org\/index.php?rest_route=%2Fwp%2Fv2%2Fproduct_tag&post=9595"}],"curies":[{"name":"wp","href":"https:\/\/api.w.org\/{rel}","templated":true}]}}