{"id":9409,"date":"2020-09-01T10:32:56","date_gmt":"2020-09-01T10:32:56","guid":{"rendered":"https:\/\/food-shop.org\/?product=praesentkorb-spreewaelder-sommerkorb"},"modified":"2023-04-09T17:35:56","modified_gmt":"2023-04-09T17:35:56","slug":"praesentkorb-spreewaelder-sommerkorb","status":"publish","type":"product","link":"https:\/\/food-shop.org\/?product=praesentkorb-spreewaelder-sommerkorb","title":{"rendered":"Pr\u00e4sentkorb &#8218;Spreew\u00e4lder Sommerkorb&#8216;"},"content":{"rendered":"<p><!-- show up to 2 reviews by default --> <\/p>\n<h3>Produktbeschreibungen<\/h3>\n<p>&#8218;Der Sommer ist die Zeit des Erforschens: mehr von der Natur kennenlernen. . .&#8216; (Gilbert Highet)<br \/>Der Inhalt dieses Pr\u00e4sentkorbs f\u00fchrt den Forscher auf eine Expedition durch die k\u00f6stlichen Gaben der Natur des Spreewalds und verspricht ein sommerliches Genusserlebnis.<br \/>Fruchtige und pikante Brotaufstriche, Gew\u00fcrzgurken, Meerrettich, Essig, \u00d6l und Senf schmecken nach dem Flair eines entspannten Picknicks im Gr\u00fcnen. Hier kann man bei einem Gl\u00e4schen Sekt, Wein oder Saft die Seele in der Sommersonne baumeln lassen und s\u00fc\u00dfe Spezialit\u00e4ten verw\u00f6hnen den Gaumen wie w\u00e4rmende Sonnenstrahlen.<br \/>Der Sommerkorb ist ein originelles Geschenk, das den Gaumen mit strahlendem Sommersonnenschein und aromatischen, kulinarischen Gen\u00fcssen kitzelt.<\/p>\n<p>Dieser Pr\u00e4sentkorb besteht aus folgenden Produkten:<br \/>1 x Original Spreew\u00e4lder Sahnemeerrettich im Gl\u00e4schen (100 g)1 x Spreew\u00e4lder Sekt (0,2 l\/ 11% vol.)1 x Original Spreew\u00e4lder Hausmacher Leberwurst (250 g)1 x Kunella Delikatess Mayonnaise (250 ml)1 x Gurken Snack Get One &#8211; Die Gew\u00fcrzgurke aus der Dose (1 Gurke\/ 100 g)1 x Sanddorn Gelee -extra- (225 g)1 x Der Cottbuser Butterkeks mit Honig (230 g)1 x Gew\u00fcrzgurken von Spreewald-Rabe (370 ml Glas)1 x Kunella Natives Oliven\u00f6l extra, kaltgepresst (250 ml)1 x BIO Lein\u00f6l kaltgepresst &#8218;Spreew\u00e4lderin&#8216; (250 ml)1 x Kunella Himbeeressig (100 ml)1 x Koals Spreew\u00e4lder Scharfe Henne (158 ml)1 x Janks Johannisbeerwein (0,7 l\/ 8,5% vol.\/MEHRWEG)1 x Sauerkirsch &#8211; Nektar (0,2 l\/MEHRWEG)1 x Bautzner Brutzel Sauce Zigeuner (250 ml)1 x Halloren Kugeln Stracciatella (125 g)1 x Henkelkorb Gr. 3, ca. 45x33x38 cm (LxBxH)<br \/>enth\u00e4lt MEHRWEG-Verpackungen<br \/>Dieser Pr\u00e4sentkorb enth\u00e4lt Produkte mit einem Alkoholgehalt von bis zu 11 % vol. und wird daher nicht an Personen unter 18 Jahren verkauft. <\/p>\n<h3>Inhaltsstoffe \/ Zutaten<\/h3>\n<p>1 x Original Spreew\u00e4lder Sahnemeerrettich im Gl\u00e4schen (100 g) <br \/>1 x Spreew\u00e4lder Sekt (0,2 l\/ 11% vol.)<br \/> 1 x Original Spreew\u00e4lder Hausmacher Leberwurst (250 g)<br \/> 1 x Kunella Delikatess Mayonnaise (250 ml)<br \/> 1 x Gurken Snack Get One &#8211; Die Gew\u00fcrzgurke aus der Dose (1 Gurke\/ 100 g)<br \/> 1 x Sanddorn Gelee -extra- (225 g)<br \/> 1 x Der Cottbuser Butterkeks mit Honig (250 g)<br \/> 1 x Gew\u00fcrzgurken von Spreewald-Rabe (370 ml Glas)<br \/> 1 x BIO Apfel Balsamico (250 ml)<br \/> 1 x BIO Rapskern\u00f6l kaltgepresst (250 ml)<br \/> 1 x Kunella Himbeeressig (100 ml)<br \/> 1 x Koals Spreew\u00e4lder Scharfe Henne (158 ml)<br \/> 1 x Janks Johannisbeerwein (0,7 l\/ 8,5% vol.\/MEHRWEG)<br \/> 1 x Sauerkirsch &#8211; Nektar (0,2 l\/MEHRWEG)<br \/> 1 x Bautzner Brutzel Sauce Zigeuner (250 ml)<br \/> 1 x Halloren Kugeln Stracciatella (125 g)<br \/> 1 x Henkelkorb Gr. 3, ca. 45x33x38 cm (LxBxH) <\/p>\n<div class=\"main-cross-sell\" data-asin=\"B004APX2CE\">\n\n\t<div class=\"WooZone-cross-sell-loader\">\n\t\t<div>\n\t\t\t<div id=\"floatingBarsG\">\n\t\t\t\t<div class=\"blockG\" id=\"rotateG_01\"><\/div>\n\t\t\t\t<div class=\"blockG\" id=\"rotateG_02\"><\/div>\n\t\t\t\t<div class=\"blockG\" id=\"rotateG_03\"><\/div>\n\t\t\t\t<div class=\"blockG\" id=\"rotateG_04\"><\/div>\n\t\t\t\t<div class=\"blockG\" id=\"rotateG_05\"><\/div>\n\t\t\t\t<div class=\"blockG\" id=\"rotateG_06\"><\/div>\n\t\t\t\t<div class=\"blockG\" id=\"rotateG_07\"><\/div>\n\t\t\t\t<div class=\"blockG\" id=\"rotateG_08\"><\/div>\n\t\t\t<\/div>\n\t\t\t<div class=\"WooZone-cross-sell-loader-text\"><\/div>\n\t\t<\/div>\n\t<\/div>\n\n\t\t\n<\/div>\n<div style=\"clear:both;\"><\/div>\n","protected":false},"excerpt":{"rendered":"Produktbeschreibungen 'Der Sommer ist die Zeit des Erforschens: mehr von der Natur kennenlernen. . .' (Gilbert Highet)Der Inhalt dieses Pr\u00e4sentkorbs f\u00fchrt den Forscher auf eine Expedition durch die k\u00f6stlichen Gaben der Natur des Spreewalds und verspricht ein sommerliches Genusserlebnis.Fruchtige und pikante Brotaufstriche, Gew\u00fcrzgurken, Meerrettich, Essig, \u00d6l und Senf schmecken nach dem Flair eines entspannten Picknicks [...]","protected":false},"featured_media":9410,"comment_status":"open","ping_status":"closed","template":"","meta":[],"product_cat":[62],"product_tag":[],"_links":{"self":[{"href":"https:\/\/food-shop.org\/index.php?rest_route=\/wp\/v2\/product\/9409"}],"collection":[{"href":"https:\/\/food-shop.org\/index.php?rest_route=\/wp\/v2\/product"}],"about":[{"href":"https:\/\/food-shop.org\/index.php?rest_route=\/wp\/v2\/types\/product"}],"replies":[{"embeddable":true,"href":"https:\/\/food-shop.org\/index.php?rest_route=%2Fwp%2Fv2%2Fcomments&post=9409"}],"wp:featuredmedia":[{"embeddable":true,"href":"https:\/\/food-shop.org\/index.php?rest_route=\/wp\/v2\/media\/9410"}],"wp:attachment":[{"href":"https:\/\/food-shop.org\/index.php?rest_route=%2Fwp%2Fv2%2Fmedia&parent=9409"}],"wp:term":[{"taxonomy":"product_cat","embeddable":true,"href":"https:\/\/food-shop.org\/index.php?rest_route=%2Fwp%2Fv2%2Fproduct_cat&post=9409"},{"taxonomy":"product_tag","embeddable":true,"href":"https:\/\/food-shop.org\/index.php?rest_route=%2Fwp%2Fv2%2Fproduct_tag&post=9409"}],"curies":[{"name":"wp","href":"https:\/\/api.w.org\/{rel}","templated":true}]}}