{"id":9244,"date":"2020-08-31T15:41:45","date_gmt":"2020-08-31T15:41:45","guid":{"rendered":"https:\/\/food-shop.org\/?product=fruchttiger-rote-fruechte-18er-pack-18-x-500-ml"},"modified":"2023-04-09T17:35:53","modified_gmt":"2023-04-09T17:35:53","slug":"fruchttiger-rote-fruechte-18er-pack-18-x-500-ml","status":"publish","type":"product","link":"https:\/\/food-shop.org\/?product=fruchttiger-rote-fruechte-18er-pack-18-x-500-ml","title":{"rendered":"FruchtTiger Rote Fr\u00fcchte, 18er Pack (18 x 500 ml)"},"content":{"rendered":"<p><!-- show up to 2 reviews by default --> <\/p>\n<h3>Produktbeschreibung<\/h3>\n<\/p>\n<div class=\"aplus\">\n<p>Hier darf nur rein, wer rot ist! Das sind f\u00fcr FruchtTiger Rote Fr\u00fcchte Trauben, Kirschen, Holunder- und Erdbeeren. Eine Ausnahme machen wir f\u00fcr den Apfel \u2013 und 40 % stilles Mineralwasser. So wird genug trinken lecker!<\/p>\n<\/p><\/div>\n<h3>Inhaltsstoffe \/ Zutaten<\/h3>\n<p>Zutaten: Wasser, Konzentrierter Mehrfruchtsaft (Apfel (43%*), Traube (13%*), Holunderbeere, Himbeere (1%*), Kirsche (1%*), Erdbeere,Zitrone) *Saftanteil im Getr\u00e4nk <\/p>\n<div data-a-expander-name=\"toggle_description\" class=\"a-row a-expander-container a-expander-extend-container\">\n<div class=\"a-expander-content a-expander-extend-content\">\n<h3>Gebrauchsanweisung<\/h3>\n<p>Verzehrfertig <\/p>\n<h3>Warnhinweise<\/h3>\n<p>Verschluss f\u00fcr Kinder unter 4 Jahren nicht geeignet. Kleinteile k\u00f6nnen verschluckt werden (Erstickungsgefahr)! <\/p>\n<h3>Anschrift Hersteller\/Importeur<\/h3>\n<p>Ludwig-Eckes-Platz 1, 55268 Nieder-Olm <\/p>\n<\/p><\/div>\n<p> <a href=\"void(0)\" data-action=\"a-expander-toggle\" class=\"a-expander-header a-declarative a-expander-extend-header\" data-a-expander-toggle=\"{\"><i class=\"a-icon a-icon-extender-expand\"><\/i><span class=\"a-expander-prompt\">Weitere Informationen<\/span><\/a> <\/div>\n<p>100% nat\u00fcrlich^reiner Saft &amp; stilles Wasser^Nur mit der S\u00fc\u00dfe aus Fr\u00fcchten^Ohne Pfand<br \/>\n<div class=\"main-cross-sell\" data-asin=\"B00EXP9LUI\">\n\n\t<div class=\"WooZone-cross-sell-loader\">\n\t\t<div>\n\t\t\t<div id=\"floatingBarsG\">\n\t\t\t\t<div class=\"blockG\" id=\"rotateG_01\"><\/div>\n\t\t\t\t<div class=\"blockG\" id=\"rotateG_02\"><\/div>\n\t\t\t\t<div class=\"blockG\" id=\"rotateG_03\"><\/div>\n\t\t\t\t<div class=\"blockG\" id=\"rotateG_04\"><\/div>\n\t\t\t\t<div class=\"blockG\" id=\"rotateG_05\"><\/div>\n\t\t\t\t<div class=\"blockG\" id=\"rotateG_06\"><\/div>\n\t\t\t\t<div class=\"blockG\" id=\"rotateG_07\"><\/div>\n\t\t\t\t<div class=\"blockG\" id=\"rotateG_08\"><\/div>\n\t\t\t<\/div>\n\t\t\t<div class=\"WooZone-cross-sell-loader-text\"><\/div>\n\t\t<\/div>\n\t<\/div>\n\n\t\t\n<\/div>\n<div style=\"clear:both;\"><\/div>\n","protected":false},"excerpt":{"rendered":"100% nat\u00fcrlich^reiner Saft &amp; stilles Wasser^Nur mit der S\u00fc\u00dfe aus Fr\u00fcchten^Ohne Pfand","protected":false},"featured_media":9245,"comment_status":"open","ping_status":"closed","template":"","meta":[],"product_cat":[65,67],"product_tag":[],"_links":{"self":[{"href":"https:\/\/food-shop.org\/index.php?rest_route=\/wp\/v2\/product\/9244"}],"collection":[{"href":"https:\/\/food-shop.org\/index.php?rest_route=\/wp\/v2\/product"}],"about":[{"href":"https:\/\/food-shop.org\/index.php?rest_route=\/wp\/v2\/types\/product"}],"replies":[{"embeddable":true,"href":"https:\/\/food-shop.org\/index.php?rest_route=%2Fwp%2Fv2%2Fcomments&post=9244"}],"wp:featuredmedia":[{"embeddable":true,"href":"https:\/\/food-shop.org\/index.php?rest_route=\/wp\/v2\/media\/9245"}],"wp:attachment":[{"href":"https:\/\/food-shop.org\/index.php?rest_route=%2Fwp%2Fv2%2Fmedia&parent=9244"}],"wp:term":[{"taxonomy":"product_cat","embeddable":true,"href":"https:\/\/food-shop.org\/index.php?rest_route=%2Fwp%2Fv2%2Fproduct_cat&post=9244"},{"taxonomy":"product_tag","embeddable":true,"href":"https:\/\/food-shop.org\/index.php?rest_route=%2Fwp%2Fv2%2Fproduct_tag&post=9244"}],"curies":[{"name":"wp","href":"https:\/\/api.w.org\/{rel}","templated":true}]}}