{"id":9089,"date":"2020-08-31T15:27:17","date_gmt":"2020-08-31T15:27:17","guid":{"rendered":"https:\/\/food-shop.org\/?product=punica-classic-multi-174-fruchtig-frisches-multivitamin-mehrfruchtsaftgetraenk-6-x-125l-flasche"},"modified":"2023-04-09T17:35:51","modified_gmt":"2023-04-09T17:35:51","slug":"punica-classic-multi-174-fruchtig-frisches-multivitamin-mehrfruchtsaftgetraenk-6-x-125l-flasche","status":"publish","type":"product","link":"https:\/\/food-shop.org\/?product=punica-classic-multi-174-fruchtig-frisches-multivitamin-mehrfruchtsaftgetraenk-6-x-125l-flasche","title":{"rendered":"Punica Classic Multi 17+4 \u2013 Fruchtig frisches Multivitamin Mehrfruchtsaftgetr\u00e4nk, EINWEG (6 x 1.25 l)"},"content":{"rendered":"<p><!-- show up to 2 reviews by default --> <\/p>\n<h3>Produktbeschreibung<\/h3>\n<\/p>\n<h3>Punica Classic<\/h3>\n<p>Punica Classic ist das ideale Erfrischungsgetr\u00e4nk f\u00fcr jeden Tag und jede Gelegenheit. Mit vielen leckeren Fruchtkombinationen, bietet Punica Classic in insgesamt 6 verschiedenen Sorten idealen Trinkgenuss f\u00fcr jeden Geschmack.<\/p>\n<p> <strong>Produktdetails<\/strong> <\/p>\n<ul>\n<li>Punica Classic &#8211; Fruchtiges Erfrischungsgetr\u00e4nk f\u00fcr jeden Tag und jede Gelegenheit <\/li>\n<li>Sorte: Multi 17+4<\/li>\n<li>Mehrfruchtsaftgetr\u00e4nk teilweise aus Fruchtsaftkonzentraten<\/li>\n<li>Fruchtgehalt: 30%<\/li>\n<li>Leckere Erfrischung f\u00fcr unterwegs<\/li>\n<li>Ohne Zuckerzusatz, mit S\u00fc\u00dfungsmitteln<\/li>\n<li>Zucker von Natur aus enthalten<\/li>\n<li>6er Pack<\/li>\n<\/ul>\n<p><strong>Punica &#8211; Lass dich erfrischen<\/strong> <\/p>\n<p>Punica steht f\u00fcr fruchtige Erfrischungsgetr\u00e4nke, die f\u00fcr jede Menge Abwechslung und gute Laune sorgen. Mit 6 verschiedenen Sorten bietet<br \/> Punica eine Auswahl an leckeren Durstl\u00f6schern f\u00fcr die ganze Familie.<\/p>\n<\/p>\n<h3>Inhaltsstoffe \/ Zutaten<\/h3>\n<p>Zutaten: Wasser, Apfel-, Orangen-, Birnen-, Ananas- und Passionsfruchtsaft aus Fruchtsaftkonzentraten, Bananenmark, S\u00e4uerungsmittel Zitronens\u00e4ure, nat\u00fcrliches Aroma, Vitamin C, Verdickungsmittel Pektin, S\u00fc\u00dfungsmittel ( Natriumcyclamat, Saccharin-Natrium und Sucralose), Provitamin A, Niacin, Pantothenat, Vitamin E, Vitamin B1 Vitamin B6, Biotin <\/p>\n<div data-a-expander-name=\"toggle_description\" class=\"a-row a-expander-container a-expander-extend-container\">\n<div class=\"a-expander-content a-expander-extend-content\">\n<h3>Gebrauchsanweisung<\/h3>\n<p>frostgef\u00e4hrdend <\/p>\n<h3>Warnhinweise<\/h3>\n<p>keine <\/p>\n<h3>Anschrift Hersteller\/Importeur<\/h3>\n<p>D-63263 Neu-Isenburg <\/p>\n<\/p><\/div>\n<p> <a href=\"void(0)\" data-action=\"a-expander-toggle\" class=\"a-expander-header a-declarative a-expander-extend-header\" data-a-expander-toggle=\"{\"><i class=\"a-icon a-icon-extender-expand\"><\/i><span class=\"a-expander-prompt\">Weitere Informationen<\/span><\/a> <\/div>\n<p>Das erfrischende Mehrfruchtsaftgetr\u00e4nk aus Fruchtsaftkonzentraten (Apfel, Orange, Ananas, Passionsfrucht, Birne) und S\u00fc\u00dfungsmitteln bietet einen leckeren Trinkgenuss f\u00fcr zuhause und to go<br \/>\nOb Zuhause, beim Picknick im Park oder als Mitbringsel zu Freunden &#8211; die Punica Classic Getr\u00e4nke sind in 6 Geschmacksrichtungen erh\u00e4ltlich, so ist f\u00fcr jeden das Richtige dabei<br \/>\nF\u00fcr die ganze Familie: Der fruchtig, frische Geschmack ist vor allem eisgek\u00fchlt ein wahrer Genuss<br \/>\nDie ideale erfrischende Begleitung f\u00fcr einen gemeinsamen Abend mit Freuden, die n\u00e4chste Sommerparty oder einen lustigen Spieleabend &#8211; die PET Flasche ist ideal zum Mitnehmen<br \/>\nLieferumfang: 6 x 1,25l Punica Multi 17+4 \/ Mehrfruchtsaftgetr\u00e4nk ohne Konservierungsstoffe*, ohne Farbstoffe*, mit wenig Kalorien. *lt. Gesetz<br \/>\n<div class=\"main-cross-sell\" data-asin=\"B01FJGZAEK\">\n\n\t<div class=\"WooZone-cross-sell-loader\">\n\t\t<div>\n\t\t\t<div id=\"floatingBarsG\">\n\t\t\t\t<div class=\"blockG\" id=\"rotateG_01\"><\/div>\n\t\t\t\t<div class=\"blockG\" id=\"rotateG_02\"><\/div>\n\t\t\t\t<div class=\"blockG\" id=\"rotateG_03\"><\/div>\n\t\t\t\t<div class=\"blockG\" id=\"rotateG_04\"><\/div>\n\t\t\t\t<div class=\"blockG\" id=\"rotateG_05\"><\/div>\n\t\t\t\t<div class=\"blockG\" id=\"rotateG_06\"><\/div>\n\t\t\t\t<div class=\"blockG\" id=\"rotateG_07\"><\/div>\n\t\t\t\t<div class=\"blockG\" id=\"rotateG_08\"><\/div>\n\t\t\t<\/div>\n\t\t\t<div class=\"WooZone-cross-sell-loader-text\"><\/div>\n\t\t<\/div>\n\t<\/div>\n\n\t\t\n<\/div>\n<div style=\"clear:both;\"><\/div>\n","protected":false},"excerpt":{"rendered":"Das erfrischende Mehrfruchtsaftgetr\u00e4nk aus Fruchtsaftkonzentraten (Apfel, Orange, Ananas, Passionsfrucht, Birne) und S\u00fc\u00dfungsmitteln bietet einen leckeren Trinkgenuss f\u00fcr zuhause und to go\nOb Zuhause, beim Picknick im Park oder als Mitbringsel zu Freunden - die Punica Classic Getr\u00e4nke sind in 6 Geschmacksrichtungen erh\u00e4ltlich, so ist f\u00fcr jeden das Richtige dabei\nF\u00fcr die ganze Familie: Der fruchtig, frische Geschmack ist vor allem eisgek\u00fchlt ein wahrer Genuss","protected":false},"featured_media":9090,"comment_status":"open","ping_status":"closed","template":"","meta":[],"product_cat":[65,67],"product_tag":[],"_links":{"self":[{"href":"https:\/\/food-shop.org\/index.php?rest_route=\/wp\/v2\/product\/9089"}],"collection":[{"href":"https:\/\/food-shop.org\/index.php?rest_route=\/wp\/v2\/product"}],"about":[{"href":"https:\/\/food-shop.org\/index.php?rest_route=\/wp\/v2\/types\/product"}],"replies":[{"embeddable":true,"href":"https:\/\/food-shop.org\/index.php?rest_route=%2Fwp%2Fv2%2Fcomments&post=9089"}],"wp:featuredmedia":[{"embeddable":true,"href":"https:\/\/food-shop.org\/index.php?rest_route=\/wp\/v2\/media\/9090"}],"wp:attachment":[{"href":"https:\/\/food-shop.org\/index.php?rest_route=%2Fwp%2Fv2%2Fmedia&parent=9089"}],"wp:term":[{"taxonomy":"product_cat","embeddable":true,"href":"https:\/\/food-shop.org\/index.php?rest_route=%2Fwp%2Fv2%2Fproduct_cat&post=9089"},{"taxonomy":"product_tag","embeddable":true,"href":"https:\/\/food-shop.org\/index.php?rest_route=%2Fwp%2Fv2%2Fproduct_tag&post=9089"}],"curies":[{"name":"wp","href":"https:\/\/api.w.org\/{rel}","templated":true}]}}