{"id":9085,"date":"2020-08-31T15:27:15","date_gmt":"2020-08-31T15:27:15","guid":{"rendered":"https:\/\/food-shop.org\/?product=rauch-happy-day-himbeer-6er-pack-6-x-1-l"},"modified":"2023-04-09T17:35:51","modified_gmt":"2023-04-09T17:35:51","slug":"rauch-happy-day-himbeer-6er-pack-6-x-1-l","status":"publish","type":"product","link":"https:\/\/food-shop.org\/?product=rauch-happy-day-himbeer-6er-pack-6-x-1-l","title":{"rendered":"Rauch Happy Day Himbeer, 6er Pack (6 x 1 l)"},"content":{"rendered":"<p><!-- show up to 2 reviews by default --> <\/p>\n<h3>Produktbeschreibung<\/h3>\n<p>Himbeergetr\u00e4nk mit Rosa Pfeffer Extrakt. Fruchtgehalt: mindestens 23%. Himbeere verf\u00fchrt rosa Pfeffer. Pikant! Bisher waren Happy Day und dezent scharfer roter Pfeffer noch kein Paar. Doch der s\u00fc\u00dfe volle Geschmack unserer Himbeeren, verfeinert um die S\u00e4ure knackiger \u00c4pfel, wirkte schlussendlich unwiderstehlich. <\/p>\n<h3>Inhaltsstoffe \/ Zutaten<\/h3>\n<p>Zutaten: Wasser, Apfelsaft aus Apfelsaftkonzentrat, Zucker, 7,5% Himbeermark, S\u00e4uerungsmittel: Citronens\u00e4ure; Holundersaft aus Holundersaftkonzentrat, Rosa Pfeffer Extrakt (Schinus molle), Aroma. <\/p>\n<div data-a-expander-name=\"toggle_description\" class=\"a-row a-expander-container a-expander-extend-container\">\n<div class=\"a-expander-content a-expander-extend-content\">\n<h3>Gebrauchsanweisung<\/h3>\n<p>Ge\u00f6ffnet gek\u00fchlt 3 Tage haltbar <\/p>\n<h3>Warnhinweise<\/h3>\n<p>Ge\u00f6ffnet gek\u00fchlt 3 Tage haltbar <\/p>\n<h3>Anschrift Hersteller\/Importeur<\/h3>\n<p>Langgasse 1, A-6830 Rankweil, Austria <\/p>\n<\/p><\/div>\n<p> <a href=\"void(0)\" data-action=\"a-expander-toggle\" class=\"a-expander-header a-declarative a-expander-extend-header\" data-a-expander-toggle=\"{\"><i class=\"a-icon a-icon-extender-expand\"><\/i><span class=\"a-expander-prompt\">Weitere Informationen<\/span><\/a> <\/div>\n<p>in bester Rauch-Qualit\u00e4t<br \/>\nVegetarisch &amp; Vegan<br \/>\nIdeal f\u00fcr Bar- und Mixgetr\u00e4nke<br \/>\n<div class=\"main-cross-sell\" data-asin=\"B07CMDZQNV\">\n\n\t<div class=\"WooZone-cross-sell-loader\">\n\t\t<div>\n\t\t\t<div id=\"floatingBarsG\">\n\t\t\t\t<div class=\"blockG\" id=\"rotateG_01\"><\/div>\n\t\t\t\t<div class=\"blockG\" id=\"rotateG_02\"><\/div>\n\t\t\t\t<div class=\"blockG\" id=\"rotateG_03\"><\/div>\n\t\t\t\t<div class=\"blockG\" id=\"rotateG_04\"><\/div>\n\t\t\t\t<div class=\"blockG\" id=\"rotateG_05\"><\/div>\n\t\t\t\t<div class=\"blockG\" id=\"rotateG_06\"><\/div>\n\t\t\t\t<div class=\"blockG\" id=\"rotateG_07\"><\/div>\n\t\t\t\t<div class=\"blockG\" id=\"rotateG_08\"><\/div>\n\t\t\t<\/div>\n\t\t\t<div class=\"WooZone-cross-sell-loader-text\"><\/div>\n\t\t<\/div>\n\t<\/div>\n\n\t\t\n<\/div>\n<div style=\"clear:both;\"><\/div>\n","protected":false},"excerpt":{"rendered":"in bester Rauch-Qualit\u00e4t\nVegetarisch &amp; Vegan\nIdeal f\u00fcr Bar- und Mixgetr\u00e4nke","protected":false},"featured_media":9086,"comment_status":"open","ping_status":"closed","template":"","meta":[],"product_cat":[65,67],"product_tag":[],"_links":{"self":[{"href":"https:\/\/food-shop.org\/index.php?rest_route=\/wp\/v2\/product\/9085"}],"collection":[{"href":"https:\/\/food-shop.org\/index.php?rest_route=\/wp\/v2\/product"}],"about":[{"href":"https:\/\/food-shop.org\/index.php?rest_route=\/wp\/v2\/types\/product"}],"replies":[{"embeddable":true,"href":"https:\/\/food-shop.org\/index.php?rest_route=%2Fwp%2Fv2%2Fcomments&post=9085"}],"wp:featuredmedia":[{"embeddable":true,"href":"https:\/\/food-shop.org\/index.php?rest_route=\/wp\/v2\/media\/9086"}],"wp:attachment":[{"href":"https:\/\/food-shop.org\/index.php?rest_route=%2Fwp%2Fv2%2Fmedia&parent=9085"}],"wp:term":[{"taxonomy":"product_cat","embeddable":true,"href":"https:\/\/food-shop.org\/index.php?rest_route=%2Fwp%2Fv2%2Fproduct_cat&post=9085"},{"taxonomy":"product_tag","embeddable":true,"href":"https:\/\/food-shop.org\/index.php?rest_route=%2Fwp%2Fv2%2Fproduct_tag&post=9085"}],"curies":[{"name":"wp","href":"https:\/\/api.w.org\/{rel}","templated":true}]}}