{"id":8978,"date":"2020-08-31T15:24:16","date_gmt":"2020-08-31T15:24:16","guid":{"rendered":"https:\/\/food-shop.org\/?product=bekunis-instant-tee-240-ml-tee"},"modified":"2023-04-10T18:24:17","modified_gmt":"2023-04-10T18:24:17","slug":"bekunis-instant-tee-240-ml-tee","status":"publish","type":"product","link":"https:\/\/food-shop.org\/?product=bekunis-instant-tee-240-ml-tee","title":{"rendered":"Bekunis Instant Tee, 240 ml"},"content":{"rendered":"<p><!-- show up to 2 reviews by default --> <\/p>\n<h3>Produktbeschreibungen<\/h3>\n<p>WICHTIGE HINWEISE (PFLICHTANGABEN):<\/p>\n<p>BEKUNIS INSTANT TEE. Anwendungsgebiete: Zur kurzfristigen Anwendung bei Verstopfung (Obstipation). Bei einer Verstopfung, die l\u00e4nger als 1 Woche andauert, ist ein Arzt aufzusuchen.<\/p>\n<p>ZU RISIKEN UND NEBENWIRKUNGEN LESEN SIE DIE PACKUNGSBEILAGE UND FRAGEN SIE IHREN ARZT ODER APOTHEKER. <\/p>\n<h3>Inhaltsstoffe \/ Zutaten<\/h3>\n<p>Wirkstoff: Sennesfr\u00fcchte-Extrakt<\/p>\n<p>Wirkstoff: Sennesfr\u00fcchte-Extrakt <\/p>\n<div data-a-expander-name=\"toggle_description\" class=\"a-row a-expander-container a-expander-extend-container\">\n<div class=\"a-expander-content a-expander-extend-content\">\n<h3>Gebrauchsanweisung<\/h3>\n<p>Die Gesamtdosis sollte nicht ohne R\u00fccksprache mit einem Arzt oder Apotheker \u00fcberschritten werden.<\/p>\n<p><b>Art der Anwendung?<\/b><br \/>Bereiten Sie den Tee zu und trinken Sie ihn gleich. L\u00f6sen Sie daf\u00fcr das Teepulver in hei\u00dfem oder kaltem Wasser (ca. 150 ml) auf.<\/p>\n<p><b>Dauer der Anwendung?<\/b><br \/>Ohne \u00e4rztlichen Rat d\u00fcrfen Sie das Arzneimittel nicht l\u00e4nger als 1-2 Wochen anwenden. Bei l\u00e4nger anhaltenden oder regelm\u00e4\u00dfig wiederkehrenden Beschwerden sollten sie Ihren Arzt aufsuche <\/p>\n<h3>Rechtliche Hinweise<\/h3>\n<p>Zu Risiken und Nebenwirkungen fragen Sie Ihren Arzt oder Apotheker. <\/p>\n<\/p><\/div>\n<p> <a href=\"void(0)\" data-action=\"a-expander-toggle\" class=\"a-expander-header a-declarative a-expander-extend-header\" data-a-expander-toggle=\"{\"><i class=\"a-icon a-icon-extender-expand\"><\/i><span class=\"a-expander-prompt\">Weitere Informationen<\/span><\/a> <\/div>\n<p>Wirkstoff: Sennesfr\u00fcchte-Extrakt<br \/>\nbei Verstopfung<br \/>\nInstantpulver zur Herstellung eines Tees zum Trinken<br \/>\npflanzliches Arzneimittel aus der Apotheke (PZN-574273) Zu Risiken und Nebenwirkungen lesen Sie die Packungsbeilage und fragen Sie Ihren Arzt oder Apotheker<br \/>\n<div class=\"main-cross-sell\" data-asin=\"B00E5Y09FI\">\n\n\t<div class=\"WooZone-cross-sell-loader\">\n\t\t<div>\n\t\t\t<div id=\"floatingBarsG\">\n\t\t\t\t<div class=\"blockG\" id=\"rotateG_01\"><\/div>\n\t\t\t\t<div class=\"blockG\" id=\"rotateG_02\"><\/div>\n\t\t\t\t<div class=\"blockG\" id=\"rotateG_03\"><\/div>\n\t\t\t\t<div class=\"blockG\" id=\"rotateG_04\"><\/div>\n\t\t\t\t<div class=\"blockG\" id=\"rotateG_05\"><\/div>\n\t\t\t\t<div class=\"blockG\" id=\"rotateG_06\"><\/div>\n\t\t\t\t<div class=\"blockG\" id=\"rotateG_07\"><\/div>\n\t\t\t\t<div class=\"blockG\" id=\"rotateG_08\"><\/div>\n\t\t\t<\/div>\n\t\t\t<div class=\"WooZone-cross-sell-loader-text\"><\/div>\n\t\t<\/div>\n\t<\/div>\n\n\t\t\n<\/div>\n<div style=\"clear:both;\"><\/div>\n","protected":false},"excerpt":{"rendered":"Wirkstoff: Sennesfr\u00fcchte-Extrakt\nbei Verstopfung\nInstantpulver zur Herstellung eines Tees zum Trinken","protected":false},"featured_media":8979,"comment_status":"open","ping_status":"closed","template":"","meta":[],"product_cat":[8457,65],"product_tag":[],"_links":{"self":[{"href":"https:\/\/food-shop.org\/index.php?rest_route=\/wp\/v2\/product\/8978"}],"collection":[{"href":"https:\/\/food-shop.org\/index.php?rest_route=\/wp\/v2\/product"}],"about":[{"href":"https:\/\/food-shop.org\/index.php?rest_route=\/wp\/v2\/types\/product"}],"replies":[{"embeddable":true,"href":"https:\/\/food-shop.org\/index.php?rest_route=%2Fwp%2Fv2%2Fcomments&post=8978"}],"wp:featuredmedia":[{"embeddable":true,"href":"https:\/\/food-shop.org\/index.php?rest_route=\/wp\/v2\/media\/8979"}],"wp:attachment":[{"href":"https:\/\/food-shop.org\/index.php?rest_route=%2Fwp%2Fv2%2Fmedia&parent=8978"}],"wp:term":[{"taxonomy":"product_cat","embeddable":true,"href":"https:\/\/food-shop.org\/index.php?rest_route=%2Fwp%2Fv2%2Fproduct_cat&post=8978"},{"taxonomy":"product_tag","embeddable":true,"href":"https:\/\/food-shop.org\/index.php?rest_route=%2Fwp%2Fv2%2Fproduct_tag&post=8978"}],"curies":[{"name":"wp","href":"https:\/\/api.w.org\/{rel}","templated":true}]}}