{"id":8653,"date":"2020-08-31T15:16:34","date_gmt":"2020-08-31T15:16:34","guid":{"rendered":"https:\/\/food-shop.org\/?product=english-tea-shop-teegeschenk-mit-schleife-fruechte-tee-kollektion-super-fruits-bio-12-pyramiden-beutel-de-version"},"modified":"2023-04-10T18:24:12","modified_gmt":"2023-04-10T18:24:12","slug":"english-tea-shop-teegeschenk-mit-schleife-fruechte-tee-kollektion-super-fruits-bio-12-pyramiden-beutel-de-version","status":"publish","type":"product","link":"https:\/\/food-shop.org\/?product=english-tea-shop-teegeschenk-mit-schleife-fruechte-tee-kollektion-super-fruits-bio-12-pyramiden-beutel-de-version","title":{"rendered":"English Tea Shop &#8211; Teegeschenk mit Schleife &#8222;Fr\u00fcchte Tee Kollektion&#8220; (Super Fruits), BIO, 12 Pyramiden-Beutel (DE-Version)"},"content":{"rendered":"<p><!-- show up to 2 reviews by default --> <\/p>\n<h3>Produktbeschreibungen<\/h3>\n<p>Lassen Sie sich von diesen 6 wundervoll fruchtigen BIO Teekreationen verzaubern und entfliehen Sie dem Alltag mithilfe unserer Super Tees. Ob mit Mango, Acaibeeren oder Holunderbl\u00fcten. Einfach nur zur\u00fccklehnen und genie\u00dfen!<\/p>\n<p> Zutaten:<br \/><b>2x Lemongras Peppermint Tropical Punch<\/b> &#8211; Kr\u00e4utertee, aromatisiert: Zitronengras (24%)*, Pfefferminze (20%)*, Hibiskus(20%)*, Hagebutte (11%)*, Kamille (10%)*, Apfelst\u00fccke (10%)*, nat\u00fcrliches Aroma (5%)<br \/><b>2x Wei\u00dfer Tee, Blaubeere &amp; Holunderbl\u00fcte<\/b> &#8211; wei\u00dfer Tee, aromatisiert: Wei\u00dfer Tee (63%)*, Zitronengras (17%)*, Holunderbl\u00fcten (10%)*, Heidelbeeren (5%)*, nat\u00fcrliches Aroma (5%)<br \/><b>2x Apple Rosehip Raspberry Ripple<\/b> &#8211; Fr\u00fcchtetee, aromatisiert: Hibiskus (38%)*, Hagebutte (20%)*, Apfel (15%)*, S\u00fc\u00dfholz (10%)* **, ger\u00f6stete Zichorie (6%)*, nat\u00fcrliches Aroma (5%), Granatapfelkonzentrat (2%)*, Himbeerkonzentrat (2%), schwarze Johannisbeerkonzentrat (2%)* <br \/><b>2x Honeybush Acai Berry Punch<\/b> &#8211; Rooibostee aromatisiert: Rooibos (55.5%)*, Honeybush (19%)*, Hibiskus (10%)*, nat\u00fcrliches Aroma (5%), Granatapfel (3.5%)*, Himbeere (3.5%)*, Acaibeere (3.5%)* <br \/><b>2x Chocolate Super Berry Burst<\/b> &#8211; Rooibostee aromatisiert: Rooibos (40%)*, Hibiskus (25%)*, ger\u00f6stete Kakaonibs (10%)*, S\u00fc\u00dfholz (8%)* **, Vanille (6%)*, nat\u00fcrliches Aroma (5%), Himbeerkonzentrat (2%)*, schwarze Johannisbeerkonzentrat (2%)*, Granatapfelkonzentrat (2%)* <br \/><b>2x Cranberry Vanilla Delight<\/b> &#8211; Teemischung, aromatisiert: Hibiskus (30%)*, Rooibos (25%)*, Hagebutte (14%)*, ger\u00f6steter Kakao (10%)*, Vanillest\u00fcckchen (10%)*, nat\u00fcrliches Aroma (5%), Cranberrykonzentrat (3%)*, Himbeerkonzentrat (3%)* <br \/> *= aus kontrolliert biologischem Anbau <br \/> ** = enth\u00e4lt S\u00fc\u00dfholz &#8211; bei hohem Blutdruck sollte ein \u00fcberm\u00e4\u00dfiger Verzehr vermieden werden<\/p>\n<p> Inhalt: 12 Pyramiden-Teebeutel (=24g Tee)<br \/> Ma\u00dfe der Box: 15,5 cm x 12 cm x 8 cm <\/p>\n<h3>Inhaltsstoffe \/ Zutaten<\/h3>\n<p>Lemongrass Peppermint Tropical Punch: Zitronengras (24%)*, Pfefferminze (20%)*, Hibiskus (20%)*, Hagebutte (11%)*, Kamille (10%)*, Apfelst\u00fccke (10%)*, nat\u00fcrliches Mango-, Pfirsich-und Granatapfelaroma (5%). White Tea Blueberry &amp; Elderflower: Wei\u00dfer Tee* (63%), Zitronengras* (17%), Holunderbl\u00fcten* (10%), Heidelbeeren* (5%), nat\u00fcrliche Aromen (5%). Apple Rosehip Rasberry Ripple: Hibiskus (38%)*, Hagebutte (20%)*, APfel (15%)*, S\u00fc\u00dfholz (10%)* **, ger\u00f6stete Zichorie (6%)*, nat\u00fcrliche Aromen (5%), nat\u00fcrliches Himbeer-(2%)*, schwarze Johannisbeer-(2%)* und Granatapfelaroma (2%)*. Honeybush Acai Berry Punch: Rooisbos (55,5%)*, Honeybusch (19%)*, Hibiskus (10%)*, Granatapfel (3,5%)*, Himbeere (3,5%)*, Acaibeere (3,5%)*, nat\u00fcrliche Aromen (5%). Chocolate Super Berry Burst: Rooibos (40%)*, Hibiskus (25%)*, ger\u00f6stete Kakaost\u00fcckchen (10%)*, S\u00fc\u00dfholz (8%)* **, Vanille (6%)*, nat\u00fcrliches Himbeer-(2%)*, schwarzes Johannisbeer-(2%)* und Granatapfel-Aroma (2%), nat\u00fcrliche Aromen (5%). Cranberry Vanilla Delight: Hibiskus (30%)*, Rooibos (25%)*, Hagebutte (14%)*, ger\u00f6stete Kakaost\u00fcckchen (10%)*, Vanillest\u00fcckchen (10%), nat\u00fcrliches Cranberry-(3%)* und Himbeer-Aroma (3%)*, nat\u00fcrliche Aromen (5%). * aus kontrolliert biologischem Anbau. <\/p>\n<div data-a-expander-name=\"toggle_description\" class=\"a-row a-expander-container a-expander-extend-container\">\n<div class=\"a-expander-content a-expander-extend-content\">\n<h3>Warnhinweise<\/h3>\n<p>** Enth\u00e4lt S\u00fc\u00dfholz &#8211; bei hohem Blutdruck sollte ein \u00fcberm\u00e4\u00dfiger Verzehr dieses Erzeugnisses vermieden werden <\/p>\n<h3>Anschrift Hersteller\/Importeur<\/h3>\n<p>Royal Nature GmbH &amp; Co. KG, Halver, Germany <\/p>\n<\/p><\/div>\n<p> <a href=\"void(0)\" data-action=\"a-expander-toggle\" class=\"a-expander-header a-declarative a-expander-extend-header\" data-a-expander-toggle=\"{\"><i class=\"a-icon a-icon-extender-expand\"><\/i><span class=\"a-expander-prompt\">Weitere Informationen<\/span><\/a> <\/div>\n<p>Die Geschenk-Idee f\u00fcr alle Tee-Liebhaber<br \/>\n12 hochwertige Pyramiden-Teebeutel mit 6 verschiedenen klassischen BIO-Tees<br \/>\nfertig verpackt als Teegeschenk mit Schleife<br \/>\nVerschenken Sie guten Geschmack zum Muttertag, Geburtstag, Weihnachten &#8230;<br \/>\nInhalts- und Zutatenliste in deutscher Sprache (DE-Version)<br \/>\n<div class=\"main-cross-sell\" data-asin=\"B01M7VK7X6\">\n\n\t<div class=\"WooZone-cross-sell-loader\">\n\t\t<div>\n\t\t\t<div id=\"floatingBarsG\">\n\t\t\t\t<div class=\"blockG\" id=\"rotateG_01\"><\/div>\n\t\t\t\t<div class=\"blockG\" id=\"rotateG_02\"><\/div>\n\t\t\t\t<div class=\"blockG\" id=\"rotateG_03\"><\/div>\n\t\t\t\t<div class=\"blockG\" id=\"rotateG_04\"><\/div>\n\t\t\t\t<div class=\"blockG\" id=\"rotateG_05\"><\/div>\n\t\t\t\t<div class=\"blockG\" id=\"rotateG_06\"><\/div>\n\t\t\t\t<div class=\"blockG\" id=\"rotateG_07\"><\/div>\n\t\t\t\t<div class=\"blockG\" id=\"rotateG_08\"><\/div>\n\t\t\t<\/div>\n\t\t\t<div class=\"WooZone-cross-sell-loader-text\"><\/div>\n\t\t<\/div>\n\t<\/div>\n\n\t\t\n<\/div>\n<div style=\"clear:both;\"><\/div>\n","protected":false},"excerpt":{"rendered":"Die Geschenk-Idee f\u00fcr alle Tee-Liebhaber\n12 hochwertige Pyramiden-Teebeutel mit 6 verschiedenen klassischen BIO-Tees\nfertig verpackt als Teegeschenk mit Schleife","protected":false},"featured_media":8654,"comment_status":"open","ping_status":"closed","template":"","meta":[],"product_cat":[8457,65],"product_tag":[],"_links":{"self":[{"href":"https:\/\/food-shop.org\/index.php?rest_route=\/wp\/v2\/product\/8653"}],"collection":[{"href":"https:\/\/food-shop.org\/index.php?rest_route=\/wp\/v2\/product"}],"about":[{"href":"https:\/\/food-shop.org\/index.php?rest_route=\/wp\/v2\/types\/product"}],"replies":[{"embeddable":true,"href":"https:\/\/food-shop.org\/index.php?rest_route=%2Fwp%2Fv2%2Fcomments&post=8653"}],"wp:featuredmedia":[{"embeddable":true,"href":"https:\/\/food-shop.org\/index.php?rest_route=\/wp\/v2\/media\/8654"}],"wp:attachment":[{"href":"https:\/\/food-shop.org\/index.php?rest_route=%2Fwp%2Fv2%2Fmedia&parent=8653"}],"wp:term":[{"taxonomy":"product_cat","embeddable":true,"href":"https:\/\/food-shop.org\/index.php?rest_route=%2Fwp%2Fv2%2Fproduct_cat&post=8653"},{"taxonomy":"product_tag","embeddable":true,"href":"https:\/\/food-shop.org\/index.php?rest_route=%2Fwp%2Fv2%2Fproduct_tag&post=8653"}],"curies":[{"name":"wp","href":"https:\/\/api.w.org\/{rel}","templated":true}]}}