{"id":8579,"date":"2020-08-31T15:13:28","date_gmt":"2020-08-31T15:13:28","guid":{"rendered":"https:\/\/food-shop.org\/?product=lavazza-kaffeebohnen-qualita-oro-1kg"},"modified":"2023-04-07T17:02:51","modified_gmt":"2023-04-07T17:02:51","slug":"lavazza-kaffeebohnen-qualita-oro-1kg","status":"publish","type":"product","link":"https:\/\/food-shop.org\/?product=lavazza-kaffeebohnen-qualita-oro-1kg","title":{"rendered":"Lavazza, Qualit\u00e0 Oro, Kaffeebohnen, mit Aromanoten von Fr\u00fcchten und Blumen, f\u00fcr einen Samtigen Espresso, 100 % Arabica\u2026"},"content":{"rendered":"<div class=\"disclaim\"> Gr\u00f6\u00dfe:<strong>1 kg (1er Pack)<\/strong> <\/div>\n<p> <!-- show up to 2 reviews by default --> <\/p>\n<h3>Produktbeschreibungen<\/h3>\n<p>Leicht verdaulich und f\u00fcr Kenner ein wahrer Genuss. Lavazza Qualita Oro enth\u00e4lt eine gute Auswahl aus 100% feinen und s\u00fc\u00dfen Arabica-Kaffeebohnen und ist somit ein echter Premium-Kaffee. F\u00fcr das typische und unverkennbare Aroma des Qualit\u00e0 Oro sorgt die 100% Arabica Mischung von Lavazza. Sie besteht aus hochwertigem Kaffee aus Mittelamerika und einigen durch Aromaintensit\u00e4t gekennzeichnete Variet\u00e4ten aus Afrika.Der Qualita Oro hat eine intensive und aromatische Mischung f\u00fcr die echten Kaffee-Kenner. Diese Espresso-Bohnen eignen sich f\u00fcr alle Espressomaschinen. Der R\u00f6stzyklus f\u00fcr diese Mischhung hebt seine besonderen Eigenschaften noch mehr hervor. Qualit\u00e0 Oro eignet sich mit seiner angenehm blumigen Note f\u00fcr jede Zeit des Tages, vor allem nach Mahlzeiten durch seinen langen intensiven Nachgeschmack.<\/p>\n<p>Spezifikationen<\/p>\n<p> &#8211; Marke: Lavazza<br \/> &#8211; Hersteller \/ Importeur: <\/p>\n<p>Luigi LavAzza Deutschland GmbH * Platz der Einheit 2* 60327 Frankfurt-Gallus * Deutschland<\/p>\n<\/p>\n<h3>Inhaltsstoffe \/ Zutaten<\/h3>\n<p>0 <\/p>\n<div data-a-expander-name=\"toggle_description\" class=\"a-row a-expander-container a-expander-extend-container\">\n<div class=\"a-expander-content a-expander-extend-content\">\n<h3>Gebrauchsanweisung<\/h3>\n<p>ideal f\u00fcr Kaffee-Vollautomaten \/ nach dem Mahlen geeignet f\u00fcr alle Arten von Espresso- und Filtermaschinen <\/p>\n<h3>Anschrift Hersteller\/Importeur<\/h3>\n<p>C. SO NOVARA, 59- 10154 TORINO &#8211; ITALIA <\/p>\n<\/p><\/div>\n<p> <a href=\"void(0)\" data-action=\"a-expander-toggle\" class=\"a-expander-header a-declarative a-expander-extend-header\" data-a-expander-toggle=\"{\"><i class=\"a-icon a-icon-extender-expand\"><\/i><span class=\"a-expander-prompt\">Weitere Informationen<\/span><\/a> <\/div>\n<p>Qualit\u00e0 Oro war die erste Lavazza-Mischung, geboren 1956 und 60 Jahre lang vom Vater an den Sohn weitergereicht<br \/>\nEin Kaffee f\u00fcr wahre Kenner, f\u00fcr all jene, die jeden Tag eine feine Mischung genie\u00dfen m\u00f6chten<br \/>\n100% Arabica, R\u00f6stung Mittel, Intensit\u00e4t 5<br \/>\nAussehen: Goldene Crema und eine warme Farbe, Aroma: Florale und fruchtige Noten, Geschmack: S\u00fc\u00df und lang anhaltend<br \/>\nQualit\u00e0 Oro ideal f\u00fcr die Espresso-Kaffeemaschine. Packung 1kg<br \/>\n<div class=\"main-cross-sell\" data-asin=\"B0049U0DMC\">\n\n\t<div class=\"WooZone-cross-sell-loader\">\n\t\t<div>\n\t\t\t<div id=\"floatingBarsG\">\n\t\t\t\t<div class=\"blockG\" id=\"rotateG_01\"><\/div>\n\t\t\t\t<div class=\"blockG\" id=\"rotateG_02\"><\/div>\n\t\t\t\t<div class=\"blockG\" id=\"rotateG_03\"><\/div>\n\t\t\t\t<div class=\"blockG\" id=\"rotateG_04\"><\/div>\n\t\t\t\t<div class=\"blockG\" id=\"rotateG_05\"><\/div>\n\t\t\t\t<div class=\"blockG\" id=\"rotateG_06\"><\/div>\n\t\t\t\t<div class=\"blockG\" id=\"rotateG_07\"><\/div>\n\t\t\t\t<div class=\"blockG\" id=\"rotateG_08\"><\/div>\n\t\t\t<\/div>\n\t\t\t<div class=\"WooZone-cross-sell-loader-text\"><\/div>\n\t\t<\/div>\n\t<\/div>\n\n\t\t\n<\/div>\n<div style=\"clear:both;\"><\/div>\n","protected":false},"excerpt":{"rendered":"Qualit\u00e0 Oro war die erste Lavazza-Mischung, geboren 1956 und 60 Jahre lang vom Vater an den Sohn weitergereicht\nEin Kaffee f\u00fcr wahre Kenner, f\u00fcr all jene, die jeden Tag eine feine Mischung genie\u00dfen m\u00f6chten\n100% Arabica, R\u00f6stung Mittel, Intensit\u00e4t 5","protected":false},"featured_media":8580,"comment_status":"open","ping_status":"closed","template":"","meta":[],"product_cat":[65,63],"product_tag":[],"_links":{"self":[{"href":"https:\/\/food-shop.org\/index.php?rest_route=\/wp\/v2\/product\/8579"}],"collection":[{"href":"https:\/\/food-shop.org\/index.php?rest_route=\/wp\/v2\/product"}],"about":[{"href":"https:\/\/food-shop.org\/index.php?rest_route=\/wp\/v2\/types\/product"}],"replies":[{"embeddable":true,"href":"https:\/\/food-shop.org\/index.php?rest_route=%2Fwp%2Fv2%2Fcomments&post=8579"}],"wp:featuredmedia":[{"embeddable":true,"href":"https:\/\/food-shop.org\/index.php?rest_route=\/wp\/v2\/media\/8580"}],"wp:attachment":[{"href":"https:\/\/food-shop.org\/index.php?rest_route=%2Fwp%2Fv2%2Fmedia&parent=8579"}],"wp:term":[{"taxonomy":"product_cat","embeddable":true,"href":"https:\/\/food-shop.org\/index.php?rest_route=%2Fwp%2Fv2%2Fproduct_cat&post=8579"},{"taxonomy":"product_tag","embeddable":true,"href":"https:\/\/food-shop.org\/index.php?rest_route=%2Fwp%2Fv2%2Fproduct_tag&post=8579"}],"curies":[{"name":"wp","href":"https:\/\/api.w.org\/{rel}","templated":true}]}}