{"id":8514,"date":"2020-08-31T15:12:58","date_gmt":"2020-08-31T15:12:58","guid":{"rendered":"https:\/\/food-shop.org\/?product=dallmayr-prodomo-gemahlen-500g-12er-pack-12-x-500-g"},"modified":"2023-04-07T17:02:50","modified_gmt":"2023-04-07T17:02:50","slug":"dallmayr-prodomo-gemahlen-500g-12er-pack-12-x-500-g","status":"publish","type":"product","link":"https:\/\/food-shop.org\/?product=dallmayr-prodomo-gemahlen-500g-12er-pack-12-x-500-g","title":{"rendered":"Dallmayr prodomo gemahlen 500g, 12er Pack (12 x 500 g )"},"content":{"rendered":"<p><!-- show up to 2 reviews by default --> <\/p>\n<h3>Produktbeschreibung<\/h3>\n<p><b>Dallmayr prodomo<\/b> <b>vollendet veredelter Spitzenkaffee<\/b> <\/p>\n<p>In Dallmayr prodomo verbinden sich erlesene Hochlandgew\u00e4chse aus Asien, Afrika, S\u00fcd- und Zentralamerika zu einem fein ausgewogenen Kaffee. Den typischen Geschmack pr\u00e4gen vor allem die Arabica-Bohnen aus den fruchtbaren S\u00fcd-Provinzen \u00c4thiopiens \u2013 der Urheimat des Kaffees. Dallmayr prodomo enth\u00e4lt in vollem Ma\u00dfe das anregende Coffein, wird jedoch vor dem R\u00f6sten durch eine Spezialveredelung von vielen Reiz- und Bitterstoffen befreit. Die Vollaromar\u00f6stung verleiht ihm seinen unverwechselbaren Geschmack \u2013 ein Hochgenuss f\u00fcr alle Kaffeefreunde. Auch f\u00fcr diejenigen, die sonst empfindlich darauf reagieren.<\/p>\n<\/p>\n<h3>Inhaltsstoffe \/ Zutaten<\/h3>\n<p>R\u00f6stkaffee <\/p>\n<div data-a-expander-name=\"toggle_description\" class=\"a-row a-expander-container a-expander-extend-container\">\n<div class=\"a-expander-content a-expander-extend-content\">\n<h3>Anschrift Hersteller\/Importeur<\/h3>\n<p>Alois Dallmayr Kaffee oHG; Dienerstr. 14-15; 80331 M\u00fcnchen <\/p>\n<\/p><\/div>\n<p> <a href=\"void(0)\" data-action=\"a-expander-toggle\" class=\"a-expander-header a-declarative a-expander-extend-header\" data-a-expander-toggle=\"{\"><i class=\"a-icon a-icon-extender-expand\"><\/i><span class=\"a-expander-prompt\">Weitere Informationen<\/span><\/a> <\/div>\n<p>Klassischer Kaffeegenuss aus dem Hause Dallmayr<br \/>\nSpitzenkaffee, der seit \u00fcber 50 Jahren in nahezu derselben Mischung angeboten wird<br \/>\nEine der beliebtesten Kaffeemarken Deutschlands<br \/>\nSpezialveredelt, mit vollem Coffeingehalt \u2013 jedoch von vielen Reiz- und Bitterstoffen befreit<br \/>\n<div class=\"main-cross-sell\" data-asin=\"B000UGGVJI\">\n\n\t<div class=\"WooZone-cross-sell-loader\">\n\t\t<div>\n\t\t\t<div id=\"floatingBarsG\">\n\t\t\t\t<div class=\"blockG\" id=\"rotateG_01\"><\/div>\n\t\t\t\t<div class=\"blockG\" id=\"rotateG_02\"><\/div>\n\t\t\t\t<div class=\"blockG\" id=\"rotateG_03\"><\/div>\n\t\t\t\t<div class=\"blockG\" id=\"rotateG_04\"><\/div>\n\t\t\t\t<div class=\"blockG\" id=\"rotateG_05\"><\/div>\n\t\t\t\t<div class=\"blockG\" id=\"rotateG_06\"><\/div>\n\t\t\t\t<div class=\"blockG\" id=\"rotateG_07\"><\/div>\n\t\t\t\t<div class=\"blockG\" id=\"rotateG_08\"><\/div>\n\t\t\t<\/div>\n\t\t\t<div class=\"WooZone-cross-sell-loader-text\"><\/div>\n\t\t<\/div>\n\t<\/div>\n\n\t\t\n<\/div>\n<div style=\"clear:both;\"><\/div>\n","protected":false},"excerpt":{"rendered":"Klassischer Kaffeegenuss aus dem Hause Dallmayr\nSpitzenkaffee, der seit \u00fcber 50 Jahren in nahezu derselben Mischung angeboten wird\nEine der beliebtesten Kaffeemarken Deutschlands","protected":false},"featured_media":8515,"comment_status":"open","ping_status":"closed","template":"","meta":[],"product_cat":[65,63],"product_tag":[],"_links":{"self":[{"href":"https:\/\/food-shop.org\/index.php?rest_route=\/wp\/v2\/product\/8514"}],"collection":[{"href":"https:\/\/food-shop.org\/index.php?rest_route=\/wp\/v2\/product"}],"about":[{"href":"https:\/\/food-shop.org\/index.php?rest_route=\/wp\/v2\/types\/product"}],"replies":[{"embeddable":true,"href":"https:\/\/food-shop.org\/index.php?rest_route=%2Fwp%2Fv2%2Fcomments&post=8514"}],"wp:featuredmedia":[{"embeddable":true,"href":"https:\/\/food-shop.org\/index.php?rest_route=\/wp\/v2\/media\/8515"}],"wp:attachment":[{"href":"https:\/\/food-shop.org\/index.php?rest_route=%2Fwp%2Fv2%2Fmedia&parent=8514"}],"wp:term":[{"taxonomy":"product_cat","embeddable":true,"href":"https:\/\/food-shop.org\/index.php?rest_route=%2Fwp%2Fv2%2Fproduct_cat&post=8514"},{"taxonomy":"product_tag","embeddable":true,"href":"https:\/\/food-shop.org\/index.php?rest_route=%2Fwp%2Fv2%2Fproduct_tag&post=8514"}],"curies":[{"name":"wp","href":"https:\/\/api.w.org\/{rel}","templated":true}]}}