{"id":8362,"date":"2020-08-31T15:03:06","date_gmt":"2020-08-31T15:03:06","guid":{"rendered":"https:\/\/food-shop.org\/?product=lebensbaum-bio-gourmet-kaffee-1-kg"},"modified":"2023-04-07T17:02:48","modified_gmt":"2023-04-07T17:02:48","slug":"lebensbaum-bio-gourmet-kaffee-1-kg","status":"publish","type":"product","link":"https:\/\/food-shop.org\/?product=lebensbaum-bio-gourmet-kaffee-1-kg","title":{"rendered":"Lebensbaum Bio Gourmet Kaffee, 1 kg"},"content":{"rendered":"<div class=\"disclaim\"> Gr\u00f6\u00dfe:<strong>(1 x 1000g)<\/strong> <\/div>\n<p> <!-- show up to 2 reviews by default --> <\/p>\n<h3>Produktbeschreibung<\/h3>\n<p>Ausgewogen und aromatisch &#8211; f\u00fcr unseren klassischen Gourmet Kaffee verwenden wir ausschlie\u00dflich Bio-Arabica-Bohnen aus dem peruanischen und mexikanischen Hochland. In H\u00f6henlagen von \u00fcber 1000 Metern, nat\u00fcrlich gesch\u00fctzt unter Schattenb\u00e4umen, reifen die Kaffees langsam heran und entwickeln so ihr einzigartiges Aroma. Lebensbaum Kaffees werden traditionell unter Schattenb\u00e4umen kultiviert. Dies sch\u00fctzt den Boden und die vielf\u00e4ltigen \u00d6kosysteme in den Anbaugebieten. Vor Ort w\u00e4hlen wir die erlesenen Qualit\u00e4ten aus und \u00fcberzeugen uns von der exzellenten Arbeit unserer Lieferanten. Ganz im Sinne der Lebensbaum Philosophie bilden langfristige, faire Partnerschaften die Grundlage f\u00fcr einen verantwortungsvollen Umgang mit Natur und Mensch. <\/p>\n<h3>Inhaltsstoffe \/ Zutaten<\/h3>\n<p>R\u00f6stkaffe aus \u00f6kologischem Landbau, ganze Bohnen <\/p>\n<div data-a-expander-name=\"toggle_description\" class=\"a-row a-expander-container a-expander-extend-container\">\n<div class=\"a-expander-content a-expander-extend-content\">\n<h3>Gebrauchsanweisung<\/h3>\n<p>Geeignet f\u00fcr Vollautomat, Filter, French Press. <\/p>\n<h3>Warnhinweise<\/h3>\n<p>Allergie-Info: <b>Nicht in Produktion:<\/b> Eier, Fisch, Milch, N\u00fcsse, Erdn\u00fcsse, Sesam, Gluten, Soja, Lupine, Weichtiere <\/p>\n<h3>Anschrift Hersteller\/Importeur<\/h3>\n<p>Ulrich Walter GmbH D-49342 Diepholz <\/p>\n<\/p><\/div>\n<p> <a href=\"void(0)\" data-action=\"a-expander-toggle\" class=\"a-expander-header a-declarative a-expander-extend-header\" data-a-expander-toggle=\"{\"><i class=\"a-icon a-icon-extender-expand\"><\/i><span class=\"a-expander-prompt\">Weitere Informationen<\/span><\/a> <\/div>\n<p>Bio<br \/>\nIdeal f\u00fcr Kaffeevollautomaten, oder Frisch gemahlen auch f\u00fcr den klassischen Filteraufgu\u00df und French Press<br \/>\nausgewogen aromatisch<br \/>\nAromatischer Hochland Kaffee<br \/>\nArabica Bohnen aus Peru und Mexiko<br \/>\n<div class=\"main-cross-sell\" data-asin=\"B004V2TZO0\">\n\n\t<div class=\"WooZone-cross-sell-loader\">\n\t\t<div>\n\t\t\t<div id=\"floatingBarsG\">\n\t\t\t\t<div class=\"blockG\" id=\"rotateG_01\"><\/div>\n\t\t\t\t<div class=\"blockG\" id=\"rotateG_02\"><\/div>\n\t\t\t\t<div class=\"blockG\" id=\"rotateG_03\"><\/div>\n\t\t\t\t<div class=\"blockG\" id=\"rotateG_04\"><\/div>\n\t\t\t\t<div class=\"blockG\" id=\"rotateG_05\"><\/div>\n\t\t\t\t<div class=\"blockG\" id=\"rotateG_06\"><\/div>\n\t\t\t\t<div class=\"blockG\" id=\"rotateG_07\"><\/div>\n\t\t\t\t<div class=\"blockG\" id=\"rotateG_08\"><\/div>\n\t\t\t<\/div>\n\t\t\t<div class=\"WooZone-cross-sell-loader-text\"><\/div>\n\t\t<\/div>\n\t<\/div>\n\n\t\t\n<\/div>\n<div style=\"clear:both;\"><\/div>\n","protected":false},"excerpt":{"rendered":"Bio\nIdeal f\u00fcr Kaffeevollautomaten, oder Frisch gemahlen auch f\u00fcr den klassischen Filteraufgu\u00df und French Press\nausgewogen aromatisch","protected":false},"featured_media":8363,"comment_status":"open","ping_status":"closed","template":"","meta":[],"product_cat":[65,63],"product_tag":[],"_links":{"self":[{"href":"https:\/\/food-shop.org\/index.php?rest_route=\/wp\/v2\/product\/8362"}],"collection":[{"href":"https:\/\/food-shop.org\/index.php?rest_route=\/wp\/v2\/product"}],"about":[{"href":"https:\/\/food-shop.org\/index.php?rest_route=\/wp\/v2\/types\/product"}],"replies":[{"embeddable":true,"href":"https:\/\/food-shop.org\/index.php?rest_route=%2Fwp%2Fv2%2Fcomments&post=8362"}],"wp:featuredmedia":[{"embeddable":true,"href":"https:\/\/food-shop.org\/index.php?rest_route=\/wp\/v2\/media\/8363"}],"wp:attachment":[{"href":"https:\/\/food-shop.org\/index.php?rest_route=%2Fwp%2Fv2%2Fmedia&parent=8362"}],"wp:term":[{"taxonomy":"product_cat","embeddable":true,"href":"https:\/\/food-shop.org\/index.php?rest_route=%2Fwp%2Fv2%2Fproduct_cat&post=8362"},{"taxonomy":"product_tag","embeddable":true,"href":"https:\/\/food-shop.org\/index.php?rest_route=%2Fwp%2Fv2%2Fproduct_tag&post=8362"}],"curies":[{"name":"wp","href":"https:\/\/api.w.org\/{rel}","templated":true}]}}