{"id":8181,"date":"2020-08-31T14:57:00","date_gmt":"2020-08-31T14:57:00","guid":{"rendered":"https:\/\/food-shop.org\/?product=melitta-auslese-klassisch-filterkaffee-18x-500g-9000g-kaffee-aus-besten-anbaugebieten"},"modified":"2023-04-05T16:30:55","modified_gmt":"2023-04-05T16:30:55","slug":"melitta-auslese-klassisch-filterkaffee-18x-500g-9000g-kaffee-aus-besten-anbaugebieten","status":"publish","type":"product","link":"https:\/\/food-shop.org\/?product=melitta-auslese-klassisch-filterkaffee-18x-500g-9000g-kaffee-aus-besten-anbaugebieten","title":{"rendered":"Melitta Auslese klassisch Filterkaffee 18x 500g (9000g) &#8211; Kaffee aus besten Anbaugebieten"},"content":{"rendered":"<p><!-- show up to 2 reviews by default --> <\/p>\n<h3>Produktbeschreibungen<\/h3>\n<p>Melitta Auslese klassisch mild bek\u00f6mmlich und aromatisch! F\u00fcr diesen gemahlenen R\u00f6stkaffee verwendet Melitta eine erlesene Bohnenauswahl, die durch einen Veredelungsschritt behutsam von Bitterstoffen befreit wird. So entsteht das besonders milde aber dabei vollmundige Aroma dieser Komposition. St\u00e4rke \/ R\u00f6stgrad: 3. <\/p>\n<h3>Inhaltsstoffe \/ Zutaten<\/h3>\n<p>100% Gemahlener R\u00f6stkaffee.Kostbare Mischung von Rohkaffeesorten aus ausgew\u00e4hlten Anbaul\u00e4ndern. <\/p>\n<div data-a-expander-name=\"toggle_description\" class=\"a-row a-expander-container a-expander-extend-container\">\n<div class=\"a-expander-content a-expander-extend-content\">\n<h3>Anschrift Hersteller\/Importeur<\/h3>\n<p>Melitta Europa GmbH &amp; Co. KG, Ringstr. 99, 32427 Minden, D. <\/p>\n<\/p><\/div>\n<p> <a href=\"void(0)\" data-action=\"a-expander-toggle\" class=\"a-expander-header a-declarative a-expander-extend-header\" data-a-expander-toggle=\"{\"><i class=\"a-icon a-icon-extender-expand\"><\/i><span class=\"a-expander-prompt\">Weitere Informationen<\/span><\/a> <\/div>\n<p>Melitta Auslese klassisch mild bek\u00f6mmlich und aromatisch!<br \/>\nF\u00fcr diesen gemahlenen R\u00f6stkaffee verwendet Melitta eine erlesene Bohnenauswahl, die durch einen Veredelungsschritt behutsam von Bitterstoffen befreit wird. So entsteht das besonders milde aber dabei vollmundige Aroma dieser Komposition.<br \/>\nSt\u00e4rke \/ R\u00f6stgrad: 4.<br \/>\nFreude am Kaffee &#8211; daf\u00fcr steht Melitta , seit Melitta Bentz im Jahr 1908 den ersten Kaffeefilter erfunden und so einen Grundstein f\u00fcr den modernen Kaffeegenuss gelegt hat.<br \/>\nDiese Freude am Kaffee ist damals wie heute unser Antrieb, mit Kompetenz, Erfindergeist und Liebe zum Produkt stets beste Qualit\u00e4t und einzigartigen Kaffeegenuss zu bieten.<br \/>\n<div class=\"main-cross-sell\" data-asin=\"B075KJPDDX\">\n\n\t<div class=\"WooZone-cross-sell-loader\">\n\t\t<div>\n\t\t\t<div id=\"floatingBarsG\">\n\t\t\t\t<div class=\"blockG\" id=\"rotateG_01\"><\/div>\n\t\t\t\t<div class=\"blockG\" id=\"rotateG_02\"><\/div>\n\t\t\t\t<div class=\"blockG\" id=\"rotateG_03\"><\/div>\n\t\t\t\t<div class=\"blockG\" id=\"rotateG_04\"><\/div>\n\t\t\t\t<div class=\"blockG\" id=\"rotateG_05\"><\/div>\n\t\t\t\t<div class=\"blockG\" id=\"rotateG_06\"><\/div>\n\t\t\t\t<div class=\"blockG\" id=\"rotateG_07\"><\/div>\n\t\t\t\t<div class=\"blockG\" id=\"rotateG_08\"><\/div>\n\t\t\t<\/div>\n\t\t\t<div class=\"WooZone-cross-sell-loader-text\"><\/div>\n\t\t<\/div>\n\t<\/div>\n\n\t\t\n<\/div>\n<div style=\"clear:both;\"><\/div>\n","protected":false},"excerpt":{"rendered":"Melitta Auslese klassisch mild bek\u00f6mmlich und aromatisch!\nF\u00fcr diesen gemahlenen R\u00f6stkaffee verwendet Melitta eine erlesene Bohnenauswahl, die durch einen Veredelungsschritt behutsam von Bitterstoffen befreit wird. So entsteht das besonders milde aber dabei vollmundige Aroma dieser Komposition.\nSt\u00e4rke \/ R\u00f6stgrad: 4.","protected":false},"featured_media":8182,"comment_status":"open","ping_status":"closed","template":"","meta":[],"product_cat":[65,63],"product_tag":[],"_links":{"self":[{"href":"https:\/\/food-shop.org\/index.php?rest_route=\/wp\/v2\/product\/8181"}],"collection":[{"href":"https:\/\/food-shop.org\/index.php?rest_route=\/wp\/v2\/product"}],"about":[{"href":"https:\/\/food-shop.org\/index.php?rest_route=\/wp\/v2\/types\/product"}],"replies":[{"embeddable":true,"href":"https:\/\/food-shop.org\/index.php?rest_route=%2Fwp%2Fv2%2Fcomments&post=8181"}],"wp:featuredmedia":[{"embeddable":true,"href":"https:\/\/food-shop.org\/index.php?rest_route=\/wp\/v2\/media\/8182"}],"wp:attachment":[{"href":"https:\/\/food-shop.org\/index.php?rest_route=%2Fwp%2Fv2%2Fmedia&parent=8181"}],"wp:term":[{"taxonomy":"product_cat","embeddable":true,"href":"https:\/\/food-shop.org\/index.php?rest_route=%2Fwp%2Fv2%2Fproduct_cat&post=8181"},{"taxonomy":"product_tag","embeddable":true,"href":"https:\/\/food-shop.org\/index.php?rest_route=%2Fwp%2Fv2%2Fproduct_tag&post=8181"}],"curies":[{"name":"wp","href":"https:\/\/api.w.org\/{rel}","templated":true}]}}