{"id":8177,"date":"2020-08-31T14:57:00","date_gmt":"2020-08-31T14:57:00","guid":{"rendered":"https:\/\/food-shop.org\/?product=jacobs-kroenung-gemahlen-8x-500g-4000g-jacobs-filterkaffee-kaffee"},"modified":"2023-04-05T16:30:55","modified_gmt":"2023-04-05T16:30:55","slug":"jacobs-kroenung-gemahlen-8x-500g-4000g-jacobs-filterkaffee-kaffee","status":"publish","type":"product","link":"https:\/\/food-shop.org\/?product=jacobs-kroenung-gemahlen-8x-500g-4000g-jacobs-filterkaffee-kaffee","title":{"rendered":"JACOBS Filterkaffee Kr\u00f6nung 8 x 500g Pulver-Kaffee gemahlen R\u00f6stkaffee"},"content":{"rendered":"<p><!-- show up to 2 reviews by default --> <\/p>\n<h3>Produktbeschreibungen<\/h3>\n<p>Mit dem magischen Verw\u00f6hnaroma! Entdecke den unnachahmlichen Genuss von Jacobs Filterkaffee. Genie\u00dfen Sie die verschiedenen Sorten Filterkaffee: von mild, klassisch und kr\u00e4ftig bis hin zu entkoffeiniert. Seit mehr als 50 Jahren pr\u00e4sentiert sich Jacobs Kr\u00f6nung als einer der beliebtesten Kaffees der Deutschen und begeistert die Genie\u00dfer durch das unnachahmliche Verw\u00f6hnaroma. <\/p>\n<h3>Inhaltsstoffe \/ Zutaten<\/h3>\n<p>Gemahlener R\u00f6stkaffee <\/p>\n<div data-a-expander-name=\"toggle_description\" class=\"a-row a-expander-container a-expander-extend-container\">\n<div class=\"a-expander-content a-expander-extend-content\">\n<h3>Anschrift Hersteller\/Importeur<\/h3>\n<p>JACOBS DOUWE EGBERTS DE GmbH, Langemarckstra\u00dfe 4-20, 28199 Bremen, D. <\/p>\n<\/p><\/div>\n<p> <a href=\"void(0)\" data-action=\"a-expander-toggle\" class=\"a-expander-header a-declarative a-expander-extend-header\" data-a-expander-toggle=\"{\"><i class=\"a-icon a-icon-extender-expand\"><\/i><span class=\"a-expander-prompt\">Weitere Informationen<\/span><\/a> <\/div>\n<p>Mit dem magischen Verw\u00f6hnaroma! Entdecke den unnachahmlichen Genuss von Jacobs Filterkaffee.<br \/>\nSeit mehr als 50 Jahren pr\u00e4sentiert sich Jacobs Kr\u00f6nung als einer der beliebtesten Kaffees der Deutschen und begeistert die Genie\u00dfer durch das unnachahmliche Verw\u00f6hnaroma.<br \/>\nJacobs Kr\u00f6nung widmet diesem Verw\u00f6hnaroma seine gesamte Leidenschaft. Das Geheimnis des Verw\u00f6hnaromas liegt darin, dass wir das wertvolle Aroma behutsam in der Bohne einschlie\u00dfen \u2013 mit unserer Jacobs Aroma-R\u00f6stung und anschlie\u00dfender K\u00fchlung der Bohnen.<br \/>\nBeim Aufbr\u00fchen entfaltet sich dann das unwiderstehliche Verw\u00f6hnaroma f\u00fcr voll-aromatischen Kaffeegenuss von der ersten bis zur letzten Tasse.<br \/>\nNimm Dir die Zeit, um jede Tasse Jacobs Kr\u00f6nung mit allen Sinnen zu genie\u00dfen!<br \/>\n<div class=\"main-cross-sell\" data-asin=\"B074TC84QB\">\n\n\t<div class=\"WooZone-cross-sell-loader\">\n\t\t<div>\n\t\t\t<div id=\"floatingBarsG\">\n\t\t\t\t<div class=\"blockG\" id=\"rotateG_01\"><\/div>\n\t\t\t\t<div class=\"blockG\" id=\"rotateG_02\"><\/div>\n\t\t\t\t<div class=\"blockG\" id=\"rotateG_03\"><\/div>\n\t\t\t\t<div class=\"blockG\" id=\"rotateG_04\"><\/div>\n\t\t\t\t<div class=\"blockG\" id=\"rotateG_05\"><\/div>\n\t\t\t\t<div class=\"blockG\" id=\"rotateG_06\"><\/div>\n\t\t\t\t<div class=\"blockG\" id=\"rotateG_07\"><\/div>\n\t\t\t\t<div class=\"blockG\" id=\"rotateG_08\"><\/div>\n\t\t\t<\/div>\n\t\t\t<div class=\"WooZone-cross-sell-loader-text\"><\/div>\n\t\t<\/div>\n\t<\/div>\n\n\t\t\n<\/div>\n<div style=\"clear:both;\"><\/div>\n","protected":false},"excerpt":{"rendered":"Mit dem magischen Verw\u00f6hnaroma! Entdecke den unnachahmlichen Genuss von Jacobs Filterkaffee.\nSeit mehr als 50 Jahren pr\u00e4sentiert sich Jacobs Kr\u00f6nung als einer der beliebtesten Kaffees der Deutschen und begeistert die Genie\u00dfer durch das unnachahmliche Verw\u00f6hnaroma.\nJacobs Kr\u00f6nung widmet diesem Verw\u00f6hnaroma seine gesamte Leidenschaft. Das Geheimnis des Verw\u00f6hnaromas liegt darin, dass wir das wertvolle Aroma behutsam in der Bohne einschlie\u00dfen \u2013 mit unserer Jacobs Aroma-R\u00f6stung und anschlie\u00dfender K\u00fchlung der Bohnen.","protected":false},"featured_media":8178,"comment_status":"open","ping_status":"closed","template":"","meta":[],"product_cat":[65,63],"product_tag":[],"_links":{"self":[{"href":"https:\/\/food-shop.org\/index.php?rest_route=\/wp\/v2\/product\/8177"}],"collection":[{"href":"https:\/\/food-shop.org\/index.php?rest_route=\/wp\/v2\/product"}],"about":[{"href":"https:\/\/food-shop.org\/index.php?rest_route=\/wp\/v2\/types\/product"}],"replies":[{"embeddable":true,"href":"https:\/\/food-shop.org\/index.php?rest_route=%2Fwp%2Fv2%2Fcomments&post=8177"}],"wp:featuredmedia":[{"embeddable":true,"href":"https:\/\/food-shop.org\/index.php?rest_route=\/wp\/v2\/media\/8178"}],"wp:attachment":[{"href":"https:\/\/food-shop.org\/index.php?rest_route=%2Fwp%2Fv2%2Fmedia&parent=8177"}],"wp:term":[{"taxonomy":"product_cat","embeddable":true,"href":"https:\/\/food-shop.org\/index.php?rest_route=%2Fwp%2Fv2%2Fproduct_cat&post=8177"},{"taxonomy":"product_tag","embeddable":true,"href":"https:\/\/food-shop.org\/index.php?rest_route=%2Fwp%2Fv2%2Fproduct_tag&post=8177"}],"curies":[{"name":"wp","href":"https:\/\/api.w.org\/{rel}","templated":true}]}}