{"id":7974,"date":"2020-08-31T14:51:16","date_gmt":"2020-08-31T14:51:16","guid":{"rendered":"https:\/\/food-shop.org\/?product=alnatura-demeter-bio-griessbrei-6er-pack-6-x-190-g"},"modified":"2023-04-05T16:30:52","modified_gmt":"2023-04-05T16:30:52","slug":"alnatura-demeter-bio-griessbrei-6er-pack-6-x-190-g","status":"publish","type":"product","link":"https:\/\/food-shop.org\/?product=alnatura-demeter-bio-griessbrei-6er-pack-6-x-190-g","title":{"rendered":"Alnatura Demeter Bio Grie\u00dfbrei, 6er Pack (6 x 190 g)"},"content":{"rendered":"<p><!-- show up to 2 reviews by default --> <\/p>\n<h3>Produktbeschreibung<\/h3>\n<p>Alnatura Grie\u00dfbrei ist genau abgestimmt auf die Bed\u00fcrfnisse unserer kleinen Feinschmecker und beinhaltet wichtige N\u00e4hrstoffe f\u00fcr ihre Entwicklung. Warm oder kalt erfreut es die B\u00e4uche unserer Liebsten. <\/p>\n<h3>Inhaltsstoffe \/ Zutaten<\/h3>\n<p>Milchzubereitung* 55 % (Wasser 90 %, MAGERMILCHPULVER* 10 %), Wasser, HARTWEIZENGRIE\u00df* 5 %, SAHNE* 5 %, WEIZENVOLLKORNMEHL* 2 %,WEIZENVOLLKORNFLOCKEN* 1 %, Sonnenblumen\u00f6l** 1 %, Thiamin (Vitamin B1)\u00b2,Vitamin A\u00b2, Vitamin D\u00b2. <br \/>*aus biodynamischem Landbau. <br \/>**aus biologischer Landwirtschaft. <br \/>\u00b2gesetzlich in Babynahrung vorgeschrieben. <\/p>\n<div data-a-expander-name=\"toggle_description\" class=\"a-row a-expander-container a-expander-extend-container\">\n<div class=\"a-expander-content a-expander-extend-content\">\n<h3>Gebrauchsanweisung<\/h3>\n<p>Schmeckt warm und kalt. Ge\u00f6ffnetes Glas bzw. gew\u00fcnschte Portion im Wasserbad erw\u00e4rmen, umr\u00fchren, Temperatur pr\u00fcfen. <\/p>\n<h3>Warnhinweise<\/h3>\n<p>Bitte nur Plastikl\u00f6ffel verwenden, um das Glas nicht zu besch\u00e4digen. <\/p>\n<h3>Anschrift Hersteller\/Importeur<\/h3>\n<p>Alnatura GmbH, Darmst\u00e4dter Str. 63, D-64404 Bickenbach <\/p>\n<\/p><\/div>\n<p> <a href=\"void(0)\" data-action=\"a-expander-toggle\" class=\"a-expander-header a-declarative a-expander-extend-header\" data-a-expander-toggle=\"{\"><i class=\"a-icon a-icon-extender-expand\"><\/i><span class=\"a-expander-prompt\">Weitere Informationen<\/span><\/a> <\/div>\n<p>Ohne Zuckerzusatz<br \/>\nFein p\u00fcriert zur einfachen Zunahme<br \/>\nOhne Zusatz von Aromen<br \/>\n<div class=\"main-cross-sell\" data-asin=\"B06W5KXR4L\">\n\n\t<div class=\"WooZone-cross-sell-loader\">\n\t\t<div>\n\t\t\t<div id=\"floatingBarsG\">\n\t\t\t\t<div class=\"blockG\" id=\"rotateG_01\"><\/div>\n\t\t\t\t<div class=\"blockG\" id=\"rotateG_02\"><\/div>\n\t\t\t\t<div class=\"blockG\" id=\"rotateG_03\"><\/div>\n\t\t\t\t<div class=\"blockG\" id=\"rotateG_04\"><\/div>\n\t\t\t\t<div class=\"blockG\" id=\"rotateG_05\"><\/div>\n\t\t\t\t<div class=\"blockG\" id=\"rotateG_06\"><\/div>\n\t\t\t\t<div class=\"blockG\" id=\"rotateG_07\"><\/div>\n\t\t\t\t<div class=\"blockG\" id=\"rotateG_08\"><\/div>\n\t\t\t<\/div>\n\t\t\t<div class=\"WooZone-cross-sell-loader-text\"><\/div>\n\t\t<\/div>\n\t<\/div>\n\n\t\t\n<\/div>\n<div style=\"clear:both;\"><\/div>\n","protected":false},"excerpt":{"rendered":"Ohne Zuckerzusatz\nFein p\u00fcriert zur einfachen Zunahme\nOhne Zusatz von Aromen","protected":false},"featured_media":7975,"comment_status":"open","ping_status":"closed","template":"","meta":[],"product_cat":[61,64],"product_tag":[],"_links":{"self":[{"href":"https:\/\/food-shop.org\/index.php?rest_route=\/wp\/v2\/product\/7974"}],"collection":[{"href":"https:\/\/food-shop.org\/index.php?rest_route=\/wp\/v2\/product"}],"about":[{"href":"https:\/\/food-shop.org\/index.php?rest_route=\/wp\/v2\/types\/product"}],"replies":[{"embeddable":true,"href":"https:\/\/food-shop.org\/index.php?rest_route=%2Fwp%2Fv2%2Fcomments&post=7974"}],"wp:featuredmedia":[{"embeddable":true,"href":"https:\/\/food-shop.org\/index.php?rest_route=\/wp\/v2\/media\/7975"}],"wp:attachment":[{"href":"https:\/\/food-shop.org\/index.php?rest_route=%2Fwp%2Fv2%2Fmedia&parent=7974"}],"wp:term":[{"taxonomy":"product_cat","embeddable":true,"href":"https:\/\/food-shop.org\/index.php?rest_route=%2Fwp%2Fv2%2Fproduct_cat&post=7974"},{"taxonomy":"product_tag","embeddable":true,"href":"https:\/\/food-shop.org\/index.php?rest_route=%2Fwp%2Fv2%2Fproduct_tag&post=7974"}],"curies":[{"name":"wp","href":"https:\/\/api.w.org\/{rel}","templated":true}]}}