{"id":7384,"date":"2020-08-31T13:49:44","date_gmt":"2020-08-31T13:49:44","guid":{"rendered":"https:\/\/food-shop.org\/?product=alnatura-bio-eiweissbrot-vegan-9er-pack-9-x-250-g"},"modified":"2023-04-10T18:03:43","modified_gmt":"2023-04-10T18:03:43","slug":"alnatura-bio-eiweissbrot-vegan-9er-pack-9-x-250-g","status":"publish","type":"product","link":"https:\/\/food-shop.org\/?product=alnatura-bio-eiweissbrot-vegan-9er-pack-9-x-250-g","title":{"rendered":"Alnatura Bio Eiwei\u00dfbrot, vegan, 9er Pack (9 x 250 g)"},"content":{"rendered":"<p><!-- show up to 2 reviews by default --> <\/p>\n<h3>Produktbeschreibung<\/h3>\n<p>Ein saftiges eiwei\u00dfhaltiges Roggenbrot mit der dreifachen Eiwei\u00dfmenge und 60 Prozent weniger Kohlenhydraten als ein herk\u00f6mmliches Roggenbrot. Das Eiwei\u00dfbrot von Alnatura enth\u00e4lt Roggenvollkornmehl, Weizeneiwei\u00df, Sojaschrot, Leinsamen sowie Sonnenblumenkernen. <\/p>\n<h3>Inhaltsstoffe \/ Zutaten<\/h3>\n<p>Wasser, ROGGENVOLLKORNMEHL* 20%, WEIZENEIWEI\u00df* 13%, Leinsamen* 10%,SOJASCHROT* 10%, SOJAMEHL*, Apfelessig*, Sonnenblumenkerne* 2%,WEIZENKLEIE*, Apfelfaser* Meersalz, Hefe*. <br \/>*aus biologischem Anbau. <br \/>Kann Spuren von Mandel, N\u00fcssen und Sesam enthalten. <\/p>\n<div data-a-expander-name=\"toggle_description\" class=\"a-row a-expander-container a-expander-extend-container\">\n<div class=\"a-expander-content a-expander-extend-content\">\n<h3>Gebrauchsanweisung<\/h3>\n<p>K\u00fchl und trocken lagern. <\/p>\n<h3>Warnhinweise<\/h3>\n<p>keine <\/p>\n<h3>Anschrift Hersteller\/Importeur<\/h3>\n<p>Alnatura GmbH, Darmst\u00e4dter Str. 63, D-64404 Bickenbach <\/p>\n<\/p><\/div>\n<p> <a href=\"void(0)\" data-action=\"a-expander-toggle\" class=\"a-expander-header a-declarative a-expander-extend-header\" data-a-expander-toggle=\"{\"><i class=\"a-icon a-icon-extender-expand\"><\/i><span class=\"a-expander-prompt\">Weitere Informationen<\/span><\/a> <\/div>\n<p>3-fache Menge Eiwei\u00df<br \/>\n60% weniger Kohlenhydrate<br \/>\nGetreide aus Deutschland<br \/>\n<div class=\"main-cross-sell\" data-asin=\"B06X1GCD38\">\n\n\t<div class=\"WooZone-cross-sell-loader\">\n\t\t<div>\n\t\t\t<div id=\"floatingBarsG\">\n\t\t\t\t<div class=\"blockG\" id=\"rotateG_01\"><\/div>\n\t\t\t\t<div class=\"blockG\" id=\"rotateG_02\"><\/div>\n\t\t\t\t<div class=\"blockG\" id=\"rotateG_03\"><\/div>\n\t\t\t\t<div class=\"blockG\" id=\"rotateG_04\"><\/div>\n\t\t\t\t<div class=\"blockG\" id=\"rotateG_05\"><\/div>\n\t\t\t\t<div class=\"blockG\" id=\"rotateG_06\"><\/div>\n\t\t\t\t<div class=\"blockG\" id=\"rotateG_07\"><\/div>\n\t\t\t\t<div class=\"blockG\" id=\"rotateG_08\"><\/div>\n\t\t\t<\/div>\n\t\t\t<div class=\"WooZone-cross-sell-loader-text\"><\/div>\n\t\t<\/div>\n\t<\/div>\n\n\t\t\n<\/div>\n<div style=\"clear:both;\"><\/div>\n","protected":false},"excerpt":{"rendered":"3-fache Menge Eiwei\u00df\n60% weniger Kohlenhydrate\nGetreide aus Deutschland","protected":false},"featured_media":7385,"comment_status":"open","ping_status":"closed","template":"","meta":[],"product_cat":[56,64],"product_tag":[],"_links":{"self":[{"href":"https:\/\/food-shop.org\/index.php?rest_route=\/wp\/v2\/product\/7384"}],"collection":[{"href":"https:\/\/food-shop.org\/index.php?rest_route=\/wp\/v2\/product"}],"about":[{"href":"https:\/\/food-shop.org\/index.php?rest_route=\/wp\/v2\/types\/product"}],"replies":[{"embeddable":true,"href":"https:\/\/food-shop.org\/index.php?rest_route=%2Fwp%2Fv2%2Fcomments&post=7384"}],"wp:featuredmedia":[{"embeddable":true,"href":"https:\/\/food-shop.org\/index.php?rest_route=\/wp\/v2\/media\/7385"}],"wp:attachment":[{"href":"https:\/\/food-shop.org\/index.php?rest_route=%2Fwp%2Fv2%2Fmedia&parent=7384"}],"wp:term":[{"taxonomy":"product_cat","embeddable":true,"href":"https:\/\/food-shop.org\/index.php?rest_route=%2Fwp%2Fv2%2Fproduct_cat&post=7384"},{"taxonomy":"product_tag","embeddable":true,"href":"https:\/\/food-shop.org\/index.php?rest_route=%2Fwp%2Fv2%2Fproduct_tag&post=7384"}],"curies":[{"name":"wp","href":"https:\/\/api.w.org\/{rel}","templated":true}]}}