{"id":7378,"date":"2020-08-31T13:49:41","date_gmt":"2020-08-31T13:49:41","guid":{"rendered":"https:\/\/food-shop.org\/?product=harry-brot-1688-steinofenbrot-500g-10"},"modified":"2023-04-10T18:03:43","modified_gmt":"2023-04-10T18:03:43","slug":"harry-brot-1688-steinofenbrot-500g-10","status":"publish","type":"product","link":"https:\/\/food-shop.org\/?product=harry-brot-1688-steinofenbrot-500g-10","title":{"rendered":"Harry Brot 1688 Steinofenbrot 500g (10)"},"content":{"rendered":"<div class=\"disclaim\"> St\u00fcckzahl:<strong>10<\/strong> <\/div>\n<p> <!-- show up to 2 reviews by default --> <\/p>\n<h3>Produktbeschreibungen<\/h3>\n<p>1688 Steinofen 500 g, geschnitten Harry 1688 Steinofenbrot wird nach guter alter Harry-Tradition auf Steinplatten gebacken. Wir nehmen dazu bestes Roggen- und Weizenmehl und Natursauerteig, der \u00fcber viele Stunden immer wieder frisch gezogen wird. Er verleiht dem Brot sein besonderes Aroma. Verkehrsbezeichnung: Roggenmischbrot mit 30 % Roggenanteil Schon gewusst? Das Harry 1688 Steinofenbrot tr\u00e4gt seinen Namen mit Recht. Denn es wird auch heute noch, wie fr\u00fcher, traditionell im Steinofen gebacken. <\/p>\n<h3>Inhaltsstoffe \/ Zutaten<\/h3>\n<p>WEIZENmehl, Natursauerteig (Wasser, ROGGENvollkornmehl, ROGGENmehl), Wasser, ROGGENmehl, Salz, Hefe, ROGGENmalzmehl, S\u00e4ureregulator Natriumacetate. Kann Spuren von SESAM enthalten. <\/p>\n<div data-a-expander-name=\"toggle_description\" class=\"a-row a-expander-container a-expander-extend-container\">\n<div class=\"a-expander-content a-expander-extend-content\">\n<h3>Rechtliche Hinweise<\/h3>\n<p>Shoerassic versendet dieses Produkt nur Mo und Do aufgrund von begrenzter Haltbarkeit. Bestellungen die zwischen Donnerstag und Freitag 15:00 eingehen werden auf Grund der Frische erst am Montag der folgenden Woche versendet. Bestellungen die von Freitag 17:00 Uhr bis Mittwoch eintreffen werden am Donnerstag versendet. Wir versenden unsere Ware immer so frisch wie m\u00f6glich. Lebensmittel vom Umtausch ausgeschlossen. <\/p>\n<\/p><\/div>\n<p> <a href=\"void(0)\" data-action=\"a-expander-toggle\" class=\"a-expander-header a-declarative a-expander-extend-header\" data-a-expander-toggle=\"{\"><i class=\"a-icon a-icon-extender-expand\"><\/i><span class=\"a-expander-prompt\">Weitere Informationen<\/span><\/a> <\/div>\n<p>Gro\u00dfe 500g Packung f\u00fcr die ganze Familie von Klein bis Gro\u00df<br \/>\nLecker-saftiges Roggennmischbrot mit einem Roggenanteil von 30%<br \/>\nMit Natursauerteig und ohne Konservierungsstoffe gebacken<br \/>\nMHD von 10 Tagen ab Herstellung (bitte Versandzeit bedenken).<br \/>\nMade in Germany.<br \/>\n<div class=\"main-cross-sell\" data-asin=\"B07Z8W6QLR\">\n\n\t<div class=\"WooZone-cross-sell-loader\">\n\t\t<div>\n\t\t\t<div id=\"floatingBarsG\">\n\t\t\t\t<div class=\"blockG\" id=\"rotateG_01\"><\/div>\n\t\t\t\t<div class=\"blockG\" id=\"rotateG_02\"><\/div>\n\t\t\t\t<div class=\"blockG\" id=\"rotateG_03\"><\/div>\n\t\t\t\t<div class=\"blockG\" id=\"rotateG_04\"><\/div>\n\t\t\t\t<div class=\"blockG\" id=\"rotateG_05\"><\/div>\n\t\t\t\t<div class=\"blockG\" id=\"rotateG_06\"><\/div>\n\t\t\t\t<div class=\"blockG\" id=\"rotateG_07\"><\/div>\n\t\t\t\t<div class=\"blockG\" id=\"rotateG_08\"><\/div>\n\t\t\t<\/div>\n\t\t\t<div class=\"WooZone-cross-sell-loader-text\"><\/div>\n\t\t<\/div>\n\t<\/div>\n\n\t\t\n<\/div>\n<div style=\"clear:both;\"><\/div>\n","protected":false},"excerpt":{"rendered":"Gro\u00dfe 500g Packung f\u00fcr die ganze Familie von Klein bis Gro\u00df\nLecker-saftiges Roggennmischbrot mit einem Roggenanteil von 30%\nMit Natursauerteig und ohne Konservierungsstoffe gebacken","protected":false},"featured_media":7379,"comment_status":"open","ping_status":"closed","template":"","meta":[],"product_cat":[56,64],"product_tag":[],"_links":{"self":[{"href":"https:\/\/food-shop.org\/index.php?rest_route=\/wp\/v2\/product\/7378"}],"collection":[{"href":"https:\/\/food-shop.org\/index.php?rest_route=\/wp\/v2\/product"}],"about":[{"href":"https:\/\/food-shop.org\/index.php?rest_route=\/wp\/v2\/types\/product"}],"replies":[{"embeddable":true,"href":"https:\/\/food-shop.org\/index.php?rest_route=%2Fwp%2Fv2%2Fcomments&post=7378"}],"wp:featuredmedia":[{"embeddable":true,"href":"https:\/\/food-shop.org\/index.php?rest_route=\/wp\/v2\/media\/7379"}],"wp:attachment":[{"href":"https:\/\/food-shop.org\/index.php?rest_route=%2Fwp%2Fv2%2Fmedia&parent=7378"}],"wp:term":[{"taxonomy":"product_cat","embeddable":true,"href":"https:\/\/food-shop.org\/index.php?rest_route=%2Fwp%2Fv2%2Fproduct_cat&post=7378"},{"taxonomy":"product_tag","embeddable":true,"href":"https:\/\/food-shop.org\/index.php?rest_route=%2Fwp%2Fv2%2Fproduct_tag&post=7378"}],"curies":[{"name":"wp","href":"https:\/\/api.w.org\/{rel}","templated":true}]}}