{"id":7305,"date":"2020-08-31T13:44:47","date_gmt":"2020-08-31T13:44:47","guid":{"rendered":"https:\/\/food-shop.org\/?product=akafuji-sushi-reis-akitakomachi-5000-g"},"modified":"2023-04-10T17:56:55","modified_gmt":"2023-04-10T17:56:55","slug":"akafuji-sushi-reis-akitakomachi-5000-g","status":"publish","type":"product","link":"https:\/\/food-shop.org\/?product=akafuji-sushi-reis-akitakomachi-5000-g","title":{"rendered":"AKAFUJI Sushi Reis, Akitakomachi, 5000 g"},"content":{"rendered":"<p><!-- show up to 2 reviews by default --> <\/p>\n<h3>Produktbeschreibung<\/h3>\n<p>Sushi Reis, Akita Komachi 100 % Rundkornreis aus Japan Zubereitungshinweis: Den Reis unter flie\u00dfendem Wasser waschen bis das Wasser klar wird. Geben sie den Reis mit der 1, 45- fachen Menge an Wasser in den Reiskocher und lassen sie den Reis f\u00fcr circa 40 Minuten einweichen. Schalten sie nun den Reiskocher an und d\u00e4mpfen den Reis, bis das Wasser verdampft ist. Beachten sie bitte zus\u00e4tzlich die Bedienungsanleitung Ihres Ger\u00e4tes. Wir empfehlen den Reis im geschlossenen Reiskocher weitere 15 Minuten nach Beendigung des Dampfvorgangs ruhen lassen. <\/p>\n<h3>Inhaltsstoffe \/ Zutaten<\/h3>\n<p>Zutaten: Rundkornreis (100%) <\/p>\n<div data-a-expander-name=\"toggle_description\" class=\"a-row a-expander-container a-expander-extend-container\">\n<div class=\"a-expander-content a-expander-extend-content\">\n<h3>Gebrauchsanweisung<\/h3>\n<p>Den Reis unter flie\u00dfendem Wasser waschen bis das Wasser klar wird. Geben sie den Reis mit der 1,45-fachen Menge an Wasser in den Reiskocher und lassen sie den Reis f\u00fcr ca. 40 Minuten einweichen. Schalten sie nun den Reiskocher an und d\u00e4mpfen den Reis, bis das Wasser verdampft ist. Beachten sie bitte zus\u00e4tzlich die Bedienungsanleitung Ihres Ger\u00e4tes. Wir empfehlen den Reis im geschlossenen Reiskocher weitere 15 Minuten nach Beendigung des Dampfvorgangs ruhen lassen. <\/p>\n<h3>Anschrift Hersteller\/Importeur<\/h3>\n<p>Industriestra\u00dfe 40-42, 28876 Oyten, Germany <\/p>\n<\/p><\/div>\n<p> <a href=\"void(0)\" data-action=\"a-expander-toggle\" class=\"a-expander-header a-declarative a-expander-extend-header\" data-a-expander-toggle=\"{\"><i class=\"a-icon a-icon-extender-expand\"><\/i><span class=\"a-expander-prompt\">Weitere Informationen<\/span><\/a> <\/div>\n<p>100 % Rundkornreis, perfekt f\u00fcr die Zubereitung von Sushi<br \/>\nZubereitungshinweis: Den Reis unter flie\u00dfendem Wasser waschen bis das Wasser klar wird Geben sie den Reis mit der 1, 45-fachen Menge Wasser in den Reiskocher<br \/>\n<div class=\"main-cross-sell\" data-asin=\"B00406DL9M\">\n\n\t<div class=\"WooZone-cross-sell-loader\">\n\t\t<div>\n\t\t\t<div id=\"floatingBarsG\">\n\t\t\t\t<div class=\"blockG\" id=\"rotateG_01\"><\/div>\n\t\t\t\t<div class=\"blockG\" id=\"rotateG_02\"><\/div>\n\t\t\t\t<div class=\"blockG\" id=\"rotateG_03\"><\/div>\n\t\t\t\t<div class=\"blockG\" id=\"rotateG_04\"><\/div>\n\t\t\t\t<div class=\"blockG\" id=\"rotateG_05\"><\/div>\n\t\t\t\t<div class=\"blockG\" id=\"rotateG_06\"><\/div>\n\t\t\t\t<div class=\"blockG\" id=\"rotateG_07\"><\/div>\n\t\t\t\t<div class=\"blockG\" id=\"rotateG_08\"><\/div>\n\t\t\t<\/div>\n\t\t\t<div class=\"WooZone-cross-sell-loader-text\"><\/div>\n\t\t<\/div>\n\t<\/div>\n\n\t\t\n<\/div>\n<div style=\"clear:both;\"><\/div>\n","protected":false},"excerpt":{"rendered":"100 % Rundkornreis, perfekt f\u00fcr die Zubereitung von Sushi\nZubereitungshinweis: Den Reis unter flie\u00dfendem Wasser waschen bis das Wasser klar wird Geben sie den Reis mit der 1, 45-fachen Menge Wasser in den Reiskocher","protected":false},"featured_media":7306,"comment_status":"open","ping_status":"closed","template":"","meta":[],"product_cat":[64,55],"product_tag":[],"_links":{"self":[{"href":"https:\/\/food-shop.org\/index.php?rest_route=\/wp\/v2\/product\/7305"}],"collection":[{"href":"https:\/\/food-shop.org\/index.php?rest_route=\/wp\/v2\/product"}],"about":[{"href":"https:\/\/food-shop.org\/index.php?rest_route=\/wp\/v2\/types\/product"}],"replies":[{"embeddable":true,"href":"https:\/\/food-shop.org\/index.php?rest_route=%2Fwp%2Fv2%2Fcomments&post=7305"}],"wp:featuredmedia":[{"embeddable":true,"href":"https:\/\/food-shop.org\/index.php?rest_route=\/wp\/v2\/media\/7306"}],"wp:attachment":[{"href":"https:\/\/food-shop.org\/index.php?rest_route=%2Fwp%2Fv2%2Fmedia&parent=7305"}],"wp:term":[{"taxonomy":"product_cat","embeddable":true,"href":"https:\/\/food-shop.org\/index.php?rest_route=%2Fwp%2Fv2%2Fproduct_cat&post=7305"},{"taxonomy":"product_tag","embeddable":true,"href":"https:\/\/food-shop.org\/index.php?rest_route=%2Fwp%2Fv2%2Fproduct_tag&post=7305"}],"curies":[{"name":"wp","href":"https:\/\/api.w.org\/{rel}","templated":true}]}}