{"id":7221,"date":"2020-08-31T13:44:03","date_gmt":"2020-08-31T13:44:03","guid":{"rendered":"https:\/\/food-shop.org\/?product=3x-riso-scotti-reis-carnaroli-1000-g"},"modified":"2023-04-10T17:56:54","modified_gmt":"2023-04-10T17:56:54","slug":"3x-riso-scotti-reis-carnaroli-1000-g","status":"publish","type":"product","link":"https:\/\/food-shop.org\/?product=3x-riso-scotti-reis-carnaroli-1000-g","title":{"rendered":"3x Riso Scotti Reis &#8218;Carnaroli&#8216;, 1000 g"},"content":{"rendered":"<p><!-- show up to 2 reviews by default --> <\/p>\n<h3>Produktbeschreibungen<\/h3>\n<p>3x Riso Scotti Reis &#8218;Carnaroli&#8216;, 1000 g<\/p>\n<p>Der Riso Carnaroli vom bekannten Qualit\u00e4tshersteller Scott,i hat L\u00e4ngliche Reisk\u00f6rnern mit guten Kocheigenschaften und einer ausgezeichnete Absorbationsf\u00e4higkeit. F\u00fcr perfekten Reisgenuss.<\/p>\n<p>ZUTATEN:<br \/>REIS<\/p>\n<p>Nettof\u00fcllmenge: 3000g<\/p>\n<p>Verantwortliches Lebensmittelunternehmen:<br \/>Riso Scotti<br \/>Via Angelo Scotti, 2<br \/>27100 Pavia <\/p>\n<p>Ursprungsland: Italien<\/p>\n<h3>Inhaltsstoffe \/ Zutaten<\/h3>\n<p>Reis der Sorte Carnaroli <\/p>\n<div data-a-expander-name=\"toggle_description\" class=\"a-row a-expander-container a-expander-extend-container\">\n<div class=\"a-expander-content a-expander-extend-content\">\n<h3>Anschrift Hersteller\/Importeur<\/h3>\n<p>Riso Scotti &#8211; Via Angelo Scotti 2 &#8211; Pavia (PV) &#8211; ITALIEN <\/p>\n<\/p><\/div>\n<p> <a href=\"void(0)\" data-action=\"a-expander-toggle\" class=\"a-expander-header a-declarative a-expander-extend-header\" data-a-expander-toggle=\"{\"><i class=\"a-icon a-icon-extender-expand\"><\/i><span class=\"a-expander-prompt\">Weitere Informationen<\/span><\/a> <\/div>\n<div class=\"main-cross-sell\" data-asin=\"B01A75QM4K\">\n\n\t<div class=\"WooZone-cross-sell-loader\">\n\t\t<div>\n\t\t\t<div id=\"floatingBarsG\">\n\t\t\t\t<div class=\"blockG\" id=\"rotateG_01\"><\/div>\n\t\t\t\t<div class=\"blockG\" id=\"rotateG_02\"><\/div>\n\t\t\t\t<div class=\"blockG\" id=\"rotateG_03\"><\/div>\n\t\t\t\t<div class=\"blockG\" id=\"rotateG_04\"><\/div>\n\t\t\t\t<div class=\"blockG\" id=\"rotateG_05\"><\/div>\n\t\t\t\t<div class=\"blockG\" id=\"rotateG_06\"><\/div>\n\t\t\t\t<div class=\"blockG\" id=\"rotateG_07\"><\/div>\n\t\t\t\t<div class=\"blockG\" id=\"rotateG_08\"><\/div>\n\t\t\t<\/div>\n\t\t\t<div class=\"WooZone-cross-sell-loader-text\"><\/div>\n\t\t<\/div>\n\t<\/div>\n\n\t\t\n<\/div>\n<div style=\"clear:both;\"><\/div>\n","protected":false},"excerpt":{"rendered":"Produktbeschreibungen 3x Riso Scotti Reis 'Carnaroli', 1000 gDer Riso Carnaroli vom bekannten Qualit\u00e4tshersteller Scott,i hat L\u00e4ngliche Reisk\u00f6rnern mit guten Kocheigenschaften und einer ausgezeichnete Absorbationsf\u00e4higkeit. F\u00fcr perfekten Reisgenuss.ZUTATEN:REISNettof\u00fcllmenge: 3000gVerantwortliches Lebensmittelunternehmen:Riso ScottiVia Angelo Scotti, 227100 Pavia Ursprungsland: Italien Inhaltsstoffe \/ Zutaten Reis der Sorte Carnaroli Anschrift Hersteller\/Importeur Riso Scotti - Via Angelo Scotti 2 - Pavia (PV) [...]","protected":false},"featured_media":7222,"comment_status":"open","ping_status":"closed","template":"","meta":[],"product_cat":[64,55],"product_tag":[],"_links":{"self":[{"href":"https:\/\/food-shop.org\/index.php?rest_route=\/wp\/v2\/product\/7221"}],"collection":[{"href":"https:\/\/food-shop.org\/index.php?rest_route=\/wp\/v2\/product"}],"about":[{"href":"https:\/\/food-shop.org\/index.php?rest_route=\/wp\/v2\/types\/product"}],"replies":[{"embeddable":true,"href":"https:\/\/food-shop.org\/index.php?rest_route=%2Fwp%2Fv2%2Fcomments&post=7221"}],"wp:featuredmedia":[{"embeddable":true,"href":"https:\/\/food-shop.org\/index.php?rest_route=\/wp\/v2\/media\/7222"}],"wp:attachment":[{"href":"https:\/\/food-shop.org\/index.php?rest_route=%2Fwp%2Fv2%2Fmedia&parent=7221"}],"wp:term":[{"taxonomy":"product_cat","embeddable":true,"href":"https:\/\/food-shop.org\/index.php?rest_route=%2Fwp%2Fv2%2Fproduct_cat&post=7221"},{"taxonomy":"product_tag","embeddable":true,"href":"https:\/\/food-shop.org\/index.php?rest_route=%2Fwp%2Fv2%2Fproduct_tag&post=7221"}],"curies":[{"name":"wp","href":"https:\/\/api.w.org\/{rel}","templated":true}]}}