{"id":7209,"date":"2020-08-31T13:43:59","date_gmt":"2020-08-31T13:43:59","guid":{"rendered":"https:\/\/food-shop.org\/?product=oryza-basmatiwildreis-1-x-500-g-packung"},"modified":"2023-04-10T17:56:54","modified_gmt":"2023-04-10T17:56:54","slug":"oryza-basmatiwildreis-1-x-500-g-packung","status":"publish","type":"product","link":"https:\/\/food-shop.org\/?product=oryza-basmatiwildreis-1-x-500-g-packung","title":{"rendered":"Oryza Basmati&amp;Wildreis (1 x 500 g Packung)"},"content":{"rendered":"<div class=\"disclaim\"> Anzahl:<strong>1<\/strong> <\/div>\n<p> <!-- show up to 2 reviews by default --> <\/p>\n<h3>Produktbeschreibung<\/h3>\n<p>ORYZA Basmati &amp; Wildreis, 500g. Unser Top(f)-Team: Duftender Basmati aus dem Himalaya f\u00fcr die aromatische Note und nussiger, schwarzer Wildreis aus Nordamerika f\u00fcr den kr\u00e4ftigen Geschmack. Eine Mischung, die Ihnen die High Society der Reissorten auf den Teller bringt. <\/p>\n<h3>Inhaltsstoffe \/ Zutaten<\/h3>\n<p>Zutaten: Basmati Reis (85%) &amp; Wildreis (15%) <\/p>\n<div data-a-expander-name=\"toggle_description\" class=\"a-row a-expander-container a-expander-extend-container\">\n<div class=\"a-expander-content a-expander-extend-content\">\n<h3>Gebrauchsanweisung<\/h3>\n<p>F\u00fcr 4 exotische Reis-Portionen: Bringen Sie in einem Topf 1 Liter Wasser mit knapp 1 Teel\u00f6ffel Salz zum Kochen. Geben Sie 250g ORYZA Basmati &amp; Wildreis dazu und r\u00fchren Sie einmal um. Lassen Sie den Reis im geschlossenen Topf bei kleiner Hitze 16-18 Minuten sanft kochen. Gie\u00dfen Sie den Reis durch ein Sieb ab und lassen Sie ihn gut abtropfen. Geben Sie den Reis zur\u00fcck in den Topf, stellen Sie ihn auf die noch hei\u00dfe Herdplatte und lassen Sie ihn im geschlossenen Topf ca. 3 Minuten ausdampfen. Kurz umr\u00fchren, fertig! <\/p>\n<\/p><\/div>\n<p> <a href=\"void(0)\" data-action=\"a-expander-toggle\" class=\"a-expander-header a-declarative a-expander-extend-header\" data-a-expander-toggle=\"{\"><i class=\"a-icon a-icon-extender-expand\"><\/i><span class=\"a-expander-prompt\">Weitere Informationen<\/span><\/a> <\/div>\n<p>Aromatisches Gipfeltreffen von duftendem Himalaya-Basmati und nussigem Wildreis aus Nordamerika<br \/>\nVon Natur aus glutenfrei<br \/>\n<div class=\"main-cross-sell\" data-asin=\"B00FOP49QW\">\n\n\t<div class=\"WooZone-cross-sell-loader\">\n\t\t<div>\n\t\t\t<div id=\"floatingBarsG\">\n\t\t\t\t<div class=\"blockG\" id=\"rotateG_01\"><\/div>\n\t\t\t\t<div class=\"blockG\" id=\"rotateG_02\"><\/div>\n\t\t\t\t<div class=\"blockG\" id=\"rotateG_03\"><\/div>\n\t\t\t\t<div class=\"blockG\" id=\"rotateG_04\"><\/div>\n\t\t\t\t<div class=\"blockG\" id=\"rotateG_05\"><\/div>\n\t\t\t\t<div class=\"blockG\" id=\"rotateG_06\"><\/div>\n\t\t\t\t<div class=\"blockG\" id=\"rotateG_07\"><\/div>\n\t\t\t\t<div class=\"blockG\" id=\"rotateG_08\"><\/div>\n\t\t\t<\/div>\n\t\t\t<div class=\"WooZone-cross-sell-loader-text\"><\/div>\n\t\t<\/div>\n\t<\/div>\n\n\t\t\n<\/div>\n<div style=\"clear:both;\"><\/div>\n","protected":false},"excerpt":{"rendered":"Aromatisches Gipfeltreffen von duftendem Himalaya-Basmati und nussigem Wildreis aus Nordamerika\nVon Natur aus glutenfrei","protected":false},"featured_media":7210,"comment_status":"open","ping_status":"closed","template":"","meta":[],"product_cat":[64,55],"product_tag":[],"_links":{"self":[{"href":"https:\/\/food-shop.org\/index.php?rest_route=\/wp\/v2\/product\/7209"}],"collection":[{"href":"https:\/\/food-shop.org\/index.php?rest_route=\/wp\/v2\/product"}],"about":[{"href":"https:\/\/food-shop.org\/index.php?rest_route=\/wp\/v2\/types\/product"}],"replies":[{"embeddable":true,"href":"https:\/\/food-shop.org\/index.php?rest_route=%2Fwp%2Fv2%2Fcomments&post=7209"}],"wp:featuredmedia":[{"embeddable":true,"href":"https:\/\/food-shop.org\/index.php?rest_route=\/wp\/v2\/media\/7210"}],"wp:attachment":[{"href":"https:\/\/food-shop.org\/index.php?rest_route=%2Fwp%2Fv2%2Fmedia&parent=7209"}],"wp:term":[{"taxonomy":"product_cat","embeddable":true,"href":"https:\/\/food-shop.org\/index.php?rest_route=%2Fwp%2Fv2%2Fproduct_cat&post=7209"},{"taxonomy":"product_tag","embeddable":true,"href":"https:\/\/food-shop.org\/index.php?rest_route=%2Fwp%2Fv2%2Fproduct_tag&post=7209"}],"curies":[{"name":"wp","href":"https:\/\/api.w.org\/{rel}","templated":true}]}}