{"id":7203,"date":"2020-08-31T13:43:55","date_gmt":"2020-08-31T13:43:55","guid":{"rendered":"https:\/\/food-shop.org\/?product=kajnok-reis-slim-10er-box"},"modified":"2023-04-10T17:56:53","modified_gmt":"2023-04-10T17:56:53","slug":"kajnok-reis-slim-10er-box","status":"publish","type":"product","link":"https:\/\/food-shop.org\/?product=kajnok-reis-slim-10er-box","title":{"rendered":"kajnok Reis Slim, 10er Box"},"content":{"rendered":"<p><!-- show up to 2 reviews by default --> <\/p>\n<h3>Produktbeschreibung<\/h3>\n<p>Pasta-Genuss ohne Kohlenhydrate, ohne Fett, ohne Zucker und ohne schlechtes Gewissen! Mit f\u00fcnf verschiedenen Sorten kajnok Pasta Slim ist f\u00fcr schnelle und abwechslungsreiche Mahlzeiten gesorgt \u2013 ideal f\u00fcr eine k\u00f6stlich-leichte K\u00fcche.<br \/>Schluss mit Di\u00e4ten und Hungern! kajnok Pasta Slim erm\u00f6glicht einfaches und entspanntes Abnehmen*, weil sie komplett ohne Kohlenhydrate auskommt. Mit nur 8 Kalorien pro 100 Gramm bietet kajnok den perfekten Pasta-Genuss ohne Reue.<br \/>kajnok ist nicht nur leicht, sondern auch sehr s\u00e4ttigend und extrem ballaststoffreich. Der S\u00e4ttigungseffekt wird noch verst\u00e4rkt, wenn man zur Mahlzeit ein bis zwei Gl\u00e4ser Wasser trinkt. Genie\u00dfen und Abnehmen geht so ganz ohne gro\u00dfen Verzicht.<br \/>Endlich k\u00f6nnen sich auch Menschen mit Glutenintoleranz und Diabetiker mit Pasta satt essen. Aber auch vegane oder Low-Carb-Ern\u00e4hrung l\u00e4sst sich mit kajnok spielend leicht umsetzen.<br \/>Ob schnelles Gericht oder ausgiebiges Kochen \u2013 mit deinen Zutaten entscheidest Du, wie Dein kajnok-Gericht sein soll. Tipp: Gib unserer Pasta gern mehr So\u00dfe, denn sie absorbiert perfekt deren Aroma.<br \/>Mit kajnok Pasta gibt es kein al dente-Stress mehr. Denn kajnok ist verzehrfertig und muss nur noch in der So\u00dfe erw\u00e4rmt werden. Auch nach l\u00e4ngerem Kochen bleibt kajnok immer bissfest.<br \/>Bei kajnok legen wir Wert auf h\u00f6chste Qualit\u00e4t. Unsere Produkte entsprechen europ\u00e4ischen Anforderungen und Standards und sind unter anderem IFS-, ISO- und FSSC-zertifiziert. kajnok ist zudem das einzige Produkt seiner Art, das komplett geruchsneutral ist. <\/p>\n<h3>Inhaltsstoffe \/ Zutaten<\/h3>\n<p>Wasser (97%), Konjakmehl (2,7%), Stabilisator: Calciumhydoxid. Salzgehalt auf 100 g: 0,1 g <\/p>\n<div data-a-expander-name=\"toggle_description\" class=\"a-row a-expander-container a-expander-extend-container\">\n<div class=\"a-expander-content a-expander-extend-content\">\n<h3>Gebrauchsanweisung<\/h3>\n<p>Schritt 1: Verpackung \u00f6ffnen Schritt 2: Kurz absp\u00fclen Schritt 3: 2-3 Minuten in der So\u00dfe mitkochen. kajnok Spaghetti Slim sind verzehrfertig und bleiben auch bei l\u00e4ngerem Kochen bissfest. Guten Appetit! <\/p>\n<\/p><\/div>\n<p> <a href=\"void(0)\" data-action=\"a-expander-toggle\" class=\"a-expander-header a-declarative a-expander-extend-header\" data-a-expander-toggle=\"{\"><i class=\"a-icon a-icon-extender-expand\"><\/i><span class=\"a-expander-prompt\">Weitere Informationen<\/span><\/a> <\/div>\n<p>Nudeln schlemmen und dabei abnehmen? Klingt unglaublich &#8211; aber kajnok macht es m\u00f6glich!Unsere Nudel-Alternative hat keine Kohlenhydrate, kein Fett und keinen Zucker, keine Gluten und nur 8 Kalorien pro 100 g!<br \/>\nkajnok no carb pasta ist verzehrfertig, muss nur erhitzt werden und bleibt dennoch auch bei langem Kochen bissfest. Vegan, laktosefrei und auch f\u00fcr Diabetiker geeignet &#8211; so macht Pasta Schlemmen Spa\u00df.<br \/>\n<div class=\"main-cross-sell\" data-asin=\"B01DZQFUF0\">\n\n\t<div class=\"WooZone-cross-sell-loader\">\n\t\t<div>\n\t\t\t<div id=\"floatingBarsG\">\n\t\t\t\t<div class=\"blockG\" id=\"rotateG_01\"><\/div>\n\t\t\t\t<div class=\"blockG\" id=\"rotateG_02\"><\/div>\n\t\t\t\t<div class=\"blockG\" id=\"rotateG_03\"><\/div>\n\t\t\t\t<div class=\"blockG\" id=\"rotateG_04\"><\/div>\n\t\t\t\t<div class=\"blockG\" id=\"rotateG_05\"><\/div>\n\t\t\t\t<div class=\"blockG\" id=\"rotateG_06\"><\/div>\n\t\t\t\t<div class=\"blockG\" id=\"rotateG_07\"><\/div>\n\t\t\t\t<div class=\"blockG\" id=\"rotateG_08\"><\/div>\n\t\t\t<\/div>\n\t\t\t<div class=\"WooZone-cross-sell-loader-text\"><\/div>\n\t\t<\/div>\n\t<\/div>\n\n\t\t\n<\/div>\n<div style=\"clear:both;\"><\/div>\n","protected":false},"excerpt":{"rendered":"Nudeln schlemmen und dabei abnehmen? Klingt unglaublich - aber kajnok macht es m\u00f6glich!Unsere Nudel-Alternative hat keine Kohlenhydrate, kein Fett und keinen Zucker, keine Gluten und nur 8 Kalorien pro 100 g!\nkajnok no carb pasta ist verzehrfertig, muss nur erhitzt werden und bleibt dennoch auch bei langem Kochen bissfest. Vegan, laktosefrei und auch f\u00fcr Diabetiker geeignet - so macht Pasta Schlemmen Spa\u00df.","protected":false},"featured_media":7204,"comment_status":"open","ping_status":"closed","template":"","meta":[],"product_cat":[64,55],"product_tag":[],"_links":{"self":[{"href":"https:\/\/food-shop.org\/index.php?rest_route=\/wp\/v2\/product\/7203"}],"collection":[{"href":"https:\/\/food-shop.org\/index.php?rest_route=\/wp\/v2\/product"}],"about":[{"href":"https:\/\/food-shop.org\/index.php?rest_route=\/wp\/v2\/types\/product"}],"replies":[{"embeddable":true,"href":"https:\/\/food-shop.org\/index.php?rest_route=%2Fwp%2Fv2%2Fcomments&post=7203"}],"wp:featuredmedia":[{"embeddable":true,"href":"https:\/\/food-shop.org\/index.php?rest_route=\/wp\/v2\/media\/7204"}],"wp:attachment":[{"href":"https:\/\/food-shop.org\/index.php?rest_route=%2Fwp%2Fv2%2Fmedia&parent=7203"}],"wp:term":[{"taxonomy":"product_cat","embeddable":true,"href":"https:\/\/food-shop.org\/index.php?rest_route=%2Fwp%2Fv2%2Fproduct_cat&post=7203"},{"taxonomy":"product_tag","embeddable":true,"href":"https:\/\/food-shop.org\/index.php?rest_route=%2Fwp%2Fv2%2Fproduct_tag&post=7203"}],"curies":[{"name":"wp","href":"https:\/\/api.w.org\/{rel}","templated":true}]}}