{"id":7144,"date":"2020-08-31T13:43:24","date_gmt":"2020-08-31T13:43:24","guid":{"rendered":"https:\/\/food-shop.org\/?product=original-spanischer-paella-reis-1-kg"},"modified":"2023-04-10T17:56:52","modified_gmt":"2023-04-10T17:56:52","slug":"original-spanischer-paella-reis-1-kg","status":"publish","type":"product","link":"https:\/\/food-shop.org\/?product=original-spanischer-paella-reis-1-kg","title":{"rendered":"Original spanischer Paella-Reis 1 kg"},"content":{"rendered":"<p><!-- show up to 2 reviews by default --> <\/p>\n<h3>Produktbeschreibungen<\/h3>\n<\/p>\n<p>N\u00e4hrwerte (pro 100g):<b> Kalorien: 341Kcal\/1448KJ<b> Proteine: 6,5g<b> Kohlenhydrate: 77g<b> davon Zucker: 0g<b> Fette: 0,7g<b> davon ges\u00e4ttigte S\u00e4uren: 0,3g<b> Salz: 0g<b> Ballaststoffe: 3,6g<b> <\/b><\/b><\/b><\/b><\/b><\/b><\/b><\/b><\/b><\/p>\n<p><b><b><b> <\/p>\n<h3>Inhaltsstoffe \/ Zutaten<\/h3>\n<p> <\/b><\/b><\/b><\/p>\n<p>Rundkornreis <\/p>\n<div data-a-expander-name=\"toggle_description\" class=\"a-row a-expander-container a-expander-extend-container\">\n<div class=\"a-expander-content a-expander-extend-content\">\n<h3>Gebrauchsanweisung<\/h3>\n<p>K\u00fchl und trocken aufbewahren. Einmal ge\u00f6ffnet, in einem luftdichten Beh\u00e4lter aufbewahren \/\/ Orientierungsgarzeit: 16 min Hervorragend f\u00fcr die Zubereitung von Paella oder Risotto. Zusammen mit Safran und einer original spanischen Paellapfanne bildet er die Grundlage f\u00fcr zahlreiche Varianten des spanischen Nationalgerichtes Paella. <\/p>\n<h3>Anschrift Hersteller\/Importeur<\/h3>\n<p>Fallera Nutrici\u00f3n S.L.U. Av. d&#8216; Alacant s\/n, 46460 &#8211; Silla (Valencia) <\/p>\n<\/p><\/div>\n<p> <a href=\"void(0)\" data-action=\"a-expander-toggle\" class=\"a-expander-header a-declarative a-expander-extend-header\" data-a-expander-toggle=\"{\"><i class=\"a-icon a-icon-extender-expand\"><\/i><span class=\"a-expander-prompt\">Weitere Informationen<\/span><\/a> <\/div>\n<div class=\"main-cross-sell\" data-asin=\"B00M1PFKHU\">\n\n\t<div class=\"WooZone-cross-sell-loader\">\n\t\t<div>\n\t\t\t<div id=\"floatingBarsG\">\n\t\t\t\t<div class=\"blockG\" id=\"rotateG_01\"><\/div>\n\t\t\t\t<div class=\"blockG\" id=\"rotateG_02\"><\/div>\n\t\t\t\t<div class=\"blockG\" id=\"rotateG_03\"><\/div>\n\t\t\t\t<div class=\"blockG\" id=\"rotateG_04\"><\/div>\n\t\t\t\t<div class=\"blockG\" id=\"rotateG_05\"><\/div>\n\t\t\t\t<div class=\"blockG\" id=\"rotateG_06\"><\/div>\n\t\t\t\t<div class=\"blockG\" id=\"rotateG_07\"><\/div>\n\t\t\t\t<div class=\"blockG\" id=\"rotateG_08\"><\/div>\n\t\t\t<\/div>\n\t\t\t<div class=\"WooZone-cross-sell-loader-text\"><\/div>\n\t\t<\/div>\n\t<\/div>\n\n\t\t\n<\/div>\n<div style=\"clear:both;\"><\/div>\n","protected":false},"excerpt":{"rendered":"Produktbeschreibungen N\u00e4hrwerte (pro 100g): Kalorien: 341Kcal\/1448KJ Proteine: 6,5g Kohlenhydrate: 77g davon Zucker: 0g Fette: 0,7g davon ges\u00e4ttigte S\u00e4uren: 0,3g Salz: 0g Ballaststoffe: 3,6g Inhaltsstoffe \/ Zutaten Rundkornreis Gebrauchsanweisung K\u00fchl und trocken aufbewahren. Einmal ge\u00f6ffnet, in einem luftdichten Beh\u00e4lter aufbewahren \/\/ Orientierungsgarzeit: 16 min Hervorragend f\u00fcr die Zubereitung von Paella oder Risotto. Zusammen mit Safran und [...]","protected":false},"featured_media":7145,"comment_status":"open","ping_status":"closed","template":"","meta":[],"product_cat":[64,55],"product_tag":[],"_links":{"self":[{"href":"https:\/\/food-shop.org\/index.php?rest_route=\/wp\/v2\/product\/7144"}],"collection":[{"href":"https:\/\/food-shop.org\/index.php?rest_route=\/wp\/v2\/product"}],"about":[{"href":"https:\/\/food-shop.org\/index.php?rest_route=\/wp\/v2\/types\/product"}],"replies":[{"embeddable":true,"href":"https:\/\/food-shop.org\/index.php?rest_route=%2Fwp%2Fv2%2Fcomments&post=7144"}],"wp:featuredmedia":[{"embeddable":true,"href":"https:\/\/food-shop.org\/index.php?rest_route=\/wp\/v2\/media\/7145"}],"wp:attachment":[{"href":"https:\/\/food-shop.org\/index.php?rest_route=%2Fwp%2Fv2%2Fmedia&parent=7144"}],"wp:term":[{"taxonomy":"product_cat","embeddable":true,"href":"https:\/\/food-shop.org\/index.php?rest_route=%2Fwp%2Fv2%2Fproduct_cat&post=7144"},{"taxonomy":"product_tag","embeddable":true,"href":"https:\/\/food-shop.org\/index.php?rest_route=%2Fwp%2Fv2%2Fproduct_tag&post=7144"}],"curies":[{"name":"wp","href":"https:\/\/api.w.org\/{rel}","templated":true}]}}