{"id":7068,"date":"2020-08-31T13:40:06","date_gmt":"2020-08-31T13:40:06","guid":{"rendered":"https:\/\/food-shop.org\/?product=oryza-ideal-reis-1-x-500-g-packung"},"modified":"2023-04-10T17:56:51","modified_gmt":"2023-04-10T17:56:51","slug":"oryza-ideal-reis-1-x-500-g-packung","status":"publish","type":"product","link":"https:\/\/food-shop.org\/?product=oryza-ideal-reis-1-x-500-g-packung","title":{"rendered":"Oryza Ideal-Reis (1 x 500 g Packung)"},"content":{"rendered":"<div class=\"disclaim\"> Anzahl:<strong>1<\/strong> <\/div>\n<p> <!-- show up to 2 reviews by default --> <\/p>\n<h3>Produktbeschreibung<\/h3>\n<p>ORYZA Ideal Reis, 500g. Er ist wie er hei\u00dft: ideal f\u00fcr eine anspruchsvolle, aber gleichzeitig unkomplizierte K\u00fcche. Durch die schonende Parboiled-Veredelung enth\u00e4lt dieser Langkornreis bis zu 80% aller wertvollen und gesunden N\u00e4hrstoffe von ungesch\u00e4ltem Reis und gelingt immer locker und k\u00f6rnig. Ob Fisch- oder Fleischgericht, mit exotischen Saucen oder einfach nur pur \u2013 dieser Reis gelingt immer. <\/p>\n<h3>Inhaltsstoffe \/ Zutaten<\/h3>\n<p>Zutaten: Langkorn Parboiled Reis <\/p>\n<div data-a-expander-name=\"toggle_description\" class=\"a-row a-expander-container a-expander-extend-container\">\n<div class=\"a-expander-content a-expander-extend-content\">\n<h3>Gebrauchsanweisung<\/h3>\n<p>F\u00fcr 4 Portionen : Bringen Sie in einem Topf 500ml Wasser mit knapp einem halben Teel\u00f6ffel Salz zum kochen. Lassen Sie den Reis nun im geschlossenen Topf bei kleinster Hitze ca.16-18 Minuten sanft kochen. Der Reis hat nun komplett das Wasser aufgenommen. Lockern Sie den Reis im Topf auf und lassen Sie ihn nochmals kurz ausdampfen. <\/p>\n<\/p><\/div>\n<p> <a href=\"void(0)\" data-action=\"a-expander-toggle\" class=\"a-expander-header a-declarative a-expander-extend-header\" data-a-expander-toggle=\"{\"><i class=\"a-icon a-icon-extender-expand\"><\/i><span class=\"a-expander-prompt\">Weitere Informationen<\/span><\/a> <\/div>\n<p>Spitzen-Langkorn-Reis, parboiled, sorgf\u00e4ltig geschliffen und poliert<br \/>\nORYZA-Produkte stammen immer aus den weltweit besten Provenienzen und sind von h\u00f6chster Qualit\u00e4t<br \/>\nDie schonende Parboiled-Veredelung erh\u00e4lt bis zu 80% der wertvollen und gesunden N\u00e4hrstoffe<br \/>\nGelingt immer locker und k\u00f6rnig<br \/>\n<div class=\"main-cross-sell\" data-asin=\"B082VPLCZ8\">\n\n\t<div class=\"WooZone-cross-sell-loader\">\n\t\t<div>\n\t\t\t<div id=\"floatingBarsG\">\n\t\t\t\t<div class=\"blockG\" id=\"rotateG_01\"><\/div>\n\t\t\t\t<div class=\"blockG\" id=\"rotateG_02\"><\/div>\n\t\t\t\t<div class=\"blockG\" id=\"rotateG_03\"><\/div>\n\t\t\t\t<div class=\"blockG\" id=\"rotateG_04\"><\/div>\n\t\t\t\t<div class=\"blockG\" id=\"rotateG_05\"><\/div>\n\t\t\t\t<div class=\"blockG\" id=\"rotateG_06\"><\/div>\n\t\t\t\t<div class=\"blockG\" id=\"rotateG_07\"><\/div>\n\t\t\t\t<div class=\"blockG\" id=\"rotateG_08\"><\/div>\n\t\t\t<\/div>\n\t\t\t<div class=\"WooZone-cross-sell-loader-text\"><\/div>\n\t\t<\/div>\n\t<\/div>\n\n\t\t\n<\/div>\n<div style=\"clear:both;\"><\/div>\n","protected":false},"excerpt":{"rendered":"Spitzen-Langkorn-Reis, parboiled, sorgf\u00e4ltig geschliffen und poliert\nORYZA-Produkte stammen immer aus den weltweit besten Provenienzen und sind von h\u00f6chster Qualit\u00e4t\nDie schonende Parboiled-Veredelung erh\u00e4lt bis zu 80% der wertvollen und gesunden N\u00e4hrstoffe","protected":false},"featured_media":7069,"comment_status":"open","ping_status":"closed","template":"","meta":[],"product_cat":[64,55],"product_tag":[],"_links":{"self":[{"href":"https:\/\/food-shop.org\/index.php?rest_route=\/wp\/v2\/product\/7068"}],"collection":[{"href":"https:\/\/food-shop.org\/index.php?rest_route=\/wp\/v2\/product"}],"about":[{"href":"https:\/\/food-shop.org\/index.php?rest_route=\/wp\/v2\/types\/product"}],"replies":[{"embeddable":true,"href":"https:\/\/food-shop.org\/index.php?rest_route=%2Fwp%2Fv2%2Fcomments&post=7068"}],"wp:featuredmedia":[{"embeddable":true,"href":"https:\/\/food-shop.org\/index.php?rest_route=\/wp\/v2\/media\/7069"}],"wp:attachment":[{"href":"https:\/\/food-shop.org\/index.php?rest_route=%2Fwp%2Fv2%2Fmedia&parent=7068"}],"wp:term":[{"taxonomy":"product_cat","embeddable":true,"href":"https:\/\/food-shop.org\/index.php?rest_route=%2Fwp%2Fv2%2Fproduct_cat&post=7068"},{"taxonomy":"product_tag","embeddable":true,"href":"https:\/\/food-shop.org\/index.php?rest_route=%2Fwp%2Fv2%2Fproduct_tag&post=7068"}],"curies":[{"name":"wp","href":"https:\/\/api.w.org\/{rel}","templated":true}]}}