{"id":7023,"date":"2020-08-31T13:39:45","date_gmt":"2020-08-31T13:39:45","guid":{"rendered":"https:\/\/food-shop.org\/?product=oryza-himalaya-basmati-reis-lose-1-x-1-kg"},"modified":"2023-04-10T17:56:50","modified_gmt":"2023-04-10T17:56:50","slug":"oryza-himalaya-basmati-reis-lose-1-x-1-kg","status":"publish","type":"product","link":"https:\/\/food-shop.org\/?product=oryza-himalaya-basmati-reis-lose-1-x-1-kg","title":{"rendered":"ORYZA Himalaya Basmati Reis 1kg"},"content":{"rendered":"<p><!-- show up to 2 reviews by default --> <\/p>\n<h3>Produktbeschreibung<\/h3>\n<p>ORYZA Himalaya Basmati Reis, 1.000g. Die H\u00f6henluft, das Klima und vor allem das mineralstoffreiche Wasser des Hochgebirges &#8211; der unverwechselbare Duft und der Geschmack des ORYZA HIMALAYA BASMATI kommen nicht von ungef\u00e4hr. Ein besonderer Reis f\u00fcr besondere Gerichte. <\/p>\n<h3>Inhaltsstoffe \/ Zutaten<\/h3>\n<p>Zutaten: Basmati Reis <\/p>\n<div data-a-expander-name=\"toggle_description\" class=\"a-row a-expander-container a-expander-extend-container\">\n<div class=\"a-expander-content a-expander-extend-content\">\n<h3>Gebrauchsanweisung<\/h3>\n<p>F\u00fcr 4 Portionen: Bringen Sie in einem Topf einen Liter Wasser mit knapp einem Teel\u00f6ffel Salz zum kochen. Geben Sie 250g ORYZA Himalaya Basmati dazu und r\u00fchren einmal um. Lassen Sie den Reis im geschlossenen Topf bei kleiner Hitze 10-12 Minuten sanft kochen. Gie\u00dfen Sie den Reis durch ein Sieb ab und lassen Sie ihn gut abtropfen. Geben Sie den Reis zur\u00fcck in den Topf, stellen Sie ihn auf die noch hei\u00dfe Herdplatte und lassen Sie ihn im geschlossenen Topf ca. 3 Minuten ausdampfen. Kurz umr\u00fchren. Fertig! <\/p>\n<\/p><\/div>\n<p> <a href=\"void(0)\" data-action=\"a-expander-toggle\" class=\"a-expander-header a-declarative a-expander-extend-header\" data-a-expander-toggle=\"{\"><i class=\"a-icon a-icon-extender-expand\"><\/i><span class=\"a-expander-prompt\">Weitere Informationen<\/span><\/a> <\/div>\n<p>Himalaya Basmati-Reis, sorgf\u00e4ltig geschliffen und poliert<br \/>\nORYZA-Produkte stammen immer aus den weltweit besten Provenienzen und sind von h\u00f6chster Qualit\u00e4t<br \/>\nAus traditionellen Anbaugebieten am Fu\u00dfe des Himalaya<br \/>\nKlares Wasser der Gebirgsfl\u00fcsse und mineralstoffreiche B\u00f6den verleihen ihm seinen zarten, unverwechselbaren Duft<br \/>\nKochzeit: 13-15 Minuten<br \/>\n<div class=\"main-cross-sell\" data-asin=\"B00FOP4GOW\">\n\n\t<div class=\"WooZone-cross-sell-loader\">\n\t\t<div>\n\t\t\t<div id=\"floatingBarsG\">\n\t\t\t\t<div class=\"blockG\" id=\"rotateG_01\"><\/div>\n\t\t\t\t<div class=\"blockG\" id=\"rotateG_02\"><\/div>\n\t\t\t\t<div class=\"blockG\" id=\"rotateG_03\"><\/div>\n\t\t\t\t<div class=\"blockG\" id=\"rotateG_04\"><\/div>\n\t\t\t\t<div class=\"blockG\" id=\"rotateG_05\"><\/div>\n\t\t\t\t<div class=\"blockG\" id=\"rotateG_06\"><\/div>\n\t\t\t\t<div class=\"blockG\" id=\"rotateG_07\"><\/div>\n\t\t\t\t<div class=\"blockG\" id=\"rotateG_08\"><\/div>\n\t\t\t<\/div>\n\t\t\t<div class=\"WooZone-cross-sell-loader-text\"><\/div>\n\t\t<\/div>\n\t<\/div>\n\n\t\t\n<\/div>\n<div style=\"clear:both;\"><\/div>\n","protected":false},"excerpt":{"rendered":"Himalaya Basmati-Reis, sorgf\u00e4ltig geschliffen und poliert\nORYZA-Produkte stammen immer aus den weltweit besten Provenienzen und sind von h\u00f6chster Qualit\u00e4t\nAus traditionellen Anbaugebieten am Fu\u00dfe des Himalaya","protected":false},"featured_media":7024,"comment_status":"open","ping_status":"closed","template":"","meta":[],"product_cat":[64,55],"product_tag":[],"_links":{"self":[{"href":"https:\/\/food-shop.org\/index.php?rest_route=\/wp\/v2\/product\/7023"}],"collection":[{"href":"https:\/\/food-shop.org\/index.php?rest_route=\/wp\/v2\/product"}],"about":[{"href":"https:\/\/food-shop.org\/index.php?rest_route=\/wp\/v2\/types\/product"}],"replies":[{"embeddable":true,"href":"https:\/\/food-shop.org\/index.php?rest_route=%2Fwp%2Fv2%2Fcomments&post=7023"}],"wp:featuredmedia":[{"embeddable":true,"href":"https:\/\/food-shop.org\/index.php?rest_route=\/wp\/v2\/media\/7024"}],"wp:attachment":[{"href":"https:\/\/food-shop.org\/index.php?rest_route=%2Fwp%2Fv2%2Fmedia&parent=7023"}],"wp:term":[{"taxonomy":"product_cat","embeddable":true,"href":"https:\/\/food-shop.org\/index.php?rest_route=%2Fwp%2Fv2%2Fproduct_cat&post=7023"},{"taxonomy":"product_tag","embeddable":true,"href":"https:\/\/food-shop.org\/index.php?rest_route=%2Fwp%2Fv2%2Fproduct_tag&post=7023"}],"curies":[{"name":"wp","href":"https:\/\/api.w.org\/{rel}","templated":true}]}}