{"id":6783,"date":"2020-08-31T13:18:20","date_gmt":"2020-08-31T13:18:20","guid":{"rendered":"https:\/\/food-shop.org\/?product=alnatura-bio-nudeln-penne-semolata-500g"},"modified":"2023-04-10T17:54:20","modified_gmt":"2023-04-10T17:54:20","slug":"alnatura-bio-nudeln-penne-semolata-500g","status":"publish","type":"product","link":"https:\/\/food-shop.org\/?product=alnatura-bio-nudeln-penne-semolata-500g","title":{"rendered":"Alnatura Bio Nudeln Penne Rigate, 500g"},"content":{"rendered":"<p><!-- show up to 2 reviews by default --> <\/p>\n<h3>Produktbeschreibung<\/h3>\n<p>Wenn es mal wieder schnell gehen soll, einfach die Alnatura Penne in den Kochtopf, beliebige So\u00dfe mit Fleisch oder Gem\u00fcse zubereiten und fertig ist die Mahlzeit. <\/p>\n<h3>Inhaltsstoffe \/ Zutaten<\/h3>\n<p>Grie\u00df <\/p>\n<div data-a-expander-name=\"toggle_description\" class=\"a-row a-expander-container a-expander-extend-container\">\n<div class=\"a-expander-content a-expander-extend-content\">\n<h3>Gebrauchsanweisung<\/h3>\n<p>Die Nudeln in kochendes Salzwasser geben (1l Wasser je 100g) und ca. 9-11 Min. kochen. <\/p>\n<h3>Anschrift Hersteller\/Importeur<\/h3>\n<p>Alnatura Produktions- und Handels GmbH<br \/> Mahatma-Gandhi-Stra\u00dfe 7<br \/> 64295 Darmstadt <\/p>\n<\/p><\/div>\n<p> <a href=\"void(0)\" data-action=\"a-expander-toggle\" class=\"a-expander-header a-declarative a-expander-extend-header\" data-a-expander-toggle=\"{\"><i class=\"a-icon a-icon-extender-expand\"><\/i><span class=\"a-expander-prompt\">Weitere Informationen<\/span><\/a> <\/div>\n<p>Klassische italienische Pasta mit mildem Geschmack<br \/>\nPerfekt geeignet als Hauptgericht, Beilage zu Fleisch und Gem\u00fcse, f\u00fcr Aufl\u00e4ufe, als Nudelsalat<br \/>\nAus bestem Bio-Hartweizengrie\u00df<br \/>\n<div class=\"main-cross-sell\" data-asin=\"B01MD1343C\">\n\n\t<div class=\"WooZone-cross-sell-loader\">\n\t\t<div>\n\t\t\t<div id=\"floatingBarsG\">\n\t\t\t\t<div class=\"blockG\" id=\"rotateG_01\"><\/div>\n\t\t\t\t<div class=\"blockG\" id=\"rotateG_02\"><\/div>\n\t\t\t\t<div class=\"blockG\" id=\"rotateG_03\"><\/div>\n\t\t\t\t<div class=\"blockG\" id=\"rotateG_04\"><\/div>\n\t\t\t\t<div class=\"blockG\" id=\"rotateG_05\"><\/div>\n\t\t\t\t<div class=\"blockG\" id=\"rotateG_06\"><\/div>\n\t\t\t\t<div class=\"blockG\" id=\"rotateG_07\"><\/div>\n\t\t\t\t<div class=\"blockG\" id=\"rotateG_08\"><\/div>\n\t\t\t<\/div>\n\t\t\t<div class=\"WooZone-cross-sell-loader-text\"><\/div>\n\t\t<\/div>\n\t<\/div>\n\n\t\t\n<\/div>\n<div style=\"clear:both;\"><\/div>\n","protected":false},"excerpt":{"rendered":"Klassische italienische Pasta mit mildem Geschmack\nPerfekt geeignet als Hauptgericht, Beilage zu Fleisch und Gem\u00fcse, f\u00fcr Aufl\u00e4ufe, als Nudelsalat\nAus bestem Bio-Hartweizengrie\u00df","protected":false},"featured_media":6784,"comment_status":"open","ping_status":"closed","template":"","meta":[],"product_cat":[64,55],"product_tag":[],"_links":{"self":[{"href":"https:\/\/food-shop.org\/index.php?rest_route=\/wp\/v2\/product\/6783"}],"collection":[{"href":"https:\/\/food-shop.org\/index.php?rest_route=\/wp\/v2\/product"}],"about":[{"href":"https:\/\/food-shop.org\/index.php?rest_route=\/wp\/v2\/types\/product"}],"replies":[{"embeddable":true,"href":"https:\/\/food-shop.org\/index.php?rest_route=%2Fwp%2Fv2%2Fcomments&post=6783"}],"wp:featuredmedia":[{"embeddable":true,"href":"https:\/\/food-shop.org\/index.php?rest_route=\/wp\/v2\/media\/6784"}],"wp:attachment":[{"href":"https:\/\/food-shop.org\/index.php?rest_route=%2Fwp%2Fv2%2Fmedia&parent=6783"}],"wp:term":[{"taxonomy":"product_cat","embeddable":true,"href":"https:\/\/food-shop.org\/index.php?rest_route=%2Fwp%2Fv2%2Fproduct_cat&post=6783"},{"taxonomy":"product_tag","embeddable":true,"href":"https:\/\/food-shop.org\/index.php?rest_route=%2Fwp%2Fv2%2Fproduct_tag&post=6783"}],"curies":[{"name":"wp","href":"https:\/\/api.w.org\/{rel}","templated":true}]}}