{"id":6729,"date":"2020-08-31T13:17:50","date_gmt":"2020-08-31T13:17:50","guid":{"rendered":"https:\/\/food-shop.org\/?product=60-yumyum-nudelsuppen-9-sorten-yum-yum-freie-wahl-60-yum-yum-verschiedene-sorten"},"modified":"2023-04-10T17:54:19","modified_gmt":"2023-04-10T17:54:19","slug":"60-yumyum-nudelsuppen-9-sorten-yum-yum-freie-wahl-60-yum-yum-verschiedene-sorten","status":"publish","type":"product","link":"https:\/\/food-shop.org\/?product=60-yumyum-nudelsuppen-9-sorten-yum-yum-freie-wahl-60-yum-yum-verschiedene-sorten","title":{"rendered":"Yum Yum Nudeln | Thail\u00e4ndische | Instantnudeln | Mixkarton | Pack (60x60g) | 9 Geschmacksrichtungen (Huhn, Ente, Rind\u2026"},"content":{"rendered":"<div class=\"disclaim\"> Gr\u00f6\u00dfe:<strong>60 St\u00fcck<\/strong> <\/div>\n<p> <!-- show up to 2 reviews by default --> <\/p>\n<h3>Produktbeschreibungen<\/h3>\n<p>60 Original Thail\u00e4ndische YumYum Instantnudelsuppen. Der Kioskrenner f\u00fcr den kleinen Hunger zwischendurch.Sie k\u00f6nnen sich die Nudelsuppen aus 10 leckeren Geschmacksrichtungen aussuchen. Die gew\u00fcnschten Sorten &amp; Mengen teilen Sie uns einfach in der Kaufabwicklung mit! Sollten Sie uns Ihre Wunschsorten nicht innerhalb von 2 Stunden nach Kauf mitgeteilt haben, mixen wir Ihnen die Sorten selber zusammen.Folgende Sorten stehen zur freien Auswahl: &#8211; HUHN \/ CHICKEN &#8211; ENTE \/ DUCK &#8211; KIMCHI &#8211; SHRIMP &#8211; RIND \/ BEEF &#8211; GEM\u00dcSE \/ VEGETABLE &#8211; CURRY &#8211; TOM YUM SHRIMP &#8211; GREEN CURRY &#8211; SEAFOOD Zubereitung1) Die Nudeln in 300 ml kochendem Wasser geben und ca. 3 Minuten ziehen lassen.2) Nach den 3 Minuten das Wasser abgie\u00dfen und einfach die W\u00fcrzmischung(en) dazugeben und genie\u00dfen &#8211; einfach und schnell zubereitet.Lieferumfang Sie erhalten 60 Beutel (2 Karton) Yum Yum Instandnudelsuppen mit je 60 Gramm Inhalt zur freien Auswahl. Das Mindesthaltbarkeitsdatum ist von Sorte zu Sorte unterschiedlich. <\/p>\n<h3>Inhaltsstoffe \/ Zutaten<\/h3>\n<p>Zutaten Weizenmehl, pflanzliches \u00d6l (enth\u00e4lt Antioxidationsmittel: E319), Tapiokast\u00e4rke. Suppe: (Geschmacksverst\u00e4rker: E621, E627, E631, Sojasauce (Sojabohnen, Glukosesirup, Maltodextrin, Farbstoff: E150c, S\u00e4uerungsmittel: E330), Aroma, S\u00e4ureregulator: E331, Hefeextrakt), Salz, S\u00e4ureregulatoren: E452, E500, E501, Verdickungsmittel: E466, E412. W\u00fcrzmischung: Palm\u00f6l (enth\u00e4lt Antioxidationsmittel: E320), Salz, Gem\u00fcse in ver\u00e4nderlichen Gewichtsanteilen: Knoblauch und Zwiebelblatt, Geschmacksverst\u00e4rker: E621, E627, E631, Zucker, Gew\u00fcrze, S\u00e4uerungsmittel: E296, H\u00fchnerfleischaroma. Weizenmehl, Palm\u00f6l (enth\u00e4lt Antioxidationsmittel: E319), Tapiokast\u00e4rke. Suppe: (Geschmacksverst\u00e4rker E621, E627, E631 Sojasaucenpulver (Sojabohnen, Glukosesirup, Maltodextrin, Farbstoff: E150c, S\u00e4urungsmittel: E330), Aroma, S\u00e4ureregulator: E331, Hefeextrakt), Salz, S\u00e4ureregulatoren: E452, E500, E501, Verdickungsmittel: E466, E412. W\u00fcrzmischung: Salz, Zucker, Palm\u00f6l (enth\u00e4lt Antioxidationsmittel: E320), Gem\u00fcse (Knoblauch, Zwiebelblatt), Geschmacksverst\u00e4rker: E621, 627, E631, Gew\u00fcrze, Maisst\u00e4rke, S\u00e4uerungsmittel: E296, Farbstoff: E150c, Koriander, Entenaroma (enth\u00e4lt Soja). <\/p>\n<div data-a-expander-name=\"toggle_description\" class=\"a-row a-expander-container a-expander-extend-container\">\n<div class=\"a-expander-content a-expander-extend-content\">\n<h3>Anschrift Hersteller\/Importeur<\/h3>\n<p>Heuschen &amp; Schrouff OFT B.V. P.O. Box 30202 6370 KE Landgraaf, Niederlande <\/p>\n<\/p><\/div>\n<p> <a href=\"void(0)\" data-action=\"a-expander-toggle\" class=\"a-expander-header a-declarative a-expander-extend-header\" data-a-expander-toggle=\"{\"><i class=\"a-icon a-icon-extender-expand\"><\/i><span class=\"a-expander-prompt\">Weitere Informationen<\/span><\/a> <\/div>\n<p>Liebe Kunden, Thai Suki und Wasabi Geschmack gibt es momentan leider nicht.<br \/>\nBitte schreiben Sie uns eine Nachricht mit Ihren gew\u00fcnschten Sorten<br \/>\nSollten wir keine Nachricht von Ihnen erhalten, werden wir die Sorten gleichm\u00e4ssig mischen<br \/>\n<div class=\"main-cross-sell\" data-asin=\"B00COGY2UM\">\n\n\t<div class=\"WooZone-cross-sell-loader\">\n\t\t<div>\n\t\t\t<div id=\"floatingBarsG\">\n\t\t\t\t<div class=\"blockG\" id=\"rotateG_01\"><\/div>\n\t\t\t\t<div class=\"blockG\" id=\"rotateG_02\"><\/div>\n\t\t\t\t<div class=\"blockG\" id=\"rotateG_03\"><\/div>\n\t\t\t\t<div class=\"blockG\" id=\"rotateG_04\"><\/div>\n\t\t\t\t<div class=\"blockG\" id=\"rotateG_05\"><\/div>\n\t\t\t\t<div class=\"blockG\" id=\"rotateG_06\"><\/div>\n\t\t\t\t<div class=\"blockG\" id=\"rotateG_07\"><\/div>\n\t\t\t\t<div class=\"blockG\" id=\"rotateG_08\"><\/div>\n\t\t\t<\/div>\n\t\t\t<div class=\"WooZone-cross-sell-loader-text\"><\/div>\n\t\t<\/div>\n\t<\/div>\n\n\t\t\n<\/div>\n<div style=\"clear:both;\"><\/div>\n","protected":false},"excerpt":{"rendered":"Liebe Kunden, Thai Suki und Wasabi Geschmack gibt es momentan leider nicht.\nBitte schreiben Sie uns eine Nachricht mit Ihren gew\u00fcnschten Sorten\nSollten wir keine Nachricht von Ihnen erhalten, werden wir die Sorten gleichm\u00e4ssig mischen","protected":false},"featured_media":6730,"comment_status":"open","ping_status":"closed","template":"","meta":[],"product_cat":[64,55],"product_tag":[],"_links":{"self":[{"href":"https:\/\/food-shop.org\/index.php?rest_route=\/wp\/v2\/product\/6729"}],"collection":[{"href":"https:\/\/food-shop.org\/index.php?rest_route=\/wp\/v2\/product"}],"about":[{"href":"https:\/\/food-shop.org\/index.php?rest_route=\/wp\/v2\/types\/product"}],"replies":[{"embeddable":true,"href":"https:\/\/food-shop.org\/index.php?rest_route=%2Fwp%2Fv2%2Fcomments&post=6729"}],"wp:featuredmedia":[{"embeddable":true,"href":"https:\/\/food-shop.org\/index.php?rest_route=\/wp\/v2\/media\/6730"}],"wp:attachment":[{"href":"https:\/\/food-shop.org\/index.php?rest_route=%2Fwp%2Fv2%2Fmedia&parent=6729"}],"wp:term":[{"taxonomy":"product_cat","embeddable":true,"href":"https:\/\/food-shop.org\/index.php?rest_route=%2Fwp%2Fv2%2Fproduct_cat&post=6729"},{"taxonomy":"product_tag","embeddable":true,"href":"https:\/\/food-shop.org\/index.php?rest_route=%2Fwp%2Fv2%2Fproduct_tag&post=6729"}],"curies":[{"name":"wp","href":"https:\/\/api.w.org\/{rel}","templated":true}]}}