{"id":6626,"date":"2020-08-31T13:14:16","date_gmt":"2020-08-31T13:14:16","guid":{"rendered":"https:\/\/food-shop.org\/?product=almsenner-edamer-45-f-i-t-16-kg-stueck-aus-dem-pinzgau-oesterreich-kaese"},"modified":"2023-04-10T17:54:17","modified_gmt":"2023-04-10T17:54:17","slug":"almsenner-edamer-45-f-i-t-16-kg-stueck-aus-dem-pinzgau-oesterreich-kaese","status":"publish","type":"product","link":"https:\/\/food-shop.org\/?product=almsenner-edamer-45-f-i-t-16-kg-stueck-aus-dem-pinzgau-oesterreich-kaese","title":{"rendered":"Almsenner Edamer 45 % F.i.T 1,6 kg St\u00fcck aus dem Pinzgau \u00d6sterreich K\u00e4se"},"content":{"rendered":"<p><!-- show up to 2 reviews by default --> <\/p>\n<h3>Produktbeschreibungen<\/h3>\n<p>Sie kaufen hier 1,6 kg Almsenner Edamer aus dem Pinzgau. Der K\u00e4se wird von Pinzgau Milch nach alter Rezeptur hergestellt. 45 % F.i.Tr. Der Edamer wird aus pasteurisierter Milch von K\u00fchen aus der Region des Nationalparks Hohe Tauern hergestellt. Im Sommer weiden die K\u00fche auf den mehr als 300 Almen und Hochalmen, die besonders reich an Bergkr\u00e4utern und Gr\u00e4sern sind. Zutaten: pasteurisierte Milch, Kulturen, mikrobielles Lab, Speisesalz . N\u00e4hrwerte (pro 100g durchschnittlich) \/apporto nutrizionale medio (100g) Brennwert\/energia (kcal) 331 Brennwert\/energia(kJ) 1376 Fett\/grassi (g) 25 Davon ges\u00e4ttigte Fetts.\/di cui accidi grassi satturi (g) 16 Kohlenhydrate\/carboidrati (g) 0,5 davon Zucker\/di cui zuccheri (g) 0,5 Eiwei\u00df\/proteine (g) 26 Salz\/sale (g) 1,2 Lactosefrei AMA G\u00fctesiegel Ohne Gentechnick hergestellt Sorgf\u00e4ltig hergestellt in \u00d6sterreich von Pinzgau Milch Produktions GmbH, Saalfeldnerstra\u00dfe 2, A-5751 Maishofen <\/p>\n<h3>Inhaltsstoffe \/ Zutaten<\/h3>\n<p>pasteurisierte Milch, Kulturen, mikrobielles Lab, Speisesalz. <\/p>\n<div data-a-expander-name=\"toggle_description\" class=\"a-row a-expander-container a-expander-extend-container\">\n<div class=\"a-expander-content a-expander-extend-content\">\n<h3>Anschrift Hersteller\/Importeur<\/h3>\n<p>Pinzgau Milch Produktions GmbH, Saalfeldnerstra\u00dfe 2, A-5751 Maishofen <\/p>\n<\/p><\/div>\n<p> <a href=\"void(0)\" data-action=\"a-expander-toggle\" class=\"a-expander-header a-declarative a-expander-extend-header\" data-a-expander-toggle=\"{\"><i class=\"a-icon a-icon-extender-expand\"><\/i><span class=\"a-expander-prompt\">Weitere Informationen<\/span><\/a> <\/div>\n<div class=\"main-cross-sell\" data-asin=\"B07B2JBMC4\">\n\n\t<div class=\"WooZone-cross-sell-loader\">\n\t\t<div>\n\t\t\t<div id=\"floatingBarsG\">\n\t\t\t\t<div class=\"blockG\" id=\"rotateG_01\"><\/div>\n\t\t\t\t<div class=\"blockG\" id=\"rotateG_02\"><\/div>\n\t\t\t\t<div class=\"blockG\" id=\"rotateG_03\"><\/div>\n\t\t\t\t<div class=\"blockG\" id=\"rotateG_04\"><\/div>\n\t\t\t\t<div class=\"blockG\" id=\"rotateG_05\"><\/div>\n\t\t\t\t<div class=\"blockG\" id=\"rotateG_06\"><\/div>\n\t\t\t\t<div class=\"blockG\" id=\"rotateG_07\"><\/div>\n\t\t\t\t<div class=\"blockG\" id=\"rotateG_08\"><\/div>\n\t\t\t<\/div>\n\t\t\t<div class=\"WooZone-cross-sell-loader-text\"><\/div>\n\t\t<\/div>\n\t<\/div>\n\n\t\t\n<\/div>\n<div style=\"clear:both;\"><\/div>\n","protected":false},"excerpt":{"rendered":"Produktbeschreibungen Sie kaufen hier 1,6 kg Almsenner Edamer aus dem Pinzgau. Der K\u00e4se wird von Pinzgau Milch nach alter Rezeptur hergestellt. 45 % F.i.Tr. Der Edamer wird aus pasteurisierter Milch von K\u00fchen aus der Region des Nationalparks Hohe Tauern hergestellt. Im Sommer weiden die K\u00fche auf den mehr als 300 Almen und Hochalmen, die besonders [...]","protected":false},"featured_media":6627,"comment_status":"open","ping_status":"closed","template":"","meta":[],"product_cat":[64,417],"product_tag":[],"_links":{"self":[{"href":"https:\/\/food-shop.org\/index.php?rest_route=\/wp\/v2\/product\/6626"}],"collection":[{"href":"https:\/\/food-shop.org\/index.php?rest_route=\/wp\/v2\/product"}],"about":[{"href":"https:\/\/food-shop.org\/index.php?rest_route=\/wp\/v2\/types\/product"}],"replies":[{"embeddable":true,"href":"https:\/\/food-shop.org\/index.php?rest_route=%2Fwp%2Fv2%2Fcomments&post=6626"}],"wp:featuredmedia":[{"embeddable":true,"href":"https:\/\/food-shop.org\/index.php?rest_route=\/wp\/v2\/media\/6627"}],"wp:attachment":[{"href":"https:\/\/food-shop.org\/index.php?rest_route=%2Fwp%2Fv2%2Fmedia&parent=6626"}],"wp:term":[{"taxonomy":"product_cat","embeddable":true,"href":"https:\/\/food-shop.org\/index.php?rest_route=%2Fwp%2Fv2%2Fproduct_cat&post=6626"},{"taxonomy":"product_tag","embeddable":true,"href":"https:\/\/food-shop.org\/index.php?rest_route=%2Fwp%2Fv2%2Fproduct_tag&post=6626"}],"curies":[{"name":"wp","href":"https:\/\/api.w.org\/{rel}","templated":true}]}}