{"id":6572,"date":"2020-08-31T13:13:48","date_gmt":"2020-08-31T13:13:48","guid":{"rendered":"https:\/\/food-shop.org\/?product=cabrales-kaese-ursprungsbezeichnung"},"modified":"2023-04-08T16:58:25","modified_gmt":"2023-04-08T16:58:25","slug":"cabrales-kaese-ursprungsbezeichnung","status":"publish","type":"product","link":"https:\/\/food-shop.org\/?product=cabrales-kaese-ursprungsbezeichnung","title":{"rendered":"Cabrales-K\u00e4se Ursprungsbezeichnung"},"content":{"rendered":"<p><!-- show up to 2 reviews by default --> <\/p>\n<h3>Produktbeschreibungen<\/h3>\n<p>Cabrales-K\u00e4se Ursprungsbezeichnung . &#8222;Queso Cabrales&#8220; wird durch die gesch\u00fctzte Ursprungsbezeichnung von 1.981 abgedeckt. Der Produktionsbereich dieses Produkts umfasst den Cabrales Rat und einige St\u00e4dte des Rates vom Pe\u00f1amellera Alta, sowohl in Asturien. Die Milch f\u00fcr die Verarbeitung verwendet wird, erhalten ausschlie\u00dflich mit der gesch\u00fctzten Ursprungsbezeichnung eingetragen von den Herden von Rindern, Schafen und Ziegen. Rinder, aus dem die Milch Futter in Almen erhalten wird. <\/p>\n<h3>Inhaltsstoffe \/ Zutaten<\/h3>\n<p>Hergestellt in Handarbeit aus rohen Kuhmilch. <\/p>\n<p>Ganze K\u00e4se.<br \/>\nGewicht: 2,75 kg ca..<br \/>\nLeckeren K\u00e4se. Starke Geschmack.<br \/>\n<div class=\"main-cross-sell\" data-asin=\"B01DLZPS84\">\n\n\t<div class=\"WooZone-cross-sell-loader\">\n\t\t<div>\n\t\t\t<div id=\"floatingBarsG\">\n\t\t\t\t<div class=\"blockG\" id=\"rotateG_01\"><\/div>\n\t\t\t\t<div class=\"blockG\" id=\"rotateG_02\"><\/div>\n\t\t\t\t<div class=\"blockG\" id=\"rotateG_03\"><\/div>\n\t\t\t\t<div class=\"blockG\" id=\"rotateG_04\"><\/div>\n\t\t\t\t<div class=\"blockG\" id=\"rotateG_05\"><\/div>\n\t\t\t\t<div class=\"blockG\" id=\"rotateG_06\"><\/div>\n\t\t\t\t<div class=\"blockG\" id=\"rotateG_07\"><\/div>\n\t\t\t\t<div class=\"blockG\" id=\"rotateG_08\"><\/div>\n\t\t\t<\/div>\n\t\t\t<div class=\"WooZone-cross-sell-loader-text\"><\/div>\n\t\t<\/div>\n\t<\/div>\n\n\t\t\n<\/div>\n<div style=\"clear:both;\"><\/div>\n","protected":false},"excerpt":{"rendered":"Ganze K\u00e4se.\nGewicht: 2,75 kg ca..\nLeckeren K\u00e4se. Starke Geschmack.","protected":false},"featured_media":6573,"comment_status":"open","ping_status":"closed","template":"","meta":[],"product_cat":[64,417],"product_tag":[],"_links":{"self":[{"href":"https:\/\/food-shop.org\/index.php?rest_route=\/wp\/v2\/product\/6572"}],"collection":[{"href":"https:\/\/food-shop.org\/index.php?rest_route=\/wp\/v2\/product"}],"about":[{"href":"https:\/\/food-shop.org\/index.php?rest_route=\/wp\/v2\/types\/product"}],"replies":[{"embeddable":true,"href":"https:\/\/food-shop.org\/index.php?rest_route=%2Fwp%2Fv2%2Fcomments&post=6572"}],"wp:featuredmedia":[{"embeddable":true,"href":"https:\/\/food-shop.org\/index.php?rest_route=\/wp\/v2\/media\/6573"}],"wp:attachment":[{"href":"https:\/\/food-shop.org\/index.php?rest_route=%2Fwp%2Fv2%2Fmedia&parent=6572"}],"wp:term":[{"taxonomy":"product_cat","embeddable":true,"href":"https:\/\/food-shop.org\/index.php?rest_route=%2Fwp%2Fv2%2Fproduct_cat&post=6572"},{"taxonomy":"product_tag","embeddable":true,"href":"https:\/\/food-shop.org\/index.php?rest_route=%2Fwp%2Fv2%2Fproduct_tag&post=6572"}],"curies":[{"name":"wp","href":"https:\/\/api.w.org\/{rel}","templated":true}]}}