{"id":6513,"date":"2020-08-31T13:09:59","date_gmt":"2020-08-31T13:09:59","guid":{"rendered":"https:\/\/food-shop.org\/?product=christian-tanner-0801-0-milkana-kaese-ecken"},"modified":"2023-04-08T16:58:24","modified_gmt":"2023-04-08T16:58:24","slug":"christian-tanner-0801-0-milkana-kaese-ecken","status":"publish","type":"product","link":"https:\/\/food-shop.org\/?product=christian-tanner-0801-0-milkana-kaese-ecken","title":{"rendered":"Christian Tanner 0801.0 &#8211; Milkana K\u00e4se Ecken"},"content":{"rendered":"<p><!-- show up to 2 reviews by default --> <\/p>\n<h3>Produktbeschreibung<\/h3>\n<p>Die detailgetreuen und herausnehmbaren Milkana K\u00e4se Ecken aus Holz in den Sorten Salami, Sahne und Kr\u00e4uter d\u00fcrfen in deinem Kaufladen nicht fehlen. <\/p>\n<h3>Warnhinweise<\/h3>\n<p>Achtung: Nicht geeignet f\u00fcr Kinder unter 3 Jahren. Benutzung unter Aufsicht von Erwachsenen <\/p>\n<div data-a-expander-name=\"toggle_description\" class=\"a-row a-expander-container a-expander-extend-container\">\n<div class=\"a-expander-content a-expander-extend-content\">\n<h3>Set enth\u00e4lt:<\/h3>\n<p>6 K\u00e4se Ecken <\/p>\n<\/p><\/div>\n<p> <a href=\"void(0)\" data-action=\"a-expander-toggle\" class=\"a-expander-header a-declarative a-expander-extend-header\" data-a-expander-toggle=\"{\"><i class=\"a-icon a-icon-extender-expand\"><\/i><span class=\"a-expander-prompt\">Weitere Informationen<\/span><\/a> <\/div>\n<p>Die detailgetreuen und herausnehmbaren Milkana K\u00e4se Ecken aus Holz in den Sorten Salami, Sahne und Kr\u00e4uter d\u00fcrfen in deinem Kaufladen nicht fehlen.<br \/>\neinkaufen<br \/>\nlernen<br \/>\nsozialverhalten<br \/>\n<div class=\"main-cross-sell\" data-asin=\"B06WXXBS44\">\n\n\t<div class=\"WooZone-cross-sell-loader\">\n\t\t<div>\n\t\t\t<div id=\"floatingBarsG\">\n\t\t\t\t<div class=\"blockG\" id=\"rotateG_01\"><\/div>\n\t\t\t\t<div class=\"blockG\" id=\"rotateG_02\"><\/div>\n\t\t\t\t<div class=\"blockG\" id=\"rotateG_03\"><\/div>\n\t\t\t\t<div class=\"blockG\" id=\"rotateG_04\"><\/div>\n\t\t\t\t<div class=\"blockG\" id=\"rotateG_05\"><\/div>\n\t\t\t\t<div class=\"blockG\" id=\"rotateG_06\"><\/div>\n\t\t\t\t<div class=\"blockG\" id=\"rotateG_07\"><\/div>\n\t\t\t\t<div class=\"blockG\" id=\"rotateG_08\"><\/div>\n\t\t\t<\/div>\n\t\t\t<div class=\"WooZone-cross-sell-loader-text\"><\/div>\n\t\t<\/div>\n\t<\/div>\n\n\t\t\n<\/div>\n<div style=\"clear:both;\"><\/div>\n","protected":false},"excerpt":{"rendered":"Die detailgetreuen und herausnehmbaren Milkana K\u00e4se Ecken aus Holz in den Sorten Salami, Sahne und Kr\u00e4uter d\u00fcrfen in deinem Kaufladen nicht fehlen.\neinkaufen\nlernen","protected":false},"featured_media":6514,"comment_status":"open","ping_status":"closed","template":"","meta":[],"product_cat":[64,417],"product_tag":[],"_links":{"self":[{"href":"https:\/\/food-shop.org\/index.php?rest_route=\/wp\/v2\/product\/6513"}],"collection":[{"href":"https:\/\/food-shop.org\/index.php?rest_route=\/wp\/v2\/product"}],"about":[{"href":"https:\/\/food-shop.org\/index.php?rest_route=\/wp\/v2\/types\/product"}],"replies":[{"embeddable":true,"href":"https:\/\/food-shop.org\/index.php?rest_route=%2Fwp%2Fv2%2Fcomments&post=6513"}],"wp:featuredmedia":[{"embeddable":true,"href":"https:\/\/food-shop.org\/index.php?rest_route=\/wp\/v2\/media\/6514"}],"wp:attachment":[{"href":"https:\/\/food-shop.org\/index.php?rest_route=%2Fwp%2Fv2%2Fmedia&parent=6513"}],"wp:term":[{"taxonomy":"product_cat","embeddable":true,"href":"https:\/\/food-shop.org\/index.php?rest_route=%2Fwp%2Fv2%2Fproduct_cat&post=6513"},{"taxonomy":"product_tag","embeddable":true,"href":"https:\/\/food-shop.org\/index.php?rest_route=%2Fwp%2Fv2%2Fproduct_tag&post=6513"}],"curies":[{"name":"wp","href":"https:\/\/api.w.org\/{rel}","templated":true}]}}