{"id":6490,"date":"2020-08-31T13:09:47","date_gmt":"2020-08-31T13:09:47","guid":{"rendered":"https:\/\/food-shop.org\/?product=suedtiroler-kaesesortiment-schaukaeserei-drei-zinnen"},"modified":"2023-04-08T16:58:24","modified_gmt":"2023-04-08T16:58:24","slug":"suedtiroler-kaesesortiment-schaukaeserei-drei-zinnen","status":"publish","type":"product","link":"https:\/\/food-shop.org\/?product=suedtiroler-kaesesortiment-schaukaeserei-drei-zinnen","title":{"rendered":"S\u00fcdtiroler K\u00e4sesortiment Schauk\u00e4serei Drei Zinnen"},"content":{"rendered":"<p><!-- show up to 2 reviews by default --> <\/p>\n<p><strong>Wir bieten Ihnen hier ein K\u00e4sesortiment der besonderen Art aus S\u00fcdtirol. Es handelt sich um 7 Sorten lokaler Spezialit\u00e4ten, welche seit Grossvaters Zeiten nach dem gleichen Rezept auf nat\u00fcrliche handwerkliche Art und Weise hergestellt werden.<\/strong> Im Angebot enthalten sind: ca. 300 gr. Toblacher Stangenk\u00e4se ca. 300 gr. Innichner Bergk\u00e4se ca. 350 gr. Innichner Butterk\u00e4se ca. 350 gr. Toblacher R\u00e4ucherk\u00e4se ca. 300 gr. Kr\u00e4uterk\u00e4se Sennerei Drei Zinnen<br \/> ca. 300 gr. Weink\u00e4se Baccus <br \/> ca. 300 gr. Duplago<br \/> Viele dieser hier erw\u00e4hnten K\u00e4se haben bereits mehrfach Auszeichnungen und Pr\u00e4mierungen im In- und Ausland erhalten, welche als zus\u00e4tzlicher Garant f\u00fcr einzigartigen K\u00e4segeschmack stehen. <br \/> \u00dcberzeugen Sie sich selbst, holen Sie sich etwas von der guten alten K\u00e4sefertigungskunst aus S\u00fcdtirol zu Sich nach Hause. Wir waren bei der Auswahl darauf bedacht, eine Vielfalt an verschiedenen K\u00e4sesorten einzubinden, so finden Sie hier vom milden-w\u00fcrzigen bis zum pikanten-aromatischen Geschmack etwas. Die einzelnen K\u00e4sest\u00fccke werden bei Verkauf frisch geschnitten und vakuumiert. Damit garantieren wir Ihnen l\u00e4ngere Haltbarkeit (1 &#8211; 1 1\/2 Monate) und einen sicheren Transport. <br \/>&gt; <br \/>&gt; <strong>Dieser Artikel wird gek\u00fchlt versendet.<\/strong> <br \/>&gt; <br \/>&gt; . <\/p>\n<p>S\u00fcdtiroler K\u00e4sesortiment Schauk\u00e4serei Drei Zinnen<br \/>\n7 lokale K\u00e4sespezialit\u00e4ten<br \/>\nvon mild bis aromatisch w\u00fcrzig. Dieser Artikel wird gek\u00fchlt versendet.<br \/>\n<div class=\"main-cross-sell\" data-asin=\"B01DSKLCH8\">\n\n\t<div class=\"WooZone-cross-sell-loader\">\n\t\t<div>\n\t\t\t<div id=\"floatingBarsG\">\n\t\t\t\t<div class=\"blockG\" id=\"rotateG_01\"><\/div>\n\t\t\t\t<div class=\"blockG\" id=\"rotateG_02\"><\/div>\n\t\t\t\t<div class=\"blockG\" id=\"rotateG_03\"><\/div>\n\t\t\t\t<div class=\"blockG\" id=\"rotateG_04\"><\/div>\n\t\t\t\t<div class=\"blockG\" id=\"rotateG_05\"><\/div>\n\t\t\t\t<div class=\"blockG\" id=\"rotateG_06\"><\/div>\n\t\t\t\t<div class=\"blockG\" id=\"rotateG_07\"><\/div>\n\t\t\t\t<div class=\"blockG\" id=\"rotateG_08\"><\/div>\n\t\t\t<\/div>\n\t\t\t<div class=\"WooZone-cross-sell-loader-text\"><\/div>\n\t\t<\/div>\n\t<\/div>\n\n\t\t\n<\/div>\n<div style=\"clear:both;\"><\/div>\n","protected":false},"excerpt":{"rendered":"S\u00fcdtiroler K\u00e4sesortiment Schauk\u00e4serei Drei Zinnen\n7 lokale K\u00e4sespezialit\u00e4ten\nvon mild bis aromatisch w\u00fcrzig. Dieser Artikel wird gek\u00fchlt versendet.","protected":false},"featured_media":6491,"comment_status":"open","ping_status":"closed","template":"","meta":[],"product_cat":[64,417],"product_tag":[],"_links":{"self":[{"href":"https:\/\/food-shop.org\/index.php?rest_route=\/wp\/v2\/product\/6490"}],"collection":[{"href":"https:\/\/food-shop.org\/index.php?rest_route=\/wp\/v2\/product"}],"about":[{"href":"https:\/\/food-shop.org\/index.php?rest_route=\/wp\/v2\/types\/product"}],"replies":[{"embeddable":true,"href":"https:\/\/food-shop.org\/index.php?rest_route=%2Fwp%2Fv2%2Fcomments&post=6490"}],"wp:featuredmedia":[{"embeddable":true,"href":"https:\/\/food-shop.org\/index.php?rest_route=\/wp\/v2\/media\/6491"}],"wp:attachment":[{"href":"https:\/\/food-shop.org\/index.php?rest_route=%2Fwp%2Fv2%2Fmedia&parent=6490"}],"wp:term":[{"taxonomy":"product_cat","embeddable":true,"href":"https:\/\/food-shop.org\/index.php?rest_route=%2Fwp%2Fv2%2Fproduct_cat&post=6490"},{"taxonomy":"product_tag","embeddable":true,"href":"https:\/\/food-shop.org\/index.php?rest_route=%2Fwp%2Fv2%2Fproduct_tag&post=6490"}],"curies":[{"name":"wp","href":"https:\/\/api.w.org\/{rel}","templated":true}]}}