{"id":6412,"date":"2020-08-31T13:09:11","date_gmt":"2020-08-31T13:09:11","guid":{"rendered":"https:\/\/food-shop.org\/?product=tiroler-bauernstandl-kaese-bergkaese-mild-1-kg"},"modified":"2023-04-08T16:58:22","modified_gmt":"2023-04-08T16:58:22","slug":"tiroler-bauernstandl-kaese-bergkaese-mild-1-kg","status":"publish","type":"product","link":"https:\/\/food-shop.org\/?product=tiroler-bauernstandl-kaese-bergkaese-mild-1-kg","title":{"rendered":"Tiroler Bauernstandl &#8211; K\u00e4se &#8211; Bergk\u00e4se mild 1 kg"},"content":{"rendered":"<div class=\"disclaim\"> Gr\u00f6\u00dfe:<strong>1 kg<\/strong> <\/div>\n<p> <!-- show up to 2 reviews by default --> <\/p>\n<h3>Produktbeschreibungen<\/h3>\n<p>Hartk\u00e4se mit 45 % Fett in der Trockenmasse \u2013 nur ca. 27 % Fett absolut Garantiert laktosefrei 3 Monate in einem Unterl\u00e4nder Reifekeller zur Bl\u00fcte gepflegt Deshalb: Gro\u00dfartiges mildes Aroma und ungeahnt sahnig im Geschmack <\/p>\n<h3>Inhaltsstoffe \/ Zutaten<\/h3>\n<p>Silofreie Kuhrohmilch, Kulturen, Lab, Salz <\/p>\n<p>Hartk\u00e4se mit 45 % Fett in der Trockenmasse<br \/>\nAus silofreier Rohmilch<br \/>\n3 Monate gereift<br \/>\nMildes Aroma, sahnig im Geschmack<br \/>\nLaktosefrei<br \/>\n<div class=\"main-cross-sell\" data-asin=\"B003UAO11Q\">\n\n\t<div class=\"WooZone-cross-sell-loader\">\n\t\t<div>\n\t\t\t<div id=\"floatingBarsG\">\n\t\t\t\t<div class=\"blockG\" id=\"rotateG_01\"><\/div>\n\t\t\t\t<div class=\"blockG\" id=\"rotateG_02\"><\/div>\n\t\t\t\t<div class=\"blockG\" id=\"rotateG_03\"><\/div>\n\t\t\t\t<div class=\"blockG\" id=\"rotateG_04\"><\/div>\n\t\t\t\t<div class=\"blockG\" id=\"rotateG_05\"><\/div>\n\t\t\t\t<div class=\"blockG\" id=\"rotateG_06\"><\/div>\n\t\t\t\t<div class=\"blockG\" id=\"rotateG_07\"><\/div>\n\t\t\t\t<div class=\"blockG\" id=\"rotateG_08\"><\/div>\n\t\t\t<\/div>\n\t\t\t<div class=\"WooZone-cross-sell-loader-text\"><\/div>\n\t\t<\/div>\n\t<\/div>\n\n\t\t\n<\/div>\n<div style=\"clear:both;\"><\/div>\n","protected":false},"excerpt":{"rendered":"Hartk\u00e4se mit 45 % Fett in der Trockenmasse\nAus silofreier Rohmilch\n3 Monate gereift","protected":false},"featured_media":6413,"comment_status":"open","ping_status":"closed","template":"","meta":[],"product_cat":[64,417],"product_tag":[],"_links":{"self":[{"href":"https:\/\/food-shop.org\/index.php?rest_route=\/wp\/v2\/product\/6412"}],"collection":[{"href":"https:\/\/food-shop.org\/index.php?rest_route=\/wp\/v2\/product"}],"about":[{"href":"https:\/\/food-shop.org\/index.php?rest_route=\/wp\/v2\/types\/product"}],"replies":[{"embeddable":true,"href":"https:\/\/food-shop.org\/index.php?rest_route=%2Fwp%2Fv2%2Fcomments&post=6412"}],"wp:featuredmedia":[{"embeddable":true,"href":"https:\/\/food-shop.org\/index.php?rest_route=\/wp\/v2\/media\/6413"}],"wp:attachment":[{"href":"https:\/\/food-shop.org\/index.php?rest_route=%2Fwp%2Fv2%2Fmedia&parent=6412"}],"wp:term":[{"taxonomy":"product_cat","embeddable":true,"href":"https:\/\/food-shop.org\/index.php?rest_route=%2Fwp%2Fv2%2Fproduct_cat&post=6412"},{"taxonomy":"product_tag","embeddable":true,"href":"https:\/\/food-shop.org\/index.php?rest_route=%2Fwp%2Fv2%2Fproduct_tag&post=6412"}],"curies":[{"name":"wp","href":"https:\/\/api.w.org\/{rel}","templated":true}]}}