{"id":6384,"date":"2020-08-31T13:08:57","date_gmt":"2020-08-31T13:08:57","guid":{"rendered":"https:\/\/food-shop.org\/?product=le-gruyere-swiss-aop-ca-400g-am-stueck"},"modified":"2023-04-08T16:58:22","modified_gmt":"2023-04-08T16:58:22","slug":"le-gruyere-swiss-aop-ca-400g-am-stueck","status":"publish","type":"product","link":"https:\/\/food-shop.org\/?product=le-gruyere-swiss-aop-ca-400g-am-stueck","title":{"rendered":"Le Gruy\u00e8re Swiss AOP (ca. 400g am St\u00fcck)"},"content":{"rendered":"<p><!-- show up to 2 reviews by default --> <\/p>\n<p>Le Gruy\u00e8re AOP (ca. 400g am St\u00fcck) Le Gruy\u00e8re AOP wird seit dem Jahr 1115 hergestellt. Seinen feinen, typischen Geschmack verdankt er der erstklassigen Rohmilch von K\u00fchen aus dem Greyerzerland. Diese ern\u00e4hren sich im Sommer von Weidegras und werden im Winter mit Heu gef\u00fcttert. Wesentlich ist aber auch das K\u00f6nnen der K\u00e4ser und der K\u00e4seh\u00e4ndler. Typ Hartk\u00e4se Milchverarbeitung Rohmilch Milch Kuhmilch Fettgehalt Vollfett (49%) Wassergehalt 34 % Lab Nat\u00fcrliches Lab Laktosefrei Ja Reifedauer 5-12 Monate Produktionsgebiet Westschweiz Geschmack W\u00fcrzig, Aromatisch, Fruchtig, Salzig AOP Ja, Seit 2001 Form &amp; Farbe Teig: Der Teig f\u00fchlt sich fein und leicht feucht an. Er ist geschmeidig, mittelfest und wenig br\u00fcchig. Seine gleichm\u00e4ssig elfenbeinerne Farbe \u00e4ndert je nach Jahreszeit. Rinde: Runder Laib mit geschmierter, k\u00f6rniger, gleichm\u00e4ssig br\u00e4unlicher und gesunder Rinde. Laibgr\u00f6sse: 25 bis 40 kg Switzerland Cheese Marketing <\/p>\n<div class=\"main-cross-sell\" data-asin=\"B01D52B2GK\">\n\n\t<div class=\"WooZone-cross-sell-loader\">\n\t\t<div>\n\t\t\t<div id=\"floatingBarsG\">\n\t\t\t\t<div class=\"blockG\" id=\"rotateG_01\"><\/div>\n\t\t\t\t<div class=\"blockG\" id=\"rotateG_02\"><\/div>\n\t\t\t\t<div class=\"blockG\" id=\"rotateG_03\"><\/div>\n\t\t\t\t<div class=\"blockG\" id=\"rotateG_04\"><\/div>\n\t\t\t\t<div class=\"blockG\" id=\"rotateG_05\"><\/div>\n\t\t\t\t<div class=\"blockG\" id=\"rotateG_06\"><\/div>\n\t\t\t\t<div class=\"blockG\" id=\"rotateG_07\"><\/div>\n\t\t\t\t<div class=\"blockG\" id=\"rotateG_08\"><\/div>\n\t\t\t<\/div>\n\t\t\t<div class=\"WooZone-cross-sell-loader-text\"><\/div>\n\t\t<\/div>\n\t<\/div>\n\n\t\t\n<\/div>\n<div style=\"clear:both;\"><\/div>\n","protected":false},"excerpt":{"rendered":"Le Gruy\u00e8re AOP (ca. 400g am St\u00fcck) Le Gruy\u00e8re AOP wird seit dem Jahr 1115 hergestellt. Seinen feinen, typischen Geschmack verdankt er der erstklassigen Rohmilch von K\u00fchen aus dem Greyerzerland. Diese ern\u00e4hren sich im Sommer von Weidegras und werden im Winter mit Heu gef\u00fcttert. Wesentlich ist aber auch das K\u00f6nnen der K\u00e4ser und der K\u00e4seh\u00e4ndler. [...]","protected":false},"featured_media":6385,"comment_status":"open","ping_status":"closed","template":"","meta":[],"product_cat":[64,417],"product_tag":[],"_links":{"self":[{"href":"https:\/\/food-shop.org\/index.php?rest_route=\/wp\/v2\/product\/6384"}],"collection":[{"href":"https:\/\/food-shop.org\/index.php?rest_route=\/wp\/v2\/product"}],"about":[{"href":"https:\/\/food-shop.org\/index.php?rest_route=\/wp\/v2\/types\/product"}],"replies":[{"embeddable":true,"href":"https:\/\/food-shop.org\/index.php?rest_route=%2Fwp%2Fv2%2Fcomments&post=6384"}],"wp:featuredmedia":[{"embeddable":true,"href":"https:\/\/food-shop.org\/index.php?rest_route=\/wp\/v2\/media\/6385"}],"wp:attachment":[{"href":"https:\/\/food-shop.org\/index.php?rest_route=%2Fwp%2Fv2%2Fmedia&parent=6384"}],"wp:term":[{"taxonomy":"product_cat","embeddable":true,"href":"https:\/\/food-shop.org\/index.php?rest_route=%2Fwp%2Fv2%2Fproduct_cat&post=6384"},{"taxonomy":"product_tag","embeddable":true,"href":"https:\/\/food-shop.org\/index.php?rest_route=%2Fwp%2Fv2%2Fproduct_tag&post=6384"}],"curies":[{"name":"wp","href":"https:\/\/api.w.org\/{rel}","templated":true}]}}