{"id":6255,"date":"2020-08-31T11:42:09","date_gmt":"2020-08-31T11:42:09","guid":{"rendered":"https:\/\/food-shop.org\/?product=oekoland-gemuesesuppe-mit-gefluegel-6er-pack-6-x-400-g"},"modified":"2023-04-08T16:58:20","modified_gmt":"2023-04-08T16:58:20","slug":"oekoland-gemuesesuppe-mit-gefluegel-6er-pack-6-x-400-g","status":"publish","type":"product","link":"https:\/\/food-shop.org\/?product=oekoland-gemuesesuppe-mit-gefluegel-6er-pack-6-x-400-g","title":{"rendered":"\u00d6KOLAND Gem\u00fcsesuppe mit Gefl\u00fcgel, 6er Pack (6 x 400 g)"},"content":{"rendered":"<p><!-- show up to 2 reviews by default --> <\/p>\n<h3>Inhaltsstoffe \/ Zutaten<\/h3>\n<p>Trinkwasser, 24 % Gem\u00fcse (Karotten, Sellerie, Erbsen, Lauch, Brechbohnen-saisonal in ver\u00e4nderlichen Gewichtsanteilen), 9 % H\u00fchnerfleisch, 2 % Nudeln (Hartweizengrie\u00df) (Trockeneinwaage), Sonnenblumen\u00f6l, Steinsalz, Maltodextrin, Zwiebeln, Maisst\u00e4rke, Meersalz, Gew\u00fcrze* (Muskat, Curcuma, Pfeffer), Kr\u00e4uter (Petersilie Liebst\u00f6ckel), Knoblauch, Sellerie, Gluten, Gem\u00fcse \/ H\u00fclsenfr\u00fcchte, Huhn, Umbelliferae, Weizen <\/p>\n<h3>Warnhinweise<\/h3>\n<p>Kann Spuren von Eier, Milch, Senf, Soja, Kuhmilcheiwei\u00df, Pfeffer, Lactose enthalten. <\/p>\n<div data-a-expander-name=\"toggle_description\" class=\"a-row a-expander-container a-expander-extend-container\">\n<div class=\"a-expander-content a-expander-extend-content\">\n<h3>Anschrift Hersteller\/Importeur<\/h3>\n<p>\u00d6koland GmbH NordVertriebsgesellschaft f\u00fcr \u00f6kologische Erzeugnisse, Georgstr. 3-5, 31515 Wunstorf <\/p>\n<\/p><\/div>\n<p> <a href=\"void(0)\" data-action=\"a-expander-toggle\" class=\"a-expander-header a-declarative a-expander-extend-header\" data-a-expander-toggle=\"{\"><i class=\"a-icon a-icon-extender-expand\"><\/i><span class=\"a-expander-prompt\">Weitere Informationen<\/span><\/a> <\/div>\n<p>\u00d6KOLAND, Gem\u00fcsesuppe mit Gefl\u00fcgel<br \/>\nEchter, leckerer Bio-Genuss auf h\u00f6chstem Niveau, \u00d6koland verspricht hochwertige Lebensmittel aus biologischen Rohstoffen mit exzellentem Geschmack.<br \/>\n<div class=\"main-cross-sell\" data-asin=\"B00OQPW670\">\n\n\t<div class=\"WooZone-cross-sell-loader\">\n\t\t<div>\n\t\t\t<div id=\"floatingBarsG\">\n\t\t\t\t<div class=\"blockG\" id=\"rotateG_01\"><\/div>\n\t\t\t\t<div class=\"blockG\" id=\"rotateG_02\"><\/div>\n\t\t\t\t<div class=\"blockG\" id=\"rotateG_03\"><\/div>\n\t\t\t\t<div class=\"blockG\" id=\"rotateG_04\"><\/div>\n\t\t\t\t<div class=\"blockG\" id=\"rotateG_05\"><\/div>\n\t\t\t\t<div class=\"blockG\" id=\"rotateG_06\"><\/div>\n\t\t\t\t<div class=\"blockG\" id=\"rotateG_07\"><\/div>\n\t\t\t\t<div class=\"blockG\" id=\"rotateG_08\"><\/div>\n\t\t\t<\/div>\n\t\t\t<div class=\"WooZone-cross-sell-loader-text\"><\/div>\n\t\t<\/div>\n\t<\/div>\n\n\t\t\n<\/div>\n<div style=\"clear:both;\"><\/div>\n","protected":false},"excerpt":{"rendered":"\u00d6KOLAND, Gem\u00fcsesuppe mit Gefl\u00fcgel\nEchter, leckerer Bio-Genuss auf h\u00f6chstem Niveau, \u00d6koland verspricht hochwertige Lebensmittel aus biologischen Rohstoffen mit exzellentem Geschmack.","protected":false},"featured_media":6256,"comment_status":"open","ping_status":"closed","template":"","meta":[],"product_cat":[64,58],"product_tag":[],"_links":{"self":[{"href":"https:\/\/food-shop.org\/index.php?rest_route=\/wp\/v2\/product\/6255"}],"collection":[{"href":"https:\/\/food-shop.org\/index.php?rest_route=\/wp\/v2\/product"}],"about":[{"href":"https:\/\/food-shop.org\/index.php?rest_route=\/wp\/v2\/types\/product"}],"replies":[{"embeddable":true,"href":"https:\/\/food-shop.org\/index.php?rest_route=%2Fwp%2Fv2%2Fcomments&post=6255"}],"wp:featuredmedia":[{"embeddable":true,"href":"https:\/\/food-shop.org\/index.php?rest_route=\/wp\/v2\/media\/6256"}],"wp:attachment":[{"href":"https:\/\/food-shop.org\/index.php?rest_route=%2Fwp%2Fv2%2Fmedia&parent=6255"}],"wp:term":[{"taxonomy":"product_cat","embeddable":true,"href":"https:\/\/food-shop.org\/index.php?rest_route=%2Fwp%2Fv2%2Fproduct_cat&post=6255"},{"taxonomy":"product_tag","embeddable":true,"href":"https:\/\/food-shop.org\/index.php?rest_route=%2Fwp%2Fv2%2Fproduct_tag&post=6255"}],"curies":[{"name":"wp","href":"https:\/\/api.w.org\/{rel}","templated":true}]}}