{"id":6247,"date":"2020-08-31T11:42:05","date_gmt":"2020-08-31T11:42:05","guid":{"rendered":"https:\/\/food-shop.org\/?product=erasco-reistopf-mit-fleischkloesschen-3er-pack-3-x-400-g"},"modified":"2023-04-08T16:58:20","modified_gmt":"2023-04-08T16:58:20","slug":"erasco-reistopf-mit-fleischkloesschen-3er-pack-3-x-400-g","status":"publish","type":"product","link":"https:\/\/food-shop.org\/?product=erasco-reistopf-mit-fleischkloesschen-3er-pack-3-x-400-g","title":{"rendered":"Erasco Reistopf mit Fleischkl\u00f6\u00dfchen, 3er Pack (3 x 400 g)"},"content":{"rendered":"<p><!-- show up to 2 reviews by default --> <\/p>\n<h3>Produktbeschreibungen<\/h3>\n<p>Inhaltsstoffe \/ Zutaten: Wasser, 8,1% Fleischkl\u00f6\u00dfchen (Schweinefleisch zum Teil fein zerkleinert, Wasser, St\u00e4rke, Salz, Zwiebeln, Gew\u00fcrze), 7,5% Reis (Trockeneinwaage), 7,4% Gem\u00fcse (M\u00f6hren, Erbsen), Raps\u00f6l, Jodsalz, Aroma (enth\u00e4lt SELLERIE), Hefeextrakt, MILCHZUCKER, Kr\u00e4uter, Raucharoma, f\u00e4rbender M\u00f6hrenextrakt, Verdickungsmittel: Guarkernmehl; 1.1. Gebrauchsanweisung: Herd: Inhalt langsam im Topf ew\u00e4rmen, gelegentlich umr\u00fchren. Mikrowelle: Inalt in eine geeignete Schale geben und erw\u00e4rmen. 600 W ca. 4 Min.; <\/p>\n<h3>Inhaltsstoffe \/ Zutaten<\/h3>\n<p>Zutaten: 28% Reis, Wasser, 8,1% Fleischkl\u00f6\u00dfchen (Schweinefleisch zum Teil fein zerkleinert, Wasser, St\u00e4rke, Salz, Zwiebeln, Gew\u00fcrze), 7,0% Gem\u00fcse (M\u00f6hren, Erbsen), Raps\u00f6l, Salz, Aroma, Hefeextrakt, Dextrose, Kr\u00e4uter, Raucharoma, f\u00e4rbender M\u00f6hrenextrakt, Verdickungsmittel: Guarkernmehl. Kann Spuren von WEIZEN (GLUTEN), MILCH, SOJA, SENF, EI und SELLERIE enthalten. <\/p>\n<div data-a-expander-name=\"toggle_description\" class=\"a-row a-expander-container a-expander-extend-container\">\n<div class=\"a-expander-content a-expander-extend-content\">\n<h3>Gebrauchsanweisung<\/h3>\n<p>Herd: Inhalt langsam im Topf ew\u00e4rmen, gelegentlich umr\u00fchren. Mikrowelle: Inalt in eine geeignete Schale geben und erw\u00e4rmen. 600 W ca. 4 Min. <\/p>\n<h3>Warnhinweise<\/h3>\n<p>Kann Spuren von Weizen, Milch, Soja, Senf und Ei enthalten. <\/p>\n<h3>Anschrift Hersteller\/Importeur<\/h3>\n<p>Postfach 12 11 62, D-23532 L\u00fcbeck <\/p>\n<\/p><\/div>\n<p> <a href=\"void(0)\" data-action=\"a-expander-toggle\" class=\"a-expander-header a-declarative a-expander-extend-header\" data-a-expander-toggle=\"{\"><i class=\"a-icon a-icon-extender-expand\"><\/i><span class=\"a-expander-prompt\">Weitere Informationen<\/span><\/a> <\/div>\n<p>mit Fleischkl\u00f6\u00dfchen und Gem\u00fcse<br \/>\n<div class=\"main-cross-sell\" data-asin=\"B005X3XWFE\">\n\n\t<div class=\"WooZone-cross-sell-loader\">\n\t\t<div>\n\t\t\t<div id=\"floatingBarsG\">\n\t\t\t\t<div class=\"blockG\" id=\"rotateG_01\"><\/div>\n\t\t\t\t<div class=\"blockG\" id=\"rotateG_02\"><\/div>\n\t\t\t\t<div class=\"blockG\" id=\"rotateG_03\"><\/div>\n\t\t\t\t<div class=\"blockG\" id=\"rotateG_04\"><\/div>\n\t\t\t\t<div class=\"blockG\" id=\"rotateG_05\"><\/div>\n\t\t\t\t<div class=\"blockG\" id=\"rotateG_06\"><\/div>\n\t\t\t\t<div class=\"blockG\" id=\"rotateG_07\"><\/div>\n\t\t\t\t<div class=\"blockG\" id=\"rotateG_08\"><\/div>\n\t\t\t<\/div>\n\t\t\t<div class=\"WooZone-cross-sell-loader-text\"><\/div>\n\t\t<\/div>\n\t<\/div>\n\n\t\t\n<\/div>\n<div style=\"clear:both;\"><\/div>\n","protected":false},"excerpt":{"rendered":"mit Fleischkl\u00f6\u00dfchen und Gem\u00fcse","protected":false},"featured_media":6248,"comment_status":"open","ping_status":"closed","template":"","meta":[],"product_cat":[64,58],"product_tag":[],"_links":{"self":[{"href":"https:\/\/food-shop.org\/index.php?rest_route=\/wp\/v2\/product\/6247"}],"collection":[{"href":"https:\/\/food-shop.org\/index.php?rest_route=\/wp\/v2\/product"}],"about":[{"href":"https:\/\/food-shop.org\/index.php?rest_route=\/wp\/v2\/types\/product"}],"replies":[{"embeddable":true,"href":"https:\/\/food-shop.org\/index.php?rest_route=%2Fwp%2Fv2%2Fcomments&post=6247"}],"wp:featuredmedia":[{"embeddable":true,"href":"https:\/\/food-shop.org\/index.php?rest_route=\/wp\/v2\/media\/6248"}],"wp:attachment":[{"href":"https:\/\/food-shop.org\/index.php?rest_route=%2Fwp%2Fv2%2Fmedia&parent=6247"}],"wp:term":[{"taxonomy":"product_cat","embeddable":true,"href":"https:\/\/food-shop.org\/index.php?rest_route=%2Fwp%2Fv2%2Fproduct_cat&post=6247"},{"taxonomy":"product_tag","embeddable":true,"href":"https:\/\/food-shop.org\/index.php?rest_route=%2Fwp%2Fv2%2Fproduct_tag&post=6247"}],"curies":[{"name":"wp","href":"https:\/\/api.w.org\/{rel}","templated":true}]}}