{"id":5994,"date":"2020-08-31T11:29:55","date_gmt":"2020-08-31T11:29:55","guid":{"rendered":"https:\/\/food-shop.org\/?product=erasco-rindfleisch-nudeltopf-3er-pack-3-x-400-g"},"modified":"2023-04-09T17:19:18","modified_gmt":"2023-04-09T17:19:18","slug":"erasco-rindfleisch-nudeltopf-3er-pack-3-x-400-g","status":"publish","type":"product","link":"https:\/\/food-shop.org\/?product=erasco-rindfleisch-nudeltopf-3er-pack-3-x-400-g","title":{"rendered":"Erasco Rindfleisch-Nudeltopf, 3er Pack (3 x 400 g)"},"content":{"rendered":"<p><!-- show up to 2 reviews by default --> <\/p>\n<h3>Produktbeschreibungen<\/h3>\n<p>Inhaltsstoffe \/ Zutaten: Wasser, 9% Gem\u00fcse (M\u00f6hren, Porree, SELLERIE), Muschelnudeln (HARTWEIZENGRIE\u00df, EIKLAR), 5,4% gagartes Rindfleisch (Rindfleisch, Salz), Raps\u00f6l, Jodsalz, Hefeextrakt (enth\u00e4lt WEIZEN), Aroma (enh\u00e4lt SELLERIE), Zucker, Kr\u00e4uter, Verdickungsmittel Guarkernmehl, Raucharoma, MILCHZUCKER, f\u00e4rbender Paprikaextrakt.; 1.1. Gebrauchsanweisung: Herd: Inhalt langsam im Topf erw\u00e4rmen, gelegentlich umr\u00fchren. Mikrowelle: Inhalt in eine geeignete Schale geben und erw\u00e4rmen. 600 W ca. 4 Min.; <\/p>\n<h3>Inhaltsstoffe \/ Zutaten<\/h3>\n<p>Wasser, 9% Gem\u00fcse (M\u00f6hren, Porree, SELLERIE), Muschelnudeln (HARTWEIZENGRIE\u00df, EIKLAR), 5,4% gagartes Rindfleisch (Rindfleisch, Salz), Raps\u00f6l, Jodsalz, Hefeextrakt (enth\u00e4lt WEIZEN), Aroma (enh\u00e4lt SELLERIE), Zucker, Kr\u00e4uter, Verdickungsmittel Guarkernmehl, Raucharoma, MILCHZUCKER, f\u00e4rbender Paprikaextrakt. <\/p>\n<div data-a-expander-name=\"toggle_description\" class=\"a-row a-expander-container a-expander-extend-container\">\n<div class=\"a-expander-content a-expander-extend-content\">\n<h3>Gebrauchsanweisung<\/h3>\n<p>Herd: Inhalt langsam im Topf erw\u00e4rmen, gelegentlich umr\u00fchren. Mikrowelle: Inhalt in eine geeignete Schale geben und erw\u00e4rmen. 600 W ca. 4 Min. <\/p>\n<h3>Warnhinweise<\/h3>\n<p>Kann Spuren von Soja und Senf enthalten. <\/p>\n<h3>Anschrift Hersteller\/Importeur<\/h3>\n<p>Continental Foods Germany GmbH, Postfach 121162, 23532 L\u00fcbeck <\/p>\n<\/p><\/div>\n<p> <a href=\"void(0)\" data-action=\"a-expander-toggle\" class=\"a-expander-header a-declarative a-expander-extend-header\" data-a-expander-toggle=\"{\"><i class=\"a-icon a-icon-extender-expand\"><\/i><span class=\"a-expander-prompt\">Weitere Informationen<\/span><\/a> <\/div>\n<p>nat\u00fcrlich lecker<br \/>\nohne geschmacksverst\u00e4rkende Zusatzstoffe<br \/>\nohne k\u00fcnstliche Farbstoffe<br \/>\nohne Konservierungstoffe<br \/>\nmit nat\u00fcrlichem Meersalz<br \/>\n<div class=\"main-cross-sell\" data-asin=\"B005X3Y3HK\">\n\n\t<div class=\"WooZone-cross-sell-loader\">\n\t\t<div>\n\t\t\t<div id=\"floatingBarsG\">\n\t\t\t\t<div class=\"blockG\" id=\"rotateG_01\"><\/div>\n\t\t\t\t<div class=\"blockG\" id=\"rotateG_02\"><\/div>\n\t\t\t\t<div class=\"blockG\" id=\"rotateG_03\"><\/div>\n\t\t\t\t<div class=\"blockG\" id=\"rotateG_04\"><\/div>\n\t\t\t\t<div class=\"blockG\" id=\"rotateG_05\"><\/div>\n\t\t\t\t<div class=\"blockG\" id=\"rotateG_06\"><\/div>\n\t\t\t\t<div class=\"blockG\" id=\"rotateG_07\"><\/div>\n\t\t\t\t<div class=\"blockG\" id=\"rotateG_08\"><\/div>\n\t\t\t<\/div>\n\t\t\t<div class=\"WooZone-cross-sell-loader-text\"><\/div>\n\t\t<\/div>\n\t<\/div>\n\n\t\t\n<\/div>\n<div style=\"clear:both;\"><\/div>\n","protected":false},"excerpt":{"rendered":"nat\u00fcrlich lecker\nohne geschmacksverst\u00e4rkende Zusatzstoffe\nohne k\u00fcnstliche Farbstoffe","protected":false},"featured_media":5995,"comment_status":"open","ping_status":"closed","template":"","meta":[],"product_cat":[64,58],"product_tag":[],"_links":{"self":[{"href":"https:\/\/food-shop.org\/index.php?rest_route=\/wp\/v2\/product\/5994"}],"collection":[{"href":"https:\/\/food-shop.org\/index.php?rest_route=\/wp\/v2\/product"}],"about":[{"href":"https:\/\/food-shop.org\/index.php?rest_route=\/wp\/v2\/types\/product"}],"replies":[{"embeddable":true,"href":"https:\/\/food-shop.org\/index.php?rest_route=%2Fwp%2Fv2%2Fcomments&post=5994"}],"wp:featuredmedia":[{"embeddable":true,"href":"https:\/\/food-shop.org\/index.php?rest_route=\/wp\/v2\/media\/5995"}],"wp:attachment":[{"href":"https:\/\/food-shop.org\/index.php?rest_route=%2Fwp%2Fv2%2Fmedia&parent=5994"}],"wp:term":[{"taxonomy":"product_cat","embeddable":true,"href":"https:\/\/food-shop.org\/index.php?rest_route=%2Fwp%2Fv2%2Fproduct_cat&post=5994"},{"taxonomy":"product_tag","embeddable":true,"href":"https:\/\/food-shop.org\/index.php?rest_route=%2Fwp%2Fv2%2Fproduct_tag&post=5994"}],"curies":[{"name":"wp","href":"https:\/\/api.w.org\/{rel}","templated":true}]}}