{"id":5935,"date":"2020-08-31T11:25:00","date_gmt":"2020-08-31T11:25:00","guid":{"rendered":"https:\/\/food-shop.org\/?product=lutz-schinkenwurst-12er-pack-12-x-125-g"},"modified":"2023-04-09T17:19:17","modified_gmt":"2023-04-09T17:19:17","slug":"lutz-schinkenwurst-12er-pack-12-x-125-g","status":"publish","type":"product","link":"https:\/\/food-shop.org\/?product=lutz-schinkenwurst-12er-pack-12-x-125-g","title":{"rendered":"Lutz Schinkenwurst, 12er Pack (12 x 125 g)"},"content":{"rendered":"<p><!-- show up to 2 reviews by default --> <\/p>\n<h3>Inhaltsstoffe \/ Zutaten<\/h3>\n<p>Schweinefleisch (83%), Trinkwasser, jodiertes Speisesalz, Gew\u00fcrze (enthalten Senf), W\u00fcrze, Stabilisatoren: Diphosphat, Aromen, Dextrose, , Gew\u00fcrzextrakte, Antioxidationsmittel: Ascorbins\u00e4ure, Konservierungsstoff: Natriumnitrit. Kann Spuren von Sellerie enthalten. <\/p>\n<h3>Warnhinweise<\/h3>\n<p>Kann Spuren von Sellerie enthalten. <\/p>\n<p>Jodsalz<br \/>\nSchweinefleisch<br \/>\n<div class=\"main-cross-sell\" data-asin=\"B0066GK6A6\">\n\n\t<div class=\"WooZone-cross-sell-loader\">\n\t\t<div>\n\t\t\t<div id=\"floatingBarsG\">\n\t\t\t\t<div class=\"blockG\" id=\"rotateG_01\"><\/div>\n\t\t\t\t<div class=\"blockG\" id=\"rotateG_02\"><\/div>\n\t\t\t\t<div class=\"blockG\" id=\"rotateG_03\"><\/div>\n\t\t\t\t<div class=\"blockG\" id=\"rotateG_04\"><\/div>\n\t\t\t\t<div class=\"blockG\" id=\"rotateG_05\"><\/div>\n\t\t\t\t<div class=\"blockG\" id=\"rotateG_06\"><\/div>\n\t\t\t\t<div class=\"blockG\" id=\"rotateG_07\"><\/div>\n\t\t\t\t<div class=\"blockG\" id=\"rotateG_08\"><\/div>\n\t\t\t<\/div>\n\t\t\t<div class=\"WooZone-cross-sell-loader-text\"><\/div>\n\t\t<\/div>\n\t<\/div>\n\n\t\t\n<\/div>\n<div style=\"clear:both;\"><\/div>\n","protected":false},"excerpt":{"rendered":"Jodsalz\nSchweinefleisch","protected":false},"featured_media":5936,"comment_status":"open","ping_status":"closed","template":"","meta":[],"product_cat":[64,58],"product_tag":[],"_links":{"self":[{"href":"https:\/\/food-shop.org\/index.php?rest_route=\/wp\/v2\/product\/5935"}],"collection":[{"href":"https:\/\/food-shop.org\/index.php?rest_route=\/wp\/v2\/product"}],"about":[{"href":"https:\/\/food-shop.org\/index.php?rest_route=\/wp\/v2\/types\/product"}],"replies":[{"embeddable":true,"href":"https:\/\/food-shop.org\/index.php?rest_route=%2Fwp%2Fv2%2Fcomments&post=5935"}],"wp:featuredmedia":[{"embeddable":true,"href":"https:\/\/food-shop.org\/index.php?rest_route=\/wp\/v2\/media\/5936"}],"wp:attachment":[{"href":"https:\/\/food-shop.org\/index.php?rest_route=%2Fwp%2Fv2%2Fmedia&parent=5935"}],"wp:term":[{"taxonomy":"product_cat","embeddable":true,"href":"https:\/\/food-shop.org\/index.php?rest_route=%2Fwp%2Fv2%2Fproduct_cat&post=5935"},{"taxonomy":"product_tag","embeddable":true,"href":"https:\/\/food-shop.org\/index.php?rest_route=%2Fwp%2Fv2%2Fproduct_tag&post=5935"}],"curies":[{"name":"wp","href":"https:\/\/api.w.org\/{rel}","templated":true}]}}