{"id":5927,"date":"2020-08-31T11:24:56","date_gmt":"2020-08-31T11:24:56","guid":{"rendered":"https:\/\/food-shop.org\/?product=eifeler-fleischwaren-4er-set-gulasch-variationen-16kg"},"modified":"2023-04-09T17:19:17","modified_gmt":"2023-04-09T17:19:17","slug":"eifeler-fleischwaren-4er-set-gulasch-variationen-16kg","status":"publish","type":"product","link":"https:\/\/food-shop.org\/?product=eifeler-fleischwaren-4er-set-gulasch-variationen-16kg","title":{"rendered":"Eifeler Fleischwaren 4er Set Gulasch Variationen, 1,6kg"},"content":{"rendered":"<p><!-- show up to 2 reviews by default --> <\/p>\n<h3>Produktbeschreibungen<\/h3>\n<p>Deftig und gehaltvoll soll es sein? Es soll nicht nur satt machen, sondern auch besonders gut schmecken? Am besten ist es auch noch schnell in der Zubereitung und preislich attraktiv? Dann nutzen Sie dieses Sonderangebot unserer Fleischeint\u00f6pfe! <\/p>\n<h3>Inhaltsstoffe \/ Zutaten<\/h3>\n<p>A ) Rindergulasch,Zutaten: Rindfleisch (50%), Trinkwasser, frische Zwiebeln, Tomatenmark, Raps\u00f6l, Rotwein, modifizierte St\u00e4rke, jodiertes Speisesalz, Gew\u00fcrze, Weizenmehl, Karamellzucker, Verdickungsmittel: Guarkernmehl. B ) Paprika-Gulasch,Zutaten: Schweinefleisch (55%), Trinkwasser, Paprika (11%), passierte Tomaten, Tomatenmark, Raps\u00f6l, Gew\u00fcrze, jodiertes Speisesalz,modifizierte St\u00e4rke, Karamellzucker, Kr\u00e4uter, Verdickungsmittel: Guarkernmehl. C ) Kesselgulasch,Zutaten: Trinkwasser, Schweinefleisch (21%), Kartoffeln (GESCHWEFELT), Gem\u00fcse in ver\u00e4nderlichen Anteilen (zwiebeln, Paprika, Karotten, Erbsen), Tomatenmark, Raps\u00f6l, jodiertes Speisesalz, Gew\u00fcrze, modifizierte St\u00e4rke, Karamellzucker, WEIZENMEHL, Kr\u00e4uter, Verdickungsmittel: Guarkernmehl. D ) Szegediner Gulasch,Zutaten: Schweinefleisch (55%), Sauerkraut, Trinkwasser, Paprika, SAHNE, passierte Tomaten, Raps\u00f6l, Tomatenmark, jodiertes Speisesalz, Gew\u00fcrze, modifizierte St\u00e4rke, Karamellzucker, Kr\u00e4uter, Verdickungsmittel: Guarkernmehl. E ) Wiener Schmorgulasch,Zutaten: Schweinefleisch (56%), Trinkwasser, Paprika, R\u00f6stzwiebeln, modifizierte St\u00e4rke, jodiertes Speisesalz, Gew\u00fcrze, Tomatenmark,WEIZENMEHL, Raps\u00f6l, Karamellzucker, Verdickungsmittel: Guarkernmehl, S\u00e4uerungsmittel: Citronens\u00e4ure. <\/p>\n<div data-a-expander-name=\"toggle_description\" class=\"a-row a-expander-container a-expander-extend-container\">\n<div class=\"a-expander-content a-expander-extend-content\">\n<h3>Gebrauchsanweisung<\/h3>\n<p>Gewichtsverlust durch erhitzen <\/p>\n<h3>Rechtliche Hinweise<\/h3>\n<p>Hersteller: Eifeler Fleischwaren Ludwig Babendererde GmbH &#8211; Oberbettinger Str. 27 &#8211; D-54587 Lissendorf || Eifeler Rinder Gulasch N\u00e4hrwertdeklaration: Durchschnittliche N\u00e4hrwerte je 100 g Brennwert:422 kJ\/ 101 kcal Fett:5,1 g davon: &#8211; ges\u00e4ttigte Fetts\u00e4uren:1,3 g Kohlenhydrate:4,3 g davon: &#8211; Zucker1,8 g Eiwei\u00df:9,4 g Salz:1,49 g || Paprika-Gulasch N\u00e4hrwertdeklaration: Durchschnittliche N\u00e4hrwerte je 100 g Brennwert:527 kJ\/ 126 kcal Fett:6,7 g davon: &#8211; ges\u00e4ttigte Fetts\u00e4uren:1,8 g Kohlenhydrate:4,6 g davon: &#8211; Zucker2,7 g Eiwei\u00df:11,8 g Salz:1,18 g || Szegediner Gulasch N\u00e4hrwertdeklaration: Durchschnittliche N\u00e4hrwerte je 100 g Brennwert:468 kj \/ 112 Kcal Fett:5,3 g davon: &#8211; ges\u00e4ttigte Fetts\u00e4uren:1,4 g Kohlenhydrate:2,5 g davon: &#8211; Zucker2,3 g Balaststoffe: <\/p>\n<h3>Anschrift Hersteller\/Importeur<\/h3>\n<p>Eifeler Fleischwaren Ludwig Babendererde GmbH &#8211; Oberbettinger Str. 27 &#8211; D-54587 Lissendorf <\/p>\n<\/p><\/div>\n<p> <a href=\"void(0)\" data-action=\"a-expander-toggle\" class=\"a-expander-header a-declarative a-expander-extend-header\" data-a-expander-toggle=\"{\"><i class=\"a-icon a-icon-extender-expand\"><\/i><span class=\"a-expander-prompt\">Weitere Informationen<\/span><\/a> <\/div>\n<p>Leckere Fleischeint\u00f6pfe mit langer Haltbarkeit<br \/>\n&#8211; 400g Rindergulasch in leckerer So\u00dfe, mit Rotwein verfeinert, mit Zwiebeln.<br \/>\n&#8211; 400g Paprikagulasch ungarische Art aus Schweinefleisch.<br \/>\n&#8211; 400g Szegediner Gulasch mit Schweinefleisch und Sauerkraut<br \/>\n&#8211; 400g Wiener Schmorgulasch mit Schweinefleisch und ger\u00f6stetem Gem\u00fcse.<br \/>\n<div class=\"main-cross-sell\" data-asin=\"B012OW0DDU\">\n\n\t<div class=\"WooZone-cross-sell-loader\">\n\t\t<div>\n\t\t\t<div id=\"floatingBarsG\">\n\t\t\t\t<div class=\"blockG\" id=\"rotateG_01\"><\/div>\n\t\t\t\t<div class=\"blockG\" id=\"rotateG_02\"><\/div>\n\t\t\t\t<div class=\"blockG\" id=\"rotateG_03\"><\/div>\n\t\t\t\t<div class=\"blockG\" id=\"rotateG_04\"><\/div>\n\t\t\t\t<div class=\"blockG\" id=\"rotateG_05\"><\/div>\n\t\t\t\t<div class=\"blockG\" id=\"rotateG_06\"><\/div>\n\t\t\t\t<div class=\"blockG\" id=\"rotateG_07\"><\/div>\n\t\t\t\t<div class=\"blockG\" id=\"rotateG_08\"><\/div>\n\t\t\t<\/div>\n\t\t\t<div class=\"WooZone-cross-sell-loader-text\"><\/div>\n\t\t<\/div>\n\t<\/div>\n\n\t\t\n<\/div>\n<div style=\"clear:both;\"><\/div>\n","protected":false},"excerpt":{"rendered":"Leckere Fleischeint\u00f6pfe mit langer Haltbarkeit\n- 400g Rindergulasch in leckerer So\u00dfe, mit Rotwein verfeinert, mit Zwiebeln.\n- 400g Paprikagulasch ungarische Art aus Schweinefleisch.","protected":false},"featured_media":5928,"comment_status":"open","ping_status":"closed","template":"","meta":[],"product_cat":[64,58],"product_tag":[],"_links":{"self":[{"href":"https:\/\/food-shop.org\/index.php?rest_route=\/wp\/v2\/product\/5927"}],"collection":[{"href":"https:\/\/food-shop.org\/index.php?rest_route=\/wp\/v2\/product"}],"about":[{"href":"https:\/\/food-shop.org\/index.php?rest_route=\/wp\/v2\/types\/product"}],"replies":[{"embeddable":true,"href":"https:\/\/food-shop.org\/index.php?rest_route=%2Fwp%2Fv2%2Fcomments&post=5927"}],"wp:featuredmedia":[{"embeddable":true,"href":"https:\/\/food-shop.org\/index.php?rest_route=\/wp\/v2\/media\/5928"}],"wp:attachment":[{"href":"https:\/\/food-shop.org\/index.php?rest_route=%2Fwp%2Fv2%2Fmedia&parent=5927"}],"wp:term":[{"taxonomy":"product_cat","embeddable":true,"href":"https:\/\/food-shop.org\/index.php?rest_route=%2Fwp%2Fv2%2Fproduct_cat&post=5927"},{"taxonomy":"product_tag","embeddable":true,"href":"https:\/\/food-shop.org\/index.php?rest_route=%2Fwp%2Fv2%2Fproduct_tag&post=5927"}],"curies":[{"name":"wp","href":"https:\/\/api.w.org\/{rel}","templated":true}]}}