{"id":5891,"date":"2020-08-31T11:24:37","date_gmt":"2020-08-31T11:24:37","guid":{"rendered":"https:\/\/food-shop.org\/?product=inzersdorfer-fleischschmalz-24er-pack-24-x-125-g"},"modified":"2023-04-09T17:19:16","modified_gmt":"2023-04-09T17:19:16","slug":"inzersdorfer-fleischschmalz-24er-pack-24-x-125-g","status":"publish","type":"product","link":"https:\/\/food-shop.org\/?product=inzersdorfer-fleischschmalz-24er-pack-24-x-125-g","title":{"rendered":"Inzersdorfer Fleischschmalz, 24er Pack (24 x 125 g)"},"content":{"rendered":"<p><!-- show up to 2 reviews by default --> <\/p>\n<h3>Inhaltsstoffe \/ Zutaten<\/h3>\n<p>Zutaten: Schweinefleisch (60%), Speck, Wasser, Nitritp\u00f6kelsalz (Speisesalz, Konservierungsstoff: Natriumnitrit), Gew\u00fcrze, Verdickungsmittel: Carrageen, Speisesalz, Antioxidationsmittel: Ascorbins\u00e4ure, Dextrose. <\/p>\n<h3>Anschrift Hersteller\/Importeur<\/h3>\n<p>Postfach 111, A-1131 Wien <\/p>\n<p>Schnittfest und deftig &#8211; kr\u00e4ftig, eine besondere Abwechslung zu herk\u00f6mmlichen Aufstrichen.<br \/>\nRind- und Schweinefleisch, umh\u00fcllt von einer cremigen Schmalzschicht<br \/>\nNach den hohen Qualit\u00e4tsanforderungen der Firma Inzersdorfer sorgf\u00e4ltig in \u00d6sterreich hergestellt.<br \/>\nGlutenfrei, Lactosefrei<br \/>\nSeit Jahrzehnten ist Inzersdorfer die beliebteste Hausmannkost-Marke in \u00d6sterreich. Beste Qualit\u00e4t sowie die unkomplizierte Zubereitung machen Inzersdorfer zum Spezialist f\u00fcr die schnelle \u00f6sterreichische Hausmannskost-K\u00fcche.<br \/>\n<div class=\"main-cross-sell\" data-asin=\"B00R610ESE\">\n\n\t<div class=\"WooZone-cross-sell-loader\">\n\t\t<div>\n\t\t\t<div id=\"floatingBarsG\">\n\t\t\t\t<div class=\"blockG\" id=\"rotateG_01\"><\/div>\n\t\t\t\t<div class=\"blockG\" id=\"rotateG_02\"><\/div>\n\t\t\t\t<div class=\"blockG\" id=\"rotateG_03\"><\/div>\n\t\t\t\t<div class=\"blockG\" id=\"rotateG_04\"><\/div>\n\t\t\t\t<div class=\"blockG\" id=\"rotateG_05\"><\/div>\n\t\t\t\t<div class=\"blockG\" id=\"rotateG_06\"><\/div>\n\t\t\t\t<div class=\"blockG\" id=\"rotateG_07\"><\/div>\n\t\t\t\t<div class=\"blockG\" id=\"rotateG_08\"><\/div>\n\t\t\t<\/div>\n\t\t\t<div class=\"WooZone-cross-sell-loader-text\"><\/div>\n\t\t<\/div>\n\t<\/div>\n\n\t\t\n<\/div>\n<div style=\"clear:both;\"><\/div>\n","protected":false},"excerpt":{"rendered":"Schnittfest und deftig - kr\u00e4ftig, eine besondere Abwechslung zu herk\u00f6mmlichen Aufstrichen.\nRind- und Schweinefleisch, umh\u00fcllt von einer cremigen Schmalzschicht\nNach den hohen Qualit\u00e4tsanforderungen der Firma Inzersdorfer sorgf\u00e4ltig in \u00d6sterreich hergestellt.","protected":false},"featured_media":5892,"comment_status":"open","ping_status":"closed","template":"","meta":[],"product_cat":[64,58],"product_tag":[],"_links":{"self":[{"href":"https:\/\/food-shop.org\/index.php?rest_route=\/wp\/v2\/product\/5891"}],"collection":[{"href":"https:\/\/food-shop.org\/index.php?rest_route=\/wp\/v2\/product"}],"about":[{"href":"https:\/\/food-shop.org\/index.php?rest_route=\/wp\/v2\/types\/product"}],"replies":[{"embeddable":true,"href":"https:\/\/food-shop.org\/index.php?rest_route=%2Fwp%2Fv2%2Fcomments&post=5891"}],"wp:featuredmedia":[{"embeddable":true,"href":"https:\/\/food-shop.org\/index.php?rest_route=\/wp\/v2\/media\/5892"}],"wp:attachment":[{"href":"https:\/\/food-shop.org\/index.php?rest_route=%2Fwp%2Fv2%2Fmedia&parent=5891"}],"wp:term":[{"taxonomy":"product_cat","embeddable":true,"href":"https:\/\/food-shop.org\/index.php?rest_route=%2Fwp%2Fv2%2Fproduct_cat&post=5891"},{"taxonomy":"product_tag","embeddable":true,"href":"https:\/\/food-shop.org\/index.php?rest_route=%2Fwp%2Fv2%2Fproduct_tag&post=5891"}],"curies":[{"name":"wp","href":"https:\/\/api.w.org\/{rel}","templated":true}]}}