{"id":5838,"date":"2020-08-31T11:21:04","date_gmt":"2020-08-31T11:21:04","guid":{"rendered":"https:\/\/food-shop.org\/?product=diem-flugentenfilet-entenbrust-ente-in-orangensosse-400g-1950-e-kg"},"modified":"2023-04-06T16:26:46","modified_gmt":"2023-04-06T16:26:46","slug":"diem-flugentenfilet-entenbrust-ente-in-orangensosse-400g-1950-e-kg","status":"publish","type":"product","link":"https:\/\/food-shop.org\/?product=diem-flugentenfilet-entenbrust-ente-in-orangensosse-400g-1950-e-kg","title":{"rendered":"Diem &#8211; Konserve &#8211; Flugentenfilet \/ Entenbrust \/ Ente \/ in Orangenso\u00dfe 400g &#8211; lange MhD"},"content":{"rendered":"<p><!-- show up to 2 reviews by default --> <\/p>\n<h3>Produktbeschreibungen<\/h3>\n<p>Ein frisch gebratenes Flugentenbrustfilet in Scheiben geschnitten, zusammen mit hausgemachter Orangenso\u00dfe ist ein Ideales Festtagsessen f\u00fcr Sie und Ihn. <\/p>\n<h3>Inhaltsstoffe \/ Zutaten<\/h3>\n<p>Zutaten: Entenbrust 60%, Fleischbr\u00fche, Zwiebel, Gem\u00fcse, Orangensaft, , Weizenmehl , Kochsalz, Gew\u00fcrze, . <\/p>\n<div data-a-expander-name=\"toggle_description\" class=\"a-row a-expander-container a-expander-extend-container\">\n<div class=\"a-expander-content a-expander-extend-content\">\n<h3>Gebrauchsanweisung<\/h3>\n<p>In der Mikrowelle: Inhalt in eine mikrowellengeeignetes Gef\u00e4\u00df geben und abgedeckt in der Mikrowelle bei 600 Watt 4 Minuten erw\u00e4rmen. Auf dem Herd: Inhalt in einen Topf geben und auf dem Herd leicht kochend etwa 10 Minuten erw\u00e4rmen. Dabei regelm\u00e4\u00dfig umr\u00fchren. Oder: Geschlossene Dose 20 Minuten in kochendes Wasser legen. Vor dem \u00f6ffnen die Dose mit kaltem Wasser kurz abschrecken und beim \u00d6ffnen mit einem Tuch abdecken. <\/p>\n<\/p><\/div>\n<p> <a href=\"void(0)\" data-action=\"a-expander-toggle\" class=\"a-expander-header a-declarative a-expander-extend-header\" data-a-expander-toggle=\"{\"><i class=\"a-icon a-icon-extender-expand\"><\/i><span class=\"a-expander-prompt\">Weitere Informationen<\/span><\/a> <\/div>\n<p>Barbarieentenbrust aus Frankreich<br \/>\nOrangenso\u00dfe mit Grandmanier<br \/>\nHausgemacht<br \/>\nOhne Konservierungsstoffe<br \/>\nKomplet aus eigener Herstellung<br \/>\n<div class=\"main-cross-sell\" data-asin=\"B00B875KOU\">\n\n\t<div class=\"WooZone-cross-sell-loader\">\n\t\t<div>\n\t\t\t<div id=\"floatingBarsG\">\n\t\t\t\t<div class=\"blockG\" id=\"rotateG_01\"><\/div>\n\t\t\t\t<div class=\"blockG\" id=\"rotateG_02\"><\/div>\n\t\t\t\t<div class=\"blockG\" id=\"rotateG_03\"><\/div>\n\t\t\t\t<div class=\"blockG\" id=\"rotateG_04\"><\/div>\n\t\t\t\t<div class=\"blockG\" id=\"rotateG_05\"><\/div>\n\t\t\t\t<div class=\"blockG\" id=\"rotateG_06\"><\/div>\n\t\t\t\t<div class=\"blockG\" id=\"rotateG_07\"><\/div>\n\t\t\t\t<div class=\"blockG\" id=\"rotateG_08\"><\/div>\n\t\t\t<\/div>\n\t\t\t<div class=\"WooZone-cross-sell-loader-text\"><\/div>\n\t\t<\/div>\n\t<\/div>\n\n\t\t\n<\/div>\n<div style=\"clear:both;\"><\/div>\n","protected":false},"excerpt":{"rendered":"Barbarieentenbrust aus Frankreich\nOrangenso\u00dfe mit Grandmanier\nHausgemacht","protected":false},"featured_media":5839,"comment_status":"open","ping_status":"closed","template":"","meta":[],"product_cat":[64,58],"product_tag":[],"_links":{"self":[{"href":"https:\/\/food-shop.org\/index.php?rest_route=\/wp\/v2\/product\/5838"}],"collection":[{"href":"https:\/\/food-shop.org\/index.php?rest_route=\/wp\/v2\/product"}],"about":[{"href":"https:\/\/food-shop.org\/index.php?rest_route=\/wp\/v2\/types\/product"}],"replies":[{"embeddable":true,"href":"https:\/\/food-shop.org\/index.php?rest_route=%2Fwp%2Fv2%2Fcomments&post=5838"}],"wp:featuredmedia":[{"embeddable":true,"href":"https:\/\/food-shop.org\/index.php?rest_route=\/wp\/v2\/media\/5839"}],"wp:attachment":[{"href":"https:\/\/food-shop.org\/index.php?rest_route=%2Fwp%2Fv2%2Fmedia&parent=5838"}],"wp:term":[{"taxonomy":"product_cat","embeddable":true,"href":"https:\/\/food-shop.org\/index.php?rest_route=%2Fwp%2Fv2%2Fproduct_cat&post=5838"},{"taxonomy":"product_tag","embeddable":true,"href":"https:\/\/food-shop.org\/index.php?rest_route=%2Fwp%2Fv2%2Fproduct_tag&post=5838"}],"curies":[{"name":"wp","href":"https:\/\/api.w.org\/{rel}","templated":true}]}}