{"id":5820,"date":"2020-08-31T11:20:52","date_gmt":"2020-08-31T11:20:52","guid":{"rendered":"https:\/\/food-shop.org\/?product=inzersdorfer-gefuellte-paprika-6er-pack-6-x-400-g"},"modified":"2023-04-06T16:26:46","modified_gmt":"2023-04-06T16:26:46","slug":"inzersdorfer-gefuellte-paprika-6er-pack-6-x-400-g","status":"publish","type":"product","link":"https:\/\/food-shop.org\/?product=inzersdorfer-gefuellte-paprika-6er-pack-6-x-400-g","title":{"rendered":"Inzersdorfer Gef\u00fcllte Paprika, 6er Pack (6 x 400 g)"},"content":{"rendered":"<p><!-- show up to 2 reviews by default --> <\/p>\n<h3>Produktbeschreibungen<\/h3>\n<p>2 Paprikaschoten, k\u00f6stlich gef\u00fcllt mit Rind- und Schweinefleisch, Reis, Zwiebeln, Petersilie und Knoblauch in einer fruchtigen Tomatensauce. Zubereitung im Mikrowellenherd: Inhalt in einen Teller leeren und zugedeckt bei 600-750 Watt ca. 2-3 Minuten erw\u00e4rmen. Im Kochtopf: Inhalt in passenden Topf leeren, erw\u00e4rmen und hei\u00df servieren. Inhalt: 6 x 400g <\/p>\n<h3>Inhaltsstoffe \/ Zutaten<\/h3>\n<p>Zutaten: Tomatensauce: Wasser, Tomatenpulpe, Zucker, Tomatenmark, Sonnenblumen\u00f6l, WEIZENMEHL, modifizierte St\u00e4rke, Gew\u00fcrze, MAGERMILCHPULVER, Speisesalz, Traubenzucker, Aroma, Verdickungsmittel: Carrageen, Guarkernmehl, Geschmacksverst\u00e4rker: Mononatriumglutamat, Gef\u00fcllte Paprikaschoten: Paprikaschoten 21%, Schweine- und Rindfleisch 16%, Reis, Wasser, Semmelbr\u00f6sel (WEIZENMEHL, Wasser, Hefe, Speisesalz), Zwiebel, Sonnenblumen\u00f6l, Gew\u00fcrze, Speisesalz, Traubenzucker, Aroma. <\/p>\n<div data-a-expander-name=\"toggle_description\" class=\"a-row a-expander-container a-expander-extend-container\">\n<div class=\"a-expander-content a-expander-extend-content\">\n<h3>Gebrauchsanweisung<\/h3>\n<\/p>\n<ul>\n<li>Im Kochtopf: Inhalt in passenden Topf leeren, erw\u00e4rmen und hei\u00df servieren.<\/li>\n<li>Im Mikrowellenherd: Inhalt in einen Teller leeren und zugedeckt bei 600-750 Watt ca. 2-3 Minuten erw\u00e4rmen.<\/li>\n<\/ul>\n<h3>Anschrift Hersteller\/Importeur<\/h3>\n<p>Postfach 111, A-1131 Wien <\/p>\n<\/p><\/div>\n<p> <a href=\"void(0)\" data-action=\"a-expander-toggle\" class=\"a-expander-header a-declarative a-expander-extend-header\" data-a-expander-toggle=\"{\"><i class=\"a-icon a-icon-extender-expand\"><\/i><span class=\"a-expander-prompt\">Weitere Informationen<\/span><\/a> <\/div>\n<p>2 Paprikaschoten, gef\u00fcllt mit Rind- und Schweinefleisch, Reis, Zwiebeln und Petersilie in einer fruchtigen Tomatensauce.<br \/>\nNach den hohen Qualit\u00e4tsanforderungen der Firma Inzersdorfer sorgf\u00e4ltig in \u00d6sterreich hergestellt.<br \/>\nSeit Jahrzehnten ist Inzersdorfer die beliebteste Hausmannkost-Marke in \u00d6sterreich.<br \/>\nBeste Qualit\u00e4t, vertraute und heimische Rezepturen sowie die unkomplizierte Zubereitung machen Inzersdorfer zum Spezialist f\u00fcr die schnelle \u00f6sterreichische Hausmannskost-K\u00fcche.<br \/>\n<div class=\"main-cross-sell\" data-asin=\"B00R1G6BWC\">\n\n\t<div class=\"WooZone-cross-sell-loader\">\n\t\t<div>\n\t\t\t<div id=\"floatingBarsG\">\n\t\t\t\t<div class=\"blockG\" id=\"rotateG_01\"><\/div>\n\t\t\t\t<div class=\"blockG\" id=\"rotateG_02\"><\/div>\n\t\t\t\t<div class=\"blockG\" id=\"rotateG_03\"><\/div>\n\t\t\t\t<div class=\"blockG\" id=\"rotateG_04\"><\/div>\n\t\t\t\t<div class=\"blockG\" id=\"rotateG_05\"><\/div>\n\t\t\t\t<div class=\"blockG\" id=\"rotateG_06\"><\/div>\n\t\t\t\t<div class=\"blockG\" id=\"rotateG_07\"><\/div>\n\t\t\t\t<div class=\"blockG\" id=\"rotateG_08\"><\/div>\n\t\t\t<\/div>\n\t\t\t<div class=\"WooZone-cross-sell-loader-text\"><\/div>\n\t\t<\/div>\n\t<\/div>\n\n\t\t\n<\/div>\n<div style=\"clear:both;\"><\/div>\n","protected":false},"excerpt":{"rendered":"2 Paprikaschoten, gef\u00fcllt mit Rind- und Schweinefleisch, Reis, Zwiebeln und Petersilie in einer fruchtigen Tomatensauce.\nNach den hohen Qualit\u00e4tsanforderungen der Firma Inzersdorfer sorgf\u00e4ltig in \u00d6sterreich hergestellt.\nSeit Jahrzehnten ist Inzersdorfer die beliebteste Hausmannkost-Marke in \u00d6sterreich.","protected":false},"featured_media":5821,"comment_status":"open","ping_status":"closed","template":"","meta":[],"product_cat":[64,58],"product_tag":[],"_links":{"self":[{"href":"https:\/\/food-shop.org\/index.php?rest_route=\/wp\/v2\/product\/5820"}],"collection":[{"href":"https:\/\/food-shop.org\/index.php?rest_route=\/wp\/v2\/product"}],"about":[{"href":"https:\/\/food-shop.org\/index.php?rest_route=\/wp\/v2\/types\/product"}],"replies":[{"embeddable":true,"href":"https:\/\/food-shop.org\/index.php?rest_route=%2Fwp%2Fv2%2Fcomments&post=5820"}],"wp:featuredmedia":[{"embeddable":true,"href":"https:\/\/food-shop.org\/index.php?rest_route=\/wp\/v2\/media\/5821"}],"wp:attachment":[{"href":"https:\/\/food-shop.org\/index.php?rest_route=%2Fwp%2Fv2%2Fmedia&parent=5820"}],"wp:term":[{"taxonomy":"product_cat","embeddable":true,"href":"https:\/\/food-shop.org\/index.php?rest_route=%2Fwp%2Fv2%2Fproduct_cat&post=5820"},{"taxonomy":"product_tag","embeddable":true,"href":"https:\/\/food-shop.org\/index.php?rest_route=%2Fwp%2Fv2%2Fproduct_tag&post=5820"}],"curies":[{"name":"wp","href":"https:\/\/api.w.org\/{rel}","templated":true}]}}