{"id":5656,"date":"2020-08-31T11:15:43","date_gmt":"2020-08-31T11:15:43","guid":{"rendered":"https:\/\/food-shop.org\/?product=original-spreewaelder-gruetzblutwurst-6er-pack-6-glaeser-a-250-g"},"modified":"2023-04-06T16:26:43","modified_gmt":"2023-04-06T16:26:43","slug":"original-spreewaelder-gruetzblutwurst-6er-pack-6-glaeser-a-250-g","status":"publish","type":"product","link":"https:\/\/food-shop.org\/?product=original-spreewaelder-gruetzblutwurst-6er-pack-6-glaeser-a-250-g","title":{"rendered":"Original Spreew\u00e4lder Gr\u00fctzblutwurst 6er Pack (6 Gl\u00e4ser \u00e0 250 g)"},"content":{"rendered":"<p><!-- show up to 2 reviews by default --> <\/p>\n<h3>Produktbeschreibungen<\/h3>\n<p>Original Spreew\u00e4lder Gr\u00fctzblutwurst<br \/>Deftige Gr\u00fctzblutwurst von der Spreewaldfarm aus Vetschau.Auf der Spreewaldfarm sch\u00e4tzt man seit jeher das traditionelle Handwerk in Einklang mit der Natur. Diesen Grunds\u00e4tzen f\u00fchlt sich das Unternehmen verpflichtet. Es wird garantiert: eigene Futterherstellung, eigene Aufzucht, eigene Mast und eigene Verarbeitung f\u00fcr unsere Qualit\u00e4tsprodukte aus dem Spreewald. &#8230;und man kann nat\u00fcrlich die Original Spreew\u00e4lder Wurstwaren nirgends besser machen als in der einzigartigen Natur des Spreewalds.<\/p>\n<p>Enth\u00e4lt 6 Gl\u00e4ser \u00e0 250 g <\/p>\n<h3>Inhaltsstoffe \/ Zutaten<\/h3>\n<p>Schwarten Trinkwasser, Schweinefleisch (17%), Schweineblut, Speck, GERSTENGR\u00dcTZE (9%) , Zwiebeln, Speisesalz, Gew\u00fcrze, Kr\u00e4uter, Dextrose, Gew\u00fcrzextrakte, Zucker, Aroma, Geschmacksverst\u00e4rker: Mononatriumglutamat <\/p>\n<p>Zutaten: Schwarten Trinkwasser, Schweinefleisch (17%), Schweineblut, Speck, GERSTENGR\u00dcTZE (9%) , Zwiebeln, Speisesalz, Gew\u00fcrze, Kr\u00e4uter, Dextrose, Gew\u00fcrzextrakte, Zucker, Aroma, Geschmacksverst\u00e4rker: Mononatriumglutamat<br \/>\nenthaltene Allergene: Gerste<br \/>\nN\u00e4hrwertangaben: 100 g enthalten durchschnittlich:<br \/>\nBrennwert: 953 kJ \/ 229 kcal<br \/>\nFett: 15,8 g<br \/>\n<div class=\"main-cross-sell\" data-asin=\"B07L5DG5WQ\">\n\n\t<div class=\"WooZone-cross-sell-loader\">\n\t\t<div>\n\t\t\t<div id=\"floatingBarsG\">\n\t\t\t\t<div class=\"blockG\" id=\"rotateG_01\"><\/div>\n\t\t\t\t<div class=\"blockG\" id=\"rotateG_02\"><\/div>\n\t\t\t\t<div class=\"blockG\" id=\"rotateG_03\"><\/div>\n\t\t\t\t<div class=\"blockG\" id=\"rotateG_04\"><\/div>\n\t\t\t\t<div class=\"blockG\" id=\"rotateG_05\"><\/div>\n\t\t\t\t<div class=\"blockG\" id=\"rotateG_06\"><\/div>\n\t\t\t\t<div class=\"blockG\" id=\"rotateG_07\"><\/div>\n\t\t\t\t<div class=\"blockG\" id=\"rotateG_08\"><\/div>\n\t\t\t<\/div>\n\t\t\t<div class=\"WooZone-cross-sell-loader-text\"><\/div>\n\t\t<\/div>\n\t<\/div>\n\n\t\t\n<\/div>\n<div style=\"clear:both;\"><\/div>\n","protected":false},"excerpt":{"rendered":"Zutaten: Schwarten Trinkwasser, Schweinefleisch (17%), Schweineblut, Speck, GERSTENGR\u00dcTZE (9%) , Zwiebeln, Speisesalz, Gew\u00fcrze, Kr\u00e4uter, Dextrose, Gew\u00fcrzextrakte, Zucker, Aroma, Geschmacksverst\u00e4rker: Mononatriumglutamat\nenthaltene Allergene: Gerste\nN\u00e4hrwertangaben: 100 g enthalten durchschnittlich:","protected":false},"featured_media":5657,"comment_status":"open","ping_status":"closed","template":"","meta":[],"product_cat":[64,58],"product_tag":[],"_links":{"self":[{"href":"https:\/\/food-shop.org\/index.php?rest_route=\/wp\/v2\/product\/5656"}],"collection":[{"href":"https:\/\/food-shop.org\/index.php?rest_route=\/wp\/v2\/product"}],"about":[{"href":"https:\/\/food-shop.org\/index.php?rest_route=\/wp\/v2\/types\/product"}],"replies":[{"embeddable":true,"href":"https:\/\/food-shop.org\/index.php?rest_route=%2Fwp%2Fv2%2Fcomments&post=5656"}],"wp:featuredmedia":[{"embeddable":true,"href":"https:\/\/food-shop.org\/index.php?rest_route=\/wp\/v2\/media\/5657"}],"wp:attachment":[{"href":"https:\/\/food-shop.org\/index.php?rest_route=%2Fwp%2Fv2%2Fmedia&parent=5656"}],"wp:term":[{"taxonomy":"product_cat","embeddable":true,"href":"https:\/\/food-shop.org\/index.php?rest_route=%2Fwp%2Fv2%2Fproduct_cat&post=5656"},{"taxonomy":"product_tag","embeddable":true,"href":"https:\/\/food-shop.org\/index.php?rest_route=%2Fwp%2Fv2%2Fproduct_tag&post=5656"}],"curies":[{"name":"wp","href":"https:\/\/api.w.org\/{rel}","templated":true}]}}