{"id":5653,"date":"2020-08-31T11:15:42","date_gmt":"2020-08-31T11:15:42","guid":{"rendered":"https:\/\/food-shop.org\/?product=jagdwurst-5x400g-dosenwurst-vorteilsset-vorratsset-landmetzgerei-sandritter"},"modified":"2023-04-06T16:26:43","modified_gmt":"2023-04-06T16:26:43","slug":"jagdwurst-5x400g-dosenwurst-vorteilsset-vorratsset-landmetzgerei-sandritter","status":"publish","type":"product","link":"https:\/\/food-shop.org\/?product=jagdwurst-5x400g-dosenwurst-vorteilsset-vorratsset-landmetzgerei-sandritter","title":{"rendered":"Jagdwurst 5x400g Dosenwurst, Vorteilsset, Vorratsset, Landmetzgerei Sandritter"},"content":{"rendered":"<p><!-- show up to 2 reviews by default --> <\/p>\n<h3>Produktbeschreibungen<\/h3>\n<p>Unsere Jagdwurst ist eine herzhaft schmeckende Br\u00fchwurst mit einem kernigen, festen Biss. Durch die Einlage aus vorgep\u00f6kelten, erbsengro\u00dfen Schinkenfleischst\u00fccken, ist die Jagdwurst der Landmetzgerei Sandritter ganz besonders mager. Jagdwurst z\u00e4hlt zu den beliebtesten und bekanntesten Br\u00fchwurstsorten in Deutschland und \u00fcberzeugt durch ihren deftigen, fleischigen und w\u00fcrzigen Geschmack. Die Br\u00fchwurst wird meist kalt als Aufschnitt verzehrt, es gibt aber Ausnahmen, bei der die Wurst warm gegessen wird. So wurde beispielsweise das \u201eJ\u00e4gerschnitzel\u201c der ehemaligen DDR aus einer Scheibe panierter und gebratener Jagdwurst hergestellt. <\/p>\n<h3>Inhaltsstoffe \/ Zutaten<\/h3>\n<p>Zutaten: Schweine- &amp; Rindfleisch 85%, Speck, Trinkwasser, Nitritp\u00f6kelsalz, (Speisesalz, Konservierungsstoff: Natriumnitrit), Zwiebeln, Gew\u00fcrze (u.a. SELLERIE), Stabilisator: Natriumtriphosphat, Dinatriumphosphat, Antioxidationsmittel: Natriumascorbat, Ascorbins\u00e4ure, nat\u00fcrliches Aroma, Zucker, Dextrose. <\/p>\n<p>Wir bieten Ihnen DOSENWURST OHNE GLUTAMATHALTIGE ZUSATZSTOFFE, denn wir verwenden f\u00fcr die Herstellung unserer Dosenwurst ausschlie\u00dflich eigene Gew\u00fcrzmischungen aus NATURGEW\u00dcRZEN und verzichten auf den Geschmacksverst\u00e4rker Glutamat.<br \/>\nMehr TIERWOHL und TIERSCHUTZ durch eine NAT\u00dcRLICHE und ARTGERECHTE HALTUNG der STROHSCHWEINE in kleinen Gruppen und der DEUTSCH ANGUS RINDER in Weidehaltung.<br \/>\nANTIBIOTIKAFREIE AUFZUCHT der STROHSCHWEINE und DEUTSCH ANGUS RINDER.<br \/>\nWir garantieren Ihnen das H\u00d6CHSTE TIERWOHL, denn unsere STROHSCHWEINE und DEUTSCH ANGUS RINDER werden in unserem EIGENEN SCHLACHTHAUS absolut SCHONEND und STRESSFREI GESCHLACHTET.<br \/>\nUnsere Dosenwurst ist aufgrund der HANDWERKLICHE HERSTELLUNG im K\u00fchlschrank bei +2\u00b0C bis +7\u00b0C zu k\u00fchlen. Unsere Dosenwurst ist mindestens 6 Monate haltbar.<br \/>\n<div class=\"main-cross-sell\" data-asin=\"B07NCBCPCM\">\n\n\t<div class=\"WooZone-cross-sell-loader\">\n\t\t<div>\n\t\t\t<div id=\"floatingBarsG\">\n\t\t\t\t<div class=\"blockG\" id=\"rotateG_01\"><\/div>\n\t\t\t\t<div class=\"blockG\" id=\"rotateG_02\"><\/div>\n\t\t\t\t<div class=\"blockG\" id=\"rotateG_03\"><\/div>\n\t\t\t\t<div class=\"blockG\" id=\"rotateG_04\"><\/div>\n\t\t\t\t<div class=\"blockG\" id=\"rotateG_05\"><\/div>\n\t\t\t\t<div class=\"blockG\" id=\"rotateG_06\"><\/div>\n\t\t\t\t<div class=\"blockG\" id=\"rotateG_07\"><\/div>\n\t\t\t\t<div class=\"blockG\" id=\"rotateG_08\"><\/div>\n\t\t\t<\/div>\n\t\t\t<div class=\"WooZone-cross-sell-loader-text\"><\/div>\n\t\t<\/div>\n\t<\/div>\n\n\t\t\n<\/div>\n<div style=\"clear:both;\"><\/div>\n","protected":false},"excerpt":{"rendered":"Wir bieten Ihnen DOSENWURST OHNE GLUTAMATHALTIGE ZUSATZSTOFFE, denn wir verwenden f\u00fcr die Herstellung unserer Dosenwurst ausschlie\u00dflich eigene Gew\u00fcrzmischungen aus NATURGEW\u00dcRZEN und verzichten auf den Geschmacksverst\u00e4rker Glutamat.\nMehr TIERWOHL und TIERSCHUTZ durch eine NAT\u00dcRLICHE und ARTGERECHTE HALTUNG der STROHSCHWEINE in kleinen Gruppen und der DEUTSCH ANGUS RINDER in Weidehaltung.\nANTIBIOTIKAFREIE AUFZUCHT der STROHSCHWEINE und DEUTSCH ANGUS RINDER.","protected":false},"featured_media":5654,"comment_status":"open","ping_status":"closed","template":"","meta":[],"product_cat":[64,58],"product_tag":[],"_links":{"self":[{"href":"https:\/\/food-shop.org\/index.php?rest_route=\/wp\/v2\/product\/5653"}],"collection":[{"href":"https:\/\/food-shop.org\/index.php?rest_route=\/wp\/v2\/product"}],"about":[{"href":"https:\/\/food-shop.org\/index.php?rest_route=\/wp\/v2\/types\/product"}],"replies":[{"embeddable":true,"href":"https:\/\/food-shop.org\/index.php?rest_route=%2Fwp%2Fv2%2Fcomments&post=5653"}],"wp:featuredmedia":[{"embeddable":true,"href":"https:\/\/food-shop.org\/index.php?rest_route=\/wp\/v2\/media\/5654"}],"wp:attachment":[{"href":"https:\/\/food-shop.org\/index.php?rest_route=%2Fwp%2Fv2%2Fmedia&parent=5653"}],"wp:term":[{"taxonomy":"product_cat","embeddable":true,"href":"https:\/\/food-shop.org\/index.php?rest_route=%2Fwp%2Fv2%2Fproduct_cat&post=5653"},{"taxonomy":"product_tag","embeddable":true,"href":"https:\/\/food-shop.org\/index.php?rest_route=%2Fwp%2Fv2%2Fproduct_tag&post=5653"}],"curies":[{"name":"wp","href":"https:\/\/api.w.org\/{rel}","templated":true}]}}