{"id":5594,"date":"2020-08-31T11:13:03","date_gmt":"2020-08-31T11:13:03","guid":{"rendered":"https:\/\/food-shop.org\/?product=8er-set-wurstkonserven-fleischkonserven-rd-29-kg-z-b-hausmacher-leberwurst-mettwurst-lebensmittelvorrat"},"modified":"2023-04-06T16:26:42","modified_gmt":"2023-04-06T16:26:42","slug":"8er-set-wurstkonserven-fleischkonserven-rd-29-kg-z-b-hausmacher-leberwurst-mettwurst-lebensmittelvorrat","status":"publish","type":"product","link":"https:\/\/food-shop.org\/?product=8er-set-wurstkonserven-fleischkonserven-rd-29-kg-z-b-hausmacher-leberwurst-mettwurst-lebensmittelvorrat","title":{"rendered":"8er Set Wurstkonserven\/Fleischkonserven, rd. 2,9 kg, z.B. Hausmacher Leberwurst, Mettwurst, Lebensmittelvorrat"},"content":{"rendered":"<p><!-- show up to 2 reviews by default --> <\/p>\n<h3>Produktbeschreibungen<\/h3>\n<p>8 Sorten unterschiedlicher Fleischkonserven und Wurstkonserven, rd. 2,9 kg Zutaten: A ) Hausmacher Leberwurst: Zutaten: Schweinefleisch (55%), Schweinespeck, Schweineleber (16%), Schweinekopffleisch, frische Zwiebeln, jodiertes Speisesalz, Gew\u00fcrze, Kr\u00e4uter, Emulgator: E 472c.. B ) Bauernmettwurst: Zutaten: Schweinefleisch (81%), Schweinespeck, jodiertes Speisesalz, Emulgator: E 472c, Gew\u00fcrze, Dextrose, Gew\u00fcrzextrakte, R\u00f6stzwiebeln, Konservierungsstoff: Natriumnitrit. C ) Bratwurst: Zutaten: Schweinefleisch (76%), Schweinespeck, Trinkwasser, frische Zwiebeln, jodiertes Speisesalz, Gew\u00fcrze (mit SENF), W\u00fcrze, Kr\u00e4uter, Gew\u00fcrzextrakte, Stabilisator: Diphosphat. D ) Schinkenwurst: Zutaten: Schweinefleisch (66%), Rindfleisch (11%), Trinkwasser, jodiertes Speisesalz, Gew\u00fcrze (mit SENF), Dextrose, Saccharose, Gew\u00fcrzextrakte, W\u00fcrze, Stabilisator: Diphosphat, Antioxidationsmittel: Ascorbins\u00e4ure, S\u00e4uerungsmittel: Citronens\u00e4ure, Konservierungsstoff: Natriumnitrit, Rum. E ) Lyoner: Zutaten: Schweinefleisch (58%), Rindfleisch (14%), Trinkwasser, Schweinespeck, jodiertes Speisesalz, Gew\u00fcrze, Dextrose, Gew\u00fcrzextrakte, Stabilisator: Diphosphat, Antioxidationsmittel: Ascorbins\u00e4ure, W\u00fcrze, Konservierungsstoff: Natriumnitrit. F ) Truthahnfleisch: Zutaten: Truthahnfleisch (96%), jodiertes Speisesalz, Gew\u00fcrze, W\u00fcrze, Konservierungsstoff: Natriumnitrit. G ) H\u00e4hnchenfleisch: Zutaten: H\u00e4hnchenfleisch (96%), jodiertes Speisesalz, Gew\u00fcrze, W\u00fcrze. H ) H\u00e4hnchen-Brust-Fleisch: Zutaten: H\u00e4hnchenbrustfleisch (97%), jodiertes Speisesalz, W\u00fcrze, Gew\u00fcrze. <\/p>\n<h3>Rechtliche Hinweise<\/h3>\n<p>Hersteller: Eifeler Fleischwaren Ludwig Babendererde GmbH &#8211; Oberbettinger Str. 27 &#8211; D-54587 Lissendorf || Hausmacher Leberwurst N\u00e4hrwertdeklaration: Durchschnittliche N\u00e4hrwerte je 100 g Brennwert:1676 kJ \/ 405 kcal Fett:39,1 g davon: &#8211; ges\u00e4ttigte Fetts\u00e4uren:16,2 g Kohlenhydrate:3,1 g davon: &#8211; Zucker <\/p>\n<div data-a-expander-name=\"toggle_description\" class=\"a-row a-expander-container a-expander-extend-container\">\n<div class=\"a-expander-content a-expander-extend-content\">\n<h3>Anschrift Hersteller\/Importeur<\/h3>\n<p>Eifeler Fleischwaren Ludwig Babendererde GmbH, D-54587 Lissendorf <\/p>\n<\/p><\/div>\n<p> <a href=\"void(0)\" data-action=\"a-expander-toggle\" class=\"a-expander-header a-declarative a-expander-extend-header\" data-a-expander-toggle=\"{\"><i class=\"a-icon a-icon-extender-expand\"><\/i><span class=\"a-expander-prompt\">Weitere Informationen<\/span><\/a> <\/div>\n<p>je 400g Dosenwurst-Konserve: 1 x Hausmacher Leberwurst ; 1 x Bauernmettwurst ; 1 x Bratwurst ; 1 x Schinkenwurst ; 1 x Lyoner.<br \/>\nje 300g Fleisch-Konserve: 1 x Truthahnfleisch ; 1 x H\u00e4hnchenfleisch ; 1 x H\u00e4hnchen-Brust-Fleisch.<br \/>\nLebensmittelvorrat<br \/>\nReiseproviant<br \/>\nMindesthaltbarkeit: 15 Monate<br \/>\n<div class=\"main-cross-sell\" data-asin=\"B00RFSA5VO\">\n\n\t<div class=\"WooZone-cross-sell-loader\">\n\t\t<div>\n\t\t\t<div id=\"floatingBarsG\">\n\t\t\t\t<div class=\"blockG\" id=\"rotateG_01\"><\/div>\n\t\t\t\t<div class=\"blockG\" id=\"rotateG_02\"><\/div>\n\t\t\t\t<div class=\"blockG\" id=\"rotateG_03\"><\/div>\n\t\t\t\t<div class=\"blockG\" id=\"rotateG_04\"><\/div>\n\t\t\t\t<div class=\"blockG\" id=\"rotateG_05\"><\/div>\n\t\t\t\t<div class=\"blockG\" id=\"rotateG_06\"><\/div>\n\t\t\t\t<div class=\"blockG\" id=\"rotateG_07\"><\/div>\n\t\t\t\t<div class=\"blockG\" id=\"rotateG_08\"><\/div>\n\t\t\t<\/div>\n\t\t\t<div class=\"WooZone-cross-sell-loader-text\"><\/div>\n\t\t<\/div>\n\t<\/div>\n\n\t\t\n<\/div>\n<div style=\"clear:both;\"><\/div>\n","protected":false},"excerpt":{"rendered":"je 400g Dosenwurst-Konserve: 1 x Hausmacher Leberwurst ; 1 x Bauernmettwurst ; 1 x Bratwurst ; 1 x Schinkenwurst ; 1 x Lyoner.\nje 300g Fleisch-Konserve: 1 x Truthahnfleisch ; 1 x H\u00e4hnchenfleisch ; 1 x H\u00e4hnchen-Brust-Fleisch.\nLebensmittelvorrat","protected":false},"featured_media":5595,"comment_status":"open","ping_status":"closed","template":"","meta":[],"product_cat":[64,58],"product_tag":[],"_links":{"self":[{"href":"https:\/\/food-shop.org\/index.php?rest_route=\/wp\/v2\/product\/5594"}],"collection":[{"href":"https:\/\/food-shop.org\/index.php?rest_route=\/wp\/v2\/product"}],"about":[{"href":"https:\/\/food-shop.org\/index.php?rest_route=\/wp\/v2\/types\/product"}],"replies":[{"embeddable":true,"href":"https:\/\/food-shop.org\/index.php?rest_route=%2Fwp%2Fv2%2Fcomments&post=5594"}],"wp:featuredmedia":[{"embeddable":true,"href":"https:\/\/food-shop.org\/index.php?rest_route=\/wp\/v2\/media\/5595"}],"wp:attachment":[{"href":"https:\/\/food-shop.org\/index.php?rest_route=%2Fwp%2Fv2%2Fmedia&parent=5594"}],"wp:term":[{"taxonomy":"product_cat","embeddable":true,"href":"https:\/\/food-shop.org\/index.php?rest_route=%2Fwp%2Fv2%2Fproduct_cat&post=5594"},{"taxonomy":"product_tag","embeddable":true,"href":"https:\/\/food-shop.org\/index.php?rest_route=%2Fwp%2Fv2%2Fproduct_tag&post=5594"}],"curies":[{"name":"wp","href":"https:\/\/api.w.org\/{rel}","templated":true}]}}