{"id":5350,"date":"2020-08-31T11:01:42","date_gmt":"2020-08-31T11:01:42","guid":{"rendered":"https:\/\/food-shop.org\/?product=debrecziner-landmetzgerei-schiessl-ca-1200g"},"modified":"2023-04-06T16:25:30","modified_gmt":"2023-04-06T16:25:30","slug":"debrecziner-landmetzgerei-schiessl-ca-1200g","status":"publish","type":"product","link":"https:\/\/food-shop.org\/?product=debrecziner-landmetzgerei-schiessl-ca-1200g","title":{"rendered":"Debrecziner &#8211; Landmetzgerei Schiessl &#8211; ca. 1200g"},"content":{"rendered":"<div class=\"disclaim\"> Gr\u00f6\u00dfe:<strong>1200g<\/strong> <\/div>\n<p> <!-- show up to 2 reviews by default --> <\/p>\n<p>Landmetzger Schiessl&#8217;s Debrecziner \u2013 ein W\u00fcrstchen f\u00fcr herzhafte Genie\u00dfer! Ungarischer Paprika bestimmt den Geschmack und das r\u00f6tliche Aussehen Landmetzger Schiessl&#8217;s Debrecziner. Sie werden in zarte Schafsaitlinge gef\u00fcllt und leicht anger\u00e4uchert. Bei diesen feinen W\u00fcrstchen schmecken Sie die Handwerks-Qualit\u00e4t. Ein ideales W\u00fcrstchen zum Hei\u00dfessen! <\/p>\n<p>Landmetzger Schiessl&#8217;s Debrecziner \u2013 ein W\u00fcrstchen f\u00fcr herzhafte Genie\u00dfer! Ungarischer Paprika bestimmt den Geschmack und das r\u00f6tliche Aussehen Landmetzger Schiessl&#8217;s Debrecziner.<br \/>\nSie werden in zarte Schafsaitlinge gef\u00fcllt und leicht anger\u00e4uchert. Bei diesen feinen W\u00fcrstchen schmecken Sie die Handwerks-Qualit\u00e4t. Ein ideales W\u00fcrstchen zum Hei\u00dfessen!<br \/>\nSpitzenqualit\u00e4t aus Bayern<br \/>\nEine Bestelleinheit: 1200g (10-Paar-Packung)<br \/>\n<div class=\"main-cross-sell\" data-asin=\"B00K4ZHWB6\">\n\n\t<div class=\"WooZone-cross-sell-loader\">\n\t\t<div>\n\t\t\t<div id=\"floatingBarsG\">\n\t\t\t\t<div class=\"blockG\" id=\"rotateG_01\"><\/div>\n\t\t\t\t<div class=\"blockG\" id=\"rotateG_02\"><\/div>\n\t\t\t\t<div class=\"blockG\" id=\"rotateG_03\"><\/div>\n\t\t\t\t<div class=\"blockG\" id=\"rotateG_04\"><\/div>\n\t\t\t\t<div class=\"blockG\" id=\"rotateG_05\"><\/div>\n\t\t\t\t<div class=\"blockG\" id=\"rotateG_06\"><\/div>\n\t\t\t\t<div class=\"blockG\" id=\"rotateG_07\"><\/div>\n\t\t\t\t<div class=\"blockG\" id=\"rotateG_08\"><\/div>\n\t\t\t<\/div>\n\t\t\t<div class=\"WooZone-cross-sell-loader-text\"><\/div>\n\t\t<\/div>\n\t<\/div>\n\n\t\t\n<\/div>\n<div style=\"clear:both;\"><\/div>\n","protected":false},"excerpt":{"rendered":"Landmetzger Schiessl's Debrecziner \u2013 ein W\u00fcrstchen f\u00fcr herzhafte Genie\u00dfer! Ungarischer Paprika bestimmt den Geschmack und das r\u00f6tliche Aussehen Landmetzger Schiessl's Debrecziner.\nSie werden in zarte Schafsaitlinge gef\u00fcllt und leicht anger\u00e4uchert. Bei diesen feinen W\u00fcrstchen schmecken Sie die Handwerks-Qualit\u00e4t. Ein ideales W\u00fcrstchen zum Hei\u00dfessen!\nSpitzenqualit\u00e4t aus Bayern","protected":false},"featured_media":5351,"comment_status":"open","ping_status":"closed","template":"","meta":[],"product_cat":[64,82],"product_tag":[],"_links":{"self":[{"href":"https:\/\/food-shop.org\/index.php?rest_route=\/wp\/v2\/product\/5350"}],"collection":[{"href":"https:\/\/food-shop.org\/index.php?rest_route=\/wp\/v2\/product"}],"about":[{"href":"https:\/\/food-shop.org\/index.php?rest_route=\/wp\/v2\/types\/product"}],"replies":[{"embeddable":true,"href":"https:\/\/food-shop.org\/index.php?rest_route=%2Fwp%2Fv2%2Fcomments&post=5350"}],"wp:featuredmedia":[{"embeddable":true,"href":"https:\/\/food-shop.org\/index.php?rest_route=\/wp\/v2\/media\/5351"}],"wp:attachment":[{"href":"https:\/\/food-shop.org\/index.php?rest_route=%2Fwp%2Fv2%2Fmedia&parent=5350"}],"wp:term":[{"taxonomy":"product_cat","embeddable":true,"href":"https:\/\/food-shop.org\/index.php?rest_route=%2Fwp%2Fv2%2Fproduct_cat&post=5350"},{"taxonomy":"product_tag","embeddable":true,"href":"https:\/\/food-shop.org\/index.php?rest_route=%2Fwp%2Fv2%2Fproduct_tag&post=5350"}],"curies":[{"name":"wp","href":"https:\/\/api.w.org\/{rel}","templated":true}]}}