{"id":5344,"date":"2020-08-31T11:01:37","date_gmt":"2020-08-31T11:01:37","guid":{"rendered":"https:\/\/food-shop.org\/?product=procani-selection-hundefutter-huhn-mit-kuerbis"},"modified":"2023-04-06T16:25:30","modified_gmt":"2023-04-06T16:25:30","slug":"procani-selection-hundefutter-huhn-mit-kuerbis","status":"publish","type":"product","link":"https:\/\/food-shop.org\/?product=procani-selection-hundefutter-huhn-mit-kuerbis","title":{"rendered":"proCani selection Hundefutter Huhn mit K\u00fcrbis 400g"},"content":{"rendered":"<div class=\"disclaim\"> Gr\u00f6\u00dfe:<strong>400 g<\/strong> <\/div>\n<p> <!-- show up to 2 reviews by default --> <\/p>\n<h3>Produktbeschreibung<\/h3>\n<p>Unsere Kochwurst proCani selection mit zartem Huhn und vitaminreichem K\u00fcrbis bereitet Ihrem Hund eine schmackhafte Komplettmahlzeit, aber auch unterwegs oder im Urlaub einen leckeren Gaumenschmaus. Unsere proCani Kochw\u00fcrste wurden nach den W\u00fcnschen unserer Kunden und Schn\u00fcffelnasen entwickelt und sind die perfekte Frischfleisch-Alternative wenn es mal schnell gehen muss oder als Ersatz f\u00fcr die Frischfleisch-F\u00fctterung im Urlaub. Unsere Selection Kochw\u00fcrste enthalten bestes Frischfleisch und sind frei von Lockstoffen, Konservierungsmitteln und Zucker. Hergestellt in einem speziellen Schonverfahren bleiben alle wichtigen Vitamine und N\u00e4hrstoffe enthalten. <\/p>\n<h3>Inhaltsstoffe \/ Zutaten<\/h3>\n<p>Alleinfuttermittel:Fleisch vom Huhn und tierische Nebenerzeugnisse (H\u00fchnerleber, -lunge,-herzen): mind. 65% Huhn, Gem\u00fcse: 4% K\u00fcrbis, Getreise: 4% Reis, Mineralstoffe. Feuchtigkeit 77%, Rohprotein 10,6 %, Fettgehalt 6,6%, Rohasche 2,0%, Rohfaser 0,5%. Zusatzstoffe: Vitamin A 2000 I.E.\/kg, Vitamin D3 200 I.E.\/kg, Vitamin E (alpha tocopherol) 25 mg\/kg, Zink als Zinksulfat, Monohydrat 0,8mg\/kg, Mangan als Mangan-(II)-sulfat, Monohydrat..0,3mg\/kg ,Jod als Kaliumjodid 0,1mg\/kg. F\u00fctterungsempfehlung: Ausgewachsene Hunde ca. 3% vom K\u00f6rpergewicht pro Tag. Senioren oder \u00fcbergewichtige Hunde ca. 2% vom K\u00f6rpergewicht pro Tag. Die Tagesration sollte auf zwei Mahlzeiten aufgeteilt werden. Diese Angaben dienen als Empfehlungen, diese sind stark abh\u00e4ngig von Rasse, Aktivit\u00e4t und sozialem Umfeld. Welpen ca. 5-10% vom K\u00f6rpergewicht pro Tag. Die Tagesration sollte auf drei Mahlzeiten aufgeteilt werden.Diese Angaben dienen als Empfehlungen, diese sind stark abh\u00e4ngig von Rasse, Aktivit\u00e4t und sozialem Umfeld. <\/p>\n<div data-a-expander-name=\"toggle_description\" class=\"a-row a-expander-container a-expander-extend-container\">\n<div class=\"a-expander-content a-expander-extend-content\">\n<h3>Gebrauchsanweisung<\/h3>\n<p>Ohne weitere Zus\u00e4tze direkt in den Napf. <\/p>\n<\/p><\/div>\n<p> <a href=\"void(0)\" data-action=\"a-expander-toggle\" class=\"a-expander-header a-declarative a-expander-extend-header\" data-a-expander-toggle=\"{\"><i class=\"a-icon a-icon-extender-expand\"><\/i><span class=\"a-expander-prompt\">Weitere Informationen<\/span><\/a> <\/div>\n<p>proCani selectionKochwurst f\u00fcr Zuhause &#8211; Die perfekte Frischfleisch-Alternative.<br \/>\nOhne Lockstoffe, ohne Farbstoffe, ohne Zucker<br \/>\nIn einem speziellen Schonverfahren bleiben wichtige Vitamine und N\u00e4hrstoffe erhalten<br \/>\n<div class=\"main-cross-sell\" data-asin=\"B081B364VH\">\n\n\t<div class=\"WooZone-cross-sell-loader\">\n\t\t<div>\n\t\t\t<div id=\"floatingBarsG\">\n\t\t\t\t<div class=\"blockG\" id=\"rotateG_01\"><\/div>\n\t\t\t\t<div class=\"blockG\" id=\"rotateG_02\"><\/div>\n\t\t\t\t<div class=\"blockG\" id=\"rotateG_03\"><\/div>\n\t\t\t\t<div class=\"blockG\" id=\"rotateG_04\"><\/div>\n\t\t\t\t<div class=\"blockG\" id=\"rotateG_05\"><\/div>\n\t\t\t\t<div class=\"blockG\" id=\"rotateG_06\"><\/div>\n\t\t\t\t<div class=\"blockG\" id=\"rotateG_07\"><\/div>\n\t\t\t\t<div class=\"blockG\" id=\"rotateG_08\"><\/div>\n\t\t\t<\/div>\n\t\t\t<div class=\"WooZone-cross-sell-loader-text\"><\/div>\n\t\t<\/div>\n\t<\/div>\n\n\t\t\n<\/div>\n<div style=\"clear:both;\"><\/div>\n","protected":false},"excerpt":{"rendered":"proCani selectionKochwurst f\u00fcr Zuhause - Die perfekte Frischfleisch-Alternative.\nOhne Lockstoffe, ohne Farbstoffe, ohne Zucker\nIn einem speziellen Schonverfahren bleiben wichtige Vitamine und N\u00e4hrstoffe erhalten","protected":false},"featured_media":5345,"comment_status":"open","ping_status":"closed","template":"","meta":[],"product_cat":[64,82],"product_tag":[],"_links":{"self":[{"href":"https:\/\/food-shop.org\/index.php?rest_route=\/wp\/v2\/product\/5344"}],"collection":[{"href":"https:\/\/food-shop.org\/index.php?rest_route=\/wp\/v2\/product"}],"about":[{"href":"https:\/\/food-shop.org\/index.php?rest_route=\/wp\/v2\/types\/product"}],"replies":[{"embeddable":true,"href":"https:\/\/food-shop.org\/index.php?rest_route=%2Fwp%2Fv2%2Fcomments&post=5344"}],"wp:featuredmedia":[{"embeddable":true,"href":"https:\/\/food-shop.org\/index.php?rest_route=\/wp\/v2\/media\/5345"}],"wp:attachment":[{"href":"https:\/\/food-shop.org\/index.php?rest_route=%2Fwp%2Fv2%2Fmedia&parent=5344"}],"wp:term":[{"taxonomy":"product_cat","embeddable":true,"href":"https:\/\/food-shop.org\/index.php?rest_route=%2Fwp%2Fv2%2Fproduct_cat&post=5344"},{"taxonomy":"product_tag","embeddable":true,"href":"https:\/\/food-shop.org\/index.php?rest_route=%2Fwp%2Fv2%2Fproduct_tag&post=5344"}],"curies":[{"name":"wp","href":"https:\/\/api.w.org\/{rel}","templated":true}]}}