{"id":5267,"date":"2020-08-31T10:40:19","date_gmt":"2020-08-31T10:40:19","guid":{"rendered":"https:\/\/food-shop.org\/?product=schaufler-gmbh-vesperbrettle-rustikal-im-jutesaeckchen-praesent-geschenkkorb-8-teilig"},"modified":"2023-04-06T16:25:29","modified_gmt":"2023-04-06T16:25:29","slug":"schaufler-gmbh-vesperbrettle-rustikal-im-jutesaeckchen-praesent-geschenkkorb-8-teilig","status":"publish","type":"product","link":"https:\/\/food-shop.org\/?product=schaufler-gmbh-vesperbrettle-rustikal-im-jutesaeckchen-praesent-geschenkkorb-8-teilig","title":{"rendered":"Schaufler GmbH Vesperbrettle Rustikal im Jutes\u00e4ckchen &#8211; Pr\u00e4sent &#8211; Geschenkkorb &#8211; 8-teilig"},"content":{"rendered":"<p><!-- show up to 2 reviews by default --> <\/p>\n<h3>Produktbeschreibungen<\/h3>\n<p>Vesperbrettle : Pr\u00e4sent Geschenk <br \/> Sch\u00f6nes Brettchen mit Schwarzwald Pr\u00e4gung und hochwertigem Edelstahl Messer. <br \/> Dazu feinste Spezialit\u00e4ten: <br \/> &#8211; 100g Schwarzw\u00e4lder Schinken Vesperscheibe<br \/> &#8211; 100g Schwarzw\u00e4lder Bauchspeck Vesperscheibe <br \/> &#8211; 1 Paar Landj\u00e4ger <br \/> &#8211; 1 Paar Bauernwurst Rohesser <br \/> &#8211; 1 Dose Lyoner 200g <br \/> &#8211; 1 Glas Riesling Senf <br \/> Allergene: Enth\u00e4lt <b>Senf<\/b><\/p>\n<p> * Alles in Vacuum verpackt <br \/> * gek\u00fchlt lagern bei 5 Grad Celsius<br \/> * min. 30 Tage unge\u00f6ffnet haltbar nach Versand<\/p>\n<p> Verschenken Sie Geschenkk\u00f6rbe aus dem Schwarzwald. Die kommen immer gut an!<\/p>\n<h3>Inhaltsstoffe \/ Zutaten<\/h3>\n<p>BAUCHSPECK: Schweinebauch, Gew\u00fcrze, Dextrose, Saccharose, Nitritp\u00f6kelsalz (mit Konservierungsstoff:E250), Antioxidationsmittel:E301, Tannenrauch<br \/> SCHWARZW.SCHINKEN: Schweinefleisch, Nitritp\u00f6kelsalz (mit Konservierungsstoff:E250) Dextrose, Gew\u00fcrze, Antioxidationsmittel:E301, Tannenrauch<br \/> BAUERNWURST: 80%Schweinefleisch, 20%Speck, Nitritp\u00f6kelsalz((jodiertes)Kochsalz, Konservierungsstoff:Natriumnitrit), Chili, Gew\u00fcrze, Kr\u00e4uter, Dextrose, <b>Senf<\/b>mehl, Rauch<br \/> LANDJ\u00c4GER:Schweinefleisch(87%), Nitritp\u00f6kelsalz (mit Konservierungsstoff:E250), <b>Senf<\/b>mehl Gew\u00fcrze, Kr\u00e4uter, Gew\u00fcrzextrakte, Antioxidationsmittel:E300, S\u00e4uerungsmittel:E330,E575 Geschmacksverst\u00e4rker:E621, Farbstoff:E120, essbare H\u00fclle, Tannenrauch<br \/> SALAMI:Schweinefleisch, Speck, Nitritp\u00f6kelsalz (mit Konservierungsstoff:E250), Kirschwasser, <b>Senf<\/b>mehl, Dextrose, Gew\u00fcrze, Gew\u00fcrzextrakt, Kr\u00e4uter, Antioxidationsmittel:E301, Geschmacksverst\u00e4rker:E621, Tannenrauch 100g Salami werden aus ca.110g Fleisch hergestellt.<br \/> LYONER-DOSE: 69 % Schweinefleisch, Trinkwasser, Speck, Speisesalz, Gew\u00fcrze, Saccharose, Dextrose, W\u00fcrze, Stabilisator: E450; Antioxidationsmittel: E300; Konservierungsstoff: E250, nat\u00fcrliches Aroma. Produkte k\u00f6nnen Spuren von <b>SENF, SELLERIE und LAKTOSE<\/b> enthalten. <\/p>\n<p>Vesperbrettle mit Messer | mit feinen Schwarzw\u00e4lder Spezialit\u00e4ten<br \/>\n100g Schinken Vesperscheibe | 100g Bauchspeck Vesperscheibe<br \/>\n1 Paar Landj\u00e4ger | 1 Paar Bauernwurst Rohesser | 1 Dose Lyoner 200g<br \/>\n1 Glas Riesling Senf 100g<br \/>\n<div class=\"main-cross-sell\" data-asin=\"B01HLH2WVO\">\n\n\t<div class=\"WooZone-cross-sell-loader\">\n\t\t<div>\n\t\t\t<div id=\"floatingBarsG\">\n\t\t\t\t<div class=\"blockG\" id=\"rotateG_01\"><\/div>\n\t\t\t\t<div class=\"blockG\" id=\"rotateG_02\"><\/div>\n\t\t\t\t<div class=\"blockG\" id=\"rotateG_03\"><\/div>\n\t\t\t\t<div class=\"blockG\" id=\"rotateG_04\"><\/div>\n\t\t\t\t<div class=\"blockG\" id=\"rotateG_05\"><\/div>\n\t\t\t\t<div class=\"blockG\" id=\"rotateG_06\"><\/div>\n\t\t\t\t<div class=\"blockG\" id=\"rotateG_07\"><\/div>\n\t\t\t\t<div class=\"blockG\" id=\"rotateG_08\"><\/div>\n\t\t\t<\/div>\n\t\t\t<div class=\"WooZone-cross-sell-loader-text\"><\/div>\n\t\t<\/div>\n\t<\/div>\n\n\t\t\n<\/div>\n<div style=\"clear:both;\"><\/div>\n","protected":false},"excerpt":{"rendered":"Vesperbrettle mit Messer | mit feinen Schwarzw\u00e4lder Spezialit\u00e4ten\n100g Schinken Vesperscheibe | 100g Bauchspeck Vesperscheibe\n1 Paar Landj\u00e4ger | 1 Paar Bauernwurst Rohesser | 1 Dose Lyoner 200g","protected":false},"featured_media":5268,"comment_status":"open","ping_status":"closed","template":"","meta":[],"product_cat":[64,82],"product_tag":[],"_links":{"self":[{"href":"https:\/\/food-shop.org\/index.php?rest_route=\/wp\/v2\/product\/5267"}],"collection":[{"href":"https:\/\/food-shop.org\/index.php?rest_route=\/wp\/v2\/product"}],"about":[{"href":"https:\/\/food-shop.org\/index.php?rest_route=\/wp\/v2\/types\/product"}],"replies":[{"embeddable":true,"href":"https:\/\/food-shop.org\/index.php?rest_route=%2Fwp%2Fv2%2Fcomments&post=5267"}],"wp:featuredmedia":[{"embeddable":true,"href":"https:\/\/food-shop.org\/index.php?rest_route=\/wp\/v2\/media\/5268"}],"wp:attachment":[{"href":"https:\/\/food-shop.org\/index.php?rest_route=%2Fwp%2Fv2%2Fmedia&parent=5267"}],"wp:term":[{"taxonomy":"product_cat","embeddable":true,"href":"https:\/\/food-shop.org\/index.php?rest_route=%2Fwp%2Fv2%2Fproduct_cat&post=5267"},{"taxonomy":"product_tag","embeddable":true,"href":"https:\/\/food-shop.org\/index.php?rest_route=%2Fwp%2Fv2%2Fproduct_tag&post=5267"}],"curies":[{"name":"wp","href":"https:\/\/api.w.org\/{rel}","templated":true}]}}